{"id":5342,"date":"2019-05-24T14:10:57","date_gmt":"2019-05-24T14:10:57","guid":{"rendered":"https:\/\/biblian.is\/fraedsla\/?page_id=5342"},"modified":"2026-04-17T13:01:11","modified_gmt":"2026-04-17T13:01:11","slug":"johannesargudspjall-14-kafli","status":"publish","type":"page","link":"https:\/\/biblian.is\/fraedsla\/ritskyring\/johannesargudspjall-14-kafli\/","title":{"rendered":"J\u00f3hannesargu\u00f0spjall 14. kafli"},"content":{"rendered":"<p><strong>14.2<\/strong> \u00cd h\u00fasi f\u00f6\u00f0ur m\u00edns eru margar vistarverur: H\u00e9r r\u00e6\u00f0ir Jes\u00fas um himnar\u00edki.<\/p>\n<p><strong>14.5<\/strong> T\u00f3mas: Sj\u00e1 athugagrein vi\u00f0 11.16.<\/p>\n<p><strong>14.6<\/strong> Enginn kemur til f\u00f6\u00f0urins nema fyrir mig: H\u00e9r segir Jes\u00fas a\u00f0 hann s\u00e9 &#8222;vegurinn&#8220; a\u00f0 &#8222;sannleikanum&#8220; \u00fear sem &#8222;l\u00edfi\u00f0&#8220; \u00ed Gu\u00f0i er a\u00f0 finna.<\/p>\n<p><strong>14.8<\/strong> Filippus: Sj\u00e1 athugagrein vi\u00f0 1.45 (Filippus).<\/p>\n<p><strong>14.9<\/strong> f\u00f6\u00f0urinn: Sj\u00e1 athugagrein vi\u00f0 5.17. Jes\u00fas segir, a\u00f0 Filippus og hinir l\u00e6risveinarnir muni geta feta\u00f0 \u00ed f\u00f3tspor s\u00edn, pr\u00e9dika\u00f0 fagna\u00f0arerindi\u00f0 og unni\u00f0 kraftaverk (14.12). Gj\u00f6f heilags anda mun gera \u00feeim \u00feetta kleift (14.16).<\/p>\n<p><strong>14.16<\/strong> hj\u00e1lpara: Gr\u00edska or\u00f0i\u00f0 getur \u00fe\u00fdtt &#8222;huggari&#8220; e\u00f0a &#8222;verjandi.&#8220; Sj\u00e1 athugagrein vi\u00f0 1.32 og \u201e<a href=\"https:\/\/biblian.is\/fraedsla\/ordtakasafn\/heilagur-andi\/\">Heilagur andi<\/a>\u201c.<\/p>\n<p><strong>14.17<\/strong> Heimurinn: Sj\u00e1 athugagrein vi\u00f0 12.31.<\/p>\n<p><strong>14.22<\/strong> J\u00fadas \u2013 ekki \u00cdskar\u00edot: \u00deessi J\u00fadas kann a\u00f0 vera J\u00fadas Jakobsson, sem nefndur er \u00ed L\u00fak 6.16 og Post 1.13. Sj\u00e1 athugagreinar vi\u00f0 6.70,71 og 12.4 (J\u00fadas \u00cdskar\u00edot).<\/p>\n<p><strong>14.26<\/strong> hj\u00e1lparinn&#8230;sem fa\u00f0irinn mun senda: Sj\u00e1 athugagrein vi\u00f0 1.32 (heilagur andi).<\/p>\n<p><strong>14.27<\/strong> Fri\u00f0: S\u00e1 fri\u00f0ur sem Jes\u00fas gefur felst ekki einasta \u00ed \u00fev\u00ed a\u00f0 menn s\u00e9u s\u00e1ttir og lausir vi\u00f0 \u00fer\u00e6tur. Hann er alger velfarna\u00f0ur l\u00edkama og s\u00e1lar.<\/p>\n<p><strong>14.28<\/strong> \u00e9g fer til f\u00f6\u00f0urins: Jes\u00fas st\u00edgur upp til himna og sest vi\u00f0 h\u00e6gri h\u00f6nd Gu\u00f0s f\u00f6\u00f0ur alm\u00e1ttugs og r\u00edkir me\u00f0 honum (L\u00fak 24.50,51).<\/p>\n<p><strong>14.30<\/strong> h\u00f6f\u00f0ingi heimsins: Sj\u00e1 athugagrein vi\u00f0 12.31.<\/p>\n","protected":false},"excerpt":{"rendered":"<p>14.2 \u00cd h\u00fasi f\u00f6\u00f0ur m\u00edns eru margar vistarverur: H\u00e9r r\u00e6\u00f0ir <a href=\"https:\/\/biblian.is\/fraedsla\/ritskyring\/johannesargudspjall-14-kafli\/\"> [&#8230;]<\/a><\/p>\n","protected":false},"author":1,"featured_media":0,"parent":4829,"menu_order":0,"comment_status":"closed","ping_status":"closed","template":"","meta":{"footnotes":""},"class_list":["post-5342","page","type-page","status-publish","hentry"],"_links":{"self":[{"href":"https:\/\/biblian.is\/fraedsla\/wp-json\/wp\/v2\/pages\/5342","targetHints":{"allow":["GET"]}}],"collection":[{"href":"https:\/\/biblian.is\/fraedsla\/wp-json\/wp\/v2\/pages"}],"about":[{"href":"https:\/\/biblian.is\/fraedsla\/wp-json\/wp\/v2\/types\/page"}],"author":[{"embeddable":true,"href":"https:\/\/biblian.is\/fraedsla\/wp-json\/wp\/v2\/users\/1"}],"replies":[{"embeddable":true,"href":"https:\/\/biblian.is\/fraedsla\/wp-json\/wp\/v2\/comments?post=5342"}],"version-history":[{"count":0,"href":"https:\/\/biblian.is\/fraedsla\/wp-json\/wp\/v2\/pages\/5342\/revisions"}],"up":[{"embeddable":true,"href":"https:\/\/biblian.is\/fraedsla\/wp-json\/wp\/v2\/pages\/4829"}],"wp:attachment":[{"href":"https:\/\/biblian.is\/fraedsla\/wp-json\/wp\/v2\/media?parent=5342"}],"curies":[{"name":"wp","href":"https:\/\/api.w.org\/{rel}","templated":true}]}}

Jóhannesarguðspjall 14. kafli

<p><strong>14.2</strong> Í húsi föður míns eru margar vistarverur: Hér ræðir Jesús um himnaríki.</p>
<p><strong>14.5</strong> Tómas: Sjá athugagrein við 11.16.</p>
<p><strong>14.6</strong> Enginn kemur til föðurins nema fyrir mig: Hér segir Jesús að hann sé &#8222;vegurinn&#8220; að &#8222;sannleikanum&#8220; þar sem &#8222;lífið&#8220; í Guði er að finna.</p>
<p><strong>14.8</strong> Filippus: Sjá athugagrein við 1.45 (Filippus).</p>
<p><strong>14.9</strong> föðurinn: Sjá athugagrein við 5.17. Jesús segir, að Filippus og hinir lærisveinarnir muni geta fetað í fótspor sín, prédikað fagnaðarerindið og unnið kraftaverk (14.12). Gjöf heilags anda mun gera þeim þetta kleift (14.16).</p>
<p><strong>14.16</strong> hjálpara: Gríska orðið getur þýtt &#8222;huggari&#8220; eða &#8222;verjandi.&#8220; Sjá athugagrein við 1.32 og „<a href="https://biblian.is/fraedsla/ordtakasafn/heilagur-andi/">Heilagur andi</a>“.</p>
<p><strong>14.17</strong> Heimurinn: Sjá athugagrein við 12.31.</p>
<p><strong>14.22</strong> Júdas – ekki Ískaríot: Þessi Júdas kann að vera Júdas Jakobsson, sem nefndur er í Lúk 6.16 og Post 1.13. Sjá athugagreinar við 6.70,71 og 12.4 (Júdas Ískaríot).</p>
<p><strong>14.26</strong> hjálparinn&#8230;sem faðirinn mun senda: Sjá athugagrein við 1.32 (heilagur andi).</p>
<p><strong>14.27</strong> Frið: Sá friður sem Jesús gefur felst ekki einasta í því að menn séu sáttir og lausir við þrætur. Hann er alger velfarnaður líkama og sálar.</p>
<p><strong>14.28</strong> ég fer til föðurins: Jesús stígur upp til himna og sest við hægri hönd Guðs föður almáttugs og ríkir með honum (Lúk 24.50,51).</p>
<p><strong>14.30</strong> höfðingi heimsins: Sjá athugagrein við 12.31.</p>

<p>14.2 Í húsi föður míns eru margar vistarverur: Hér ræðir <a href="https://biblian.is/fraedsla/ritskyring/johannesargudspjall-14-kafli/"> [&#8230;]</a></p>
