{"id":5323,"date":"2019-04-26T19:15:33","date_gmt":"2019-04-26T19:15:33","guid":{"rendered":"https:\/\/biblian.is\/fraedsla\/?page_id=5323"},"modified":"2022-12-16T13:59:03","modified_gmt":"2022-12-16T13:59:03","slug":"johannesargudspjall-9-kafli","status":"publish","type":"page","link":"https:\/\/biblian.is\/fraedsla\/ritskyring\/johannesargudspjall-9-kafli\/","title":{"rendered":"J\u00f3hannesargu\u00f0spjall 9. kafli"},"content":{"rendered":"<p><strong>9.2<\/strong> <em>hvort hefur \u00feessi ma\u00f0ur syndga\u00f0 e\u00f0a foreldrar hans<\/em>: \u00c1 d\u00f6gum Jes\u00fa tr\u00fa\u00f0u \u00fdmsir \u00fev\u00ed a\u00f0 Gu\u00f0 v\u00e6ri a\u00f0 hegna sj\u00f3nlausum fyrir \u00fea\u00f0 a\u00f0 hafa syndga\u00f0, e\u00f0a \u00fe\u00e1 fyrir \u00fea\u00f0 a\u00f0 foreldrar hans hef\u00f0u syndga\u00f0 (2M\u00f3s 20.5).<\/p>\n<p><strong>9.4<\/strong> <em>\u00dea\u00f0 kemur n\u00f3tt<\/em>: N\u00f3ttin er stund myrkursins, en getur l\u00edka t\u00e1kna\u00f0 skilningsleysi. Jes\u00fas g\u00e6ti l\u00edka \u00e1tt vi\u00f0 efsta d\u00f3m.<\/p>\n<p><strong>9.7<\/strong><em> lauginni S\u00edl\u00f3am<\/em>: Tj\u00f6rn (uppspretta) \u00ed su\u00f0austurhorni Jer\u00fasalemsborgar, stundum nefnd vatnslei\u00f0slulaug. Hisk\u00eda konungur (715-687 f. Kr.) l\u00e9t gera g\u00f6ng og leiddi vatni\u00f0 \u00ed \u00feeim fr\u00e1 G\u00edhonlind utan borgarm\u00farsins. Sj\u00e1 kort \u00e1 bls. 2376. Gy\u00f0ingar, lesnir \u00ed helgum ritningum s\u00ednum, kunna a\u00f0 hafa minnst \u00feess er gu\u00f0sma\u00f0urinn El\u00edsa sag\u00f0i Naaman, hersh\u00f6f\u00f0ingja S\u00fdrlandskonungs, sem var l\u00edk\u00fer\u00e1r, a\u00f0 fara og lauga sig \u00ed \u00e1nni J\u00f3rdan (2Kon 5.1-14). Naaman hlaut l\u00e6kningu, \u00e1 sama h\u00e1tt og blindi ma\u00f0urinn.<\/p>\n<p><strong>9.14<\/strong> <em>hv\u00edldardagur<\/em>: Sj\u00e1 athugagrein vi\u00f0 5.9. \u00deegar Jes\u00fas gaf blinda manninum sj\u00f3nina var hann saka\u00f0ur um a\u00f0 hafa broti\u00f0 hv\u00edldardagshelgina (9.16).<\/p>\n<p><strong>9.15<\/strong> <em>Far\u00edsearnir<\/em>: Sj\u00e1 athugagrein vi\u00f0 1.24.<\/p>\n<p><strong>9.17<\/strong> <em>Hann er sp\u00e1ma\u00f0ur<\/em>: Sj\u00e1 athugagrein vi\u00f0 4.19. Sp\u00e1menn \u00e1 bor\u00f0 vi\u00f0 El\u00eda og El\u00edsa h\u00f6f\u00f0u gert kraftaverk. \u00deeir sem hl\u00fdddu \u00e1 Jes\u00fa og s\u00e1u hann vinna kraftaverk munu hafa minnst \u00feess sem helgirit Gy\u00f0inga h\u00f6f\u00f0u um sp\u00e1mennina a\u00f0 segja.<\/p>\n<p><strong>9.18<\/strong> <em>Far\u00edsearnir<\/em>: Sj\u00e1 athugagrein vi\u00f0 1.19-20 (r\u00e1\u00f0amenn).<\/p>\n<p><strong>9.22-23<\/strong> <em>s\u00e1 skyldi samkundur\u00e6kur<\/em>: Fyrirmenn Gy\u00f0inga h\u00f6f\u00f0u \u00e1kve\u00f0i\u00f0 a\u00f0 hafa hvern \u00feann \u00fat undan sem fylgdi Jes\u00fa a\u00f0 m\u00e1lum (9.34). Sj\u00e1 og <a href=\"https:\/\/biblian.is\/fraedsla\/ritskyring\/johannesargudspjall-inngangur\/\">innganginn a\u00f0 J\u00f3hannesargu\u00f0spjalli<\/a>.<\/p>\n<p><strong>9.22-23<\/strong> <em>Kristur<\/em>: Sj\u00e1 athugagrein vi\u00f0 1.19-20.<\/p>\n<p><strong>9.24<\/strong><em> \u00feessi ma\u00f0ur er syndari<\/em>: R\u00e1\u00f0amennirnir \u00e1litu Jes\u00fa syndara fyrir \u00fea\u00f0 a\u00f0 hl\u00fd\u00f0a ekki l\u00f6gm\u00e1li M\u00f3se.<\/p>\n<p><strong>9.28<\/strong><em> l\u00e6risveinar M\u00f3se<\/em>: \u00deeir sem hl\u00fdddu M\u00f3sel\u00f6gum.<\/p>\n<p><strong>9.34<\/strong> <em>syndum vafinn fr\u00e1 f\u00e6\u00f0ingu<\/em>: Sj\u00e1 athugagrein vi\u00f0 9.2.<\/p>\n<p><strong>9.34<\/strong> <em>\u00feeir r\u00e1ku hann \u00fat<\/em>: Sj\u00e1 athugagrein vi\u00f0 9.22,23. Sj\u00e1 og athugagrein vi\u00f0 6.59 (samkundunni).<\/p>\n<p><strong>9.35<\/strong> <em>Mannssoninn<\/em>: Sj\u00e1 athugagrein vi\u00f0 1.51.<\/p>\n<p><strong>9.41<\/strong> <em>Ef \u00fei\u00f0 v\u00e6ru\u00f0 blindir<\/em>: Jes\u00fas segir, a\u00f0 \u00feeir sem eru blindir \u00ed andanum en samt opnir fyrir sannleikanum, s\u00e9u \u00e1n sektar. En hinir, sem segjast sannleikans megin (\u00fe.e. hl\u00fd\u00f0a M\u00f3sel\u00f6gum) en treysta ekki Jes\u00fa, s\u00e9u sekir.<\/p>\n","protected":false},"excerpt":{"rendered":"<p>9.2 hvort hefur \u00feessi ma\u00f0ur syndga\u00f0 e\u00f0a foreldrar hans: \u00c1 <a href=\"https:\/\/biblian.is\/fraedsla\/ritskyring\/johannesargudspjall-9-kafli\/\"> [&#8230;]<\/a><\/p>\n","protected":false},"author":1,"featured_media":0,"parent":4829,"menu_order":0,"comment_status":"closed","ping_status":"closed","template":"","meta":{"footnotes":""},"class_list":["post-5323","page","type-page","status-publish","hentry"],"_links":{"self":[{"href":"https:\/\/biblian.is\/fraedsla\/wp-json\/wp\/v2\/pages\/5323","targetHints":{"allow":["GET"]}}],"collection":[{"href":"https:\/\/biblian.is\/fraedsla\/wp-json\/wp\/v2\/pages"}],"about":[{"href":"https:\/\/biblian.is\/fraedsla\/wp-json\/wp\/v2\/types\/page"}],"author":[{"embeddable":true,"href":"https:\/\/biblian.is\/fraedsla\/wp-json\/wp\/v2\/users\/1"}],"replies":[{"embeddable":true,"href":"https:\/\/biblian.is\/fraedsla\/wp-json\/wp\/v2\/comments?post=5323"}],"version-history":[{"count":0,"href":"https:\/\/biblian.is\/fraedsla\/wp-json\/wp\/v2\/pages\/5323\/revisions"}],"up":[{"embeddable":true,"href":"https:\/\/biblian.is\/fraedsla\/wp-json\/wp\/v2\/pages\/4829"}],"wp:attachment":[{"href":"https:\/\/biblian.is\/fraedsla\/wp-json\/wp\/v2\/media?parent=5323"}],"curies":[{"name":"wp","href":"https:\/\/api.w.org\/{rel}","templated":true}]}}