{"id":5300,"date":"2019-04-26T14:31:25","date_gmt":"2019-04-26T14:31:25","guid":{"rendered":"https:\/\/biblian.is\/fraedsla\/?page_id=5300"},"modified":"2026-04-17T13:01:13","modified_gmt":"2026-04-17T13:01:13","slug":"lukasargudspjall-21-kafli","status":"publish","type":"page","link":"https:\/\/biblian.is\/fraedsla\/ritskyring\/lukasargudspjall-21-kafli\/","title":{"rendered":"L\u00fakasargu\u00f0spjall 21. kafli"},"content":{"rendered":"<p><strong>21.1<\/strong> <em>fj\u00e1rhirsluna<\/em>: \u00cd forgar\u00f0i kvennanna \u00ed musterinu voru samskotabaukar \u00ed laginu eins og trekt.<\/p>\n<p><strong>21.2<\/strong> <em>tvo sm\u00e1peninga<\/em>: \u00c1 gr\u00edsku &#8222;lepton&#8220; sem var minnsta mynt Grikkja og gilti a\u00f0eins helming af sm\u00e6stu mynt R\u00f3mverja.<\/p>\n<p><strong>21.6<\/strong> <em>\u00deeir dagar koma<\/em>: Sj\u00e1 athugagrein vi\u00f0 19.43.<\/p>\n<p><strong>21.12<\/strong> <em>samkundur<\/em>: Sj\u00e1 athugagrein vi\u00f0 4.15 \u00deessi or\u00f0 Jes\u00fa r\u00e6ttust. Postulasagan greinir fr\u00e1 \u00fev\u00ed a\u00f0 sumir l\u00e6risveinar Jes\u00fa voru yfirheyr\u00f0ir \u00ed samkunduh\u00fasunum og musterinu (Post 4.1-22; 5.17-42; 6.8-8.2; 17.1-9; 21.27-26.32).<\/p>\n<p><strong>21.18<\/strong> <em>Veri\u00f0 \u00ferautseigir<\/em>: \u00c1 gr\u00edskunni: &#8222;Ekki eitt h\u00e1r \u00e1 h\u00f6f\u00f0i y\u00f0ar mun skert ver\u00f0a,&#8220; sem \u00fe\u00fd\u00f0ir, &#8222;\u00fea\u00f0 er engin \u00e1st\u00e6\u00f0a til \u00feess a\u00f0 hafa \u00e1hyggjur.&#8220;<\/p>\n<p><strong>21.20<\/strong> <em>umkringja Jer\u00fasalem<\/em>: Sj\u00e1 athugagrein vi\u00f0 19.43.<\/p>\n<p><strong>21.21<\/strong> <em>J\u00fadeu<\/em>: Fj\u00f6ll\u00f3tt er v\u00ed\u00f0a \u00ed J\u00fadeu, einkum fyrir nor\u00f0an og su\u00f0austan Jer\u00fasalem. Sj\u00e1 athugagrein vi\u00f0 1.39.<\/p>\n<p><strong>21.26<\/strong> <em>kraftar himnanna munu ri\u00f0last<\/em>: Til forna t\u00f6ldu \u00fdmsir stj\u00f6rnur himinsins vera go\u00f0m\u00f6gn. A\u00f0rir litu svo \u00e1, a\u00f0 \u00fe\u00e6r samsv\u00f6ru\u00f0u \u00fej\u00f3\u00f0um heims. Merking \u00feessa vers g\u00e6ti \u00fev\u00ed veri\u00f0 s\u00fa, a\u00f0 Gu\u00f0 muni tv\u00edstra valdh\u00f6fum jar\u00f0arinnar (\u00fej\u00f3\u00f0unum) e\u00f0a annarlegum \u00f6flum \u00ed andst\u00f6\u00f0u vi\u00f0 hann.<\/p>\n<p><strong>21.29<\/strong> <em>f\u00edkjutr\u00e9nu<\/em>: Sj\u00e1 athugagrein vi\u00f0 6.44.<\/p>\n<p><strong>21.36<\/strong> <em>Mannssyninum<\/em>: Sj\u00e1 athugagrein vi\u00f0 5.24.<\/p>\n<p><strong>21.37<\/strong> <em>helgid\u00f3minum&#8230;Ol\u00edufjallinu<\/em>: Sj\u00e1 19.47 og athugagreinar vi\u00f0 19.28,29 og 19.37.<\/p>\n","protected":false},"excerpt":{"rendered":"<p>21.1 fj\u00e1rhirsluna: \u00cd forgar\u00f0i kvennanna \u00ed musterinu voru samskotabaukar \u00ed <a href=\"https:\/\/biblian.is\/fraedsla\/ritskyring\/lukasargudspjall-21-kafli\/\"> [&#8230;]<\/a><\/p>\n","protected":false},"author":1,"featured_media":0,"parent":4829,"menu_order":0,"comment_status":"closed","ping_status":"closed","template":"","meta":{"footnotes":""},"class_list":["post-5300","page","type-page","status-publish","hentry"],"_links":{"self":[{"href":"https:\/\/biblian.is\/fraedsla\/wp-json\/wp\/v2\/pages\/5300","targetHints":{"allow":["GET"]}}],"collection":[{"href":"https:\/\/biblian.is\/fraedsla\/wp-json\/wp\/v2\/pages"}],"about":[{"href":"https:\/\/biblian.is\/fraedsla\/wp-json\/wp\/v2\/types\/page"}],"author":[{"embeddable":true,"href":"https:\/\/biblian.is\/fraedsla\/wp-json\/wp\/v2\/users\/1"}],"replies":[{"embeddable":true,"href":"https:\/\/biblian.is\/fraedsla\/wp-json\/wp\/v2\/comments?post=5300"}],"version-history":[{"count":0,"href":"https:\/\/biblian.is\/fraedsla\/wp-json\/wp\/v2\/pages\/5300\/revisions"}],"up":[{"embeddable":true,"href":"https:\/\/biblian.is\/fraedsla\/wp-json\/wp\/v2\/pages\/4829"}],"wp:attachment":[{"href":"https:\/\/biblian.is\/fraedsla\/wp-json\/wp\/v2\/media?parent=5300"}],"curies":[{"name":"wp","href":"https:\/\/api.w.org\/{rel}","templated":true}]}}