{"id":5296,"date":"2019-04-26T14:25:21","date_gmt":"2019-04-26T14:25:21","guid":{"rendered":"https:\/\/biblian.is\/fraedsla\/?page_id=5296"},"modified":"2026-04-17T13:01:13","modified_gmt":"2026-04-17T13:01:13","slug":"lukasargudspjall-19-kafli","status":"publish","type":"page","link":"https:\/\/biblian.is\/fraedsla\/ritskyring\/lukasargudspjall-19-kafli\/","title":{"rendered":"L\u00fakasargu\u00f0spjall 19. kafli"},"content":{"rendered":"<p><strong>19.1<\/strong> <em>Jer\u00edk\u00f3<\/em>: Sj\u00e1 athugagrein vi\u00f0 18.35.<\/p>\n<p><strong>19.2<\/strong> <em>Sakkeus&#8230;yfirtollheimtuma\u00f0ur:<\/em> \u00cd N\u00fdja testamenti er ekki minnst \u00e1 Sakkeus nema h\u00e9r. Sj\u00e1 athugagrein vi\u00f0 3.12 (tollheimtumenn).<\/p>\n<p><strong>19.3-4<\/strong> <em>m\u00f3rberjatr\u00e9<\/em>: M\u00f3rberjatr\u00e9 eru upprunnin \u00ed Pers\u00edu, skyld f\u00edkjutrj\u00e1m. \u00deau ver\u00f0a allt a\u00f0 6 metra h\u00e1 og brei\u00f0ir limi\u00f0 mj\u00f6g \u00far s\u00e9r efst. \u00deegar berin \u00feroskast ver\u00f0a \u00feau sv\u00f6rt \u00e1 litinn og \u00ed \u00feeim er s\u00e6tur, rau\u00f0ur safi.<\/p>\n<p><strong>19.7<\/strong> <em>bersyndugum<\/em>: Sj\u00e1 athugagrein vi\u00f0 13.2.<\/p>\n<p><strong>19.8<\/strong> <em>gef \u00e9g honum ferfalt aftur<\/em>: \u00cd l\u00f6gum b\u00e6\u00f0i Gy\u00f0inga og R\u00f3mverja var kve\u00f0i\u00f0 svo \u00e1, a\u00f0 endurgrei\u00f0a b\u00e6ri \u00fea\u00f0 sem haft hef\u00f0i veri\u00f0 af manni me\u00f0 svikum e\u00f0a \u00fej\u00f3fna\u00f0i, og skyldi gjalda sekt a\u00f0 auki. Ferfalt var \u00fea\u00f0 mesta sem l\u00f6gm\u00e1l Gy\u00f0inga kraf\u00f0ist af \u00fej\u00f3fi (2M\u00f3s 22.1; 2Sam 12.6).<\/p>\n<p><strong>19.9<\/strong> <em>hj\u00e1lpr\u00e6\u00f0i<\/em>: \u00deegar Sakkeus haf\u00f0i gengist vi\u00f0 syndum s\u00ednum, i\u00f0rast og heiti\u00f0 b\u00f3t og betrun, hlaut hann fyrirgefningu. Sj\u00e1 <a href=\"https:\/\/biblian.is\/fraedsla\/ordtakasafn\/hjalpraedi\/\">&#8222;K\u00e6rleikur Gu\u00f0s frelsar (Hj\u00e1lpr\u00e6\u00f0i)&#8220;.<\/a><\/p>\n<p><strong>19.9<\/strong> <em>ni\u00f0ji Abrahams:<\/em> Gy\u00f0ingar voru kalla\u00f0ir synir Abrahams og d\u00e6tur. Jes\u00fas l\u00fdsir \u00fev\u00ed yfir, a\u00f0 Sakkeus heyri til Gu\u00f0s \u00fatvalda l\u00fd\u00f0.<\/p>\n<p><strong>19.10<\/strong> <em>Mannssonurinn<\/em>: Sj\u00e1 athugagrein vi\u00f0 5.24. Sj\u00e1 og Matt 18.10,11.<\/p>\n<p><strong>19.11<\/strong> <em>Gu\u00f0s r\u00edki:<\/em> Sj\u00e1 athugagrein vi\u00f0 4.43. Sumir t\u00f6ldu a\u00f0 fr\u00e6kinn herkonungur \u00e1 bor\u00f0 vi\u00f0 Dav\u00ed\u00f0 mundi bera siguror\u00f0 af R\u00f3mverjum og heimta aftur l\u00f6nd \u00cdsraels og frelsi \u00fej\u00f3\u00f0arinnar. A\u00f0rir \u00e1litu a\u00f0 heimur allur breyttist \u00feegar Gu\u00f0s r\u00edki yr\u00f0i a\u00f0 veruleika.<\/p>\n<p><strong>19.23<\/strong> <em>v\u00f6xtum<\/em>: \u00de\u00e1 sem n\u00fa \u00e1v\u00f6xtu\u00f0u menn f\u00e9 sitt \u00ed b\u00f6nkum sem greiddu \u00feeim vexti. Bankarnir veittu og f\u00e9 a\u00f0 l\u00e1ni gegn v\u00f6xtum. Tekjur bankans voru mismunurinn \u00e1 innl\u00e1ns- og \u00fatl\u00e1nsv\u00f6xtum.<\/p>\n<h3>Jer\u00fasalem: S\u00ed\u00f0ustu dagar Jes\u00fa<\/h3>\n<p>Eftir langa fer\u00f0 kemur Jes\u00fas til Jer\u00fasalem. Hann veit, a\u00f0 samkv\u00e6mt fyrir\u00e6tlun Gu\u00f0s er honum \u00e6tla\u00f0 a\u00f0 m\u00e6ta \u00fear \u00f3vinum s\u00ednum. Hann kennir f\u00e1eina daga \u00ed musterinu og b\u00fdr l\u00e6risveina s\u00edna undir dau\u00f0a sinn og \u00fea\u00f0, sem \u00fear fylgir \u00e1 eftir. S\u00ed\u00f0an er hann tekinn h\u00f6ndum og dreginn fyrir d\u00f3m.<\/p>\n<h4>Jes\u00fas kennir \u00ed Jer\u00fasalem<\/h4>\n<p><strong>19.28,19<\/strong> <em>Jer\u00fasalem&#8230;Betfage og Betan\u00edu vi\u00f0 Ol\u00edufjalli\u00f0<\/em>: Sj\u00e1 athugagrein vi\u00f0 9.51 (Jer\u00fasalem). Betfage (nafni\u00f0 merkir &#8222;f\u00edkjuh\u00fas&#8220;) var l\u00edti\u00f0 \u00feorp \u00e1 lei\u00f0inni milli Jer\u00edk\u00f3 og Jer\u00fasalem. Betan\u00eda er \u00ed hl\u00ed\u00f0um Ol\u00edufjallsins. Samkv\u00e6mt L\u00fakasargu\u00f0spjalli 24.50 var \u00fea\u00f0 \u00ed n\u00e1nd vi\u00f0 Betan\u00edu sem Jes\u00fas steig upp til himins. Ol\u00edufjalli\u00f0 er um fj\u00f6gurra k\u00edl\u00f3metra langur fjallshryggur \u00ed austur fr\u00e1 Kedrondal og Jer\u00fasalem, um 90 til 150 metrum h\u00e6rri en musterissv\u00e6\u00f0i\u00f0 \u00ed Jer\u00fasalem.<\/p>\n<p><strong>19.36<\/strong> <em>breiddu menn kl\u00e6\u00f0i s\u00edn \u00e1 veginn<\/em>: Me\u00f0 \u00feessu m\u00f3ti me\u00f0al annars f\u00f6gnu\u00f0u menn tignum gestum og fr\u00e6g\u00f0armennum (2Kon 9.13).<\/p>\n<p><strong>19.37<\/strong> <em>fari\u00f0 er ofan af Ol\u00edufjallinu<\/em>: Sj\u00e1 athugagrein vi\u00f0 19.28,29. Hafi Jes\u00fas komi\u00f0 inn \u00ed borgina um musterishli\u00f0i\u00f0 (sj\u00e1 kort \u00e1 bls. 2376), \u00fe\u00e1 getur mannmerg\u00f0in hafa sta\u00f0i\u00f0 vi\u00f0 veginn \u00e1 meira en h\u00e1lfs annars k\u00edl\u00f3metra kafla. \u00deeir, sem st\u00f3\u00f0u \u00e1 musterissv\u00e6\u00f0inu, geta hafa s\u00e9\u00f0 Jes\u00fa koma r\u00ed\u00f0andi ofan af Ol\u00edufjallinu, yfir Kedrondalinn, og upp veginn a\u00f0 musterishli\u00f0inu.<\/p>\n<p><strong>19.43<\/strong> <em>\u00feeir dagar munu koma:<\/em> Forsp\u00e1 Jes\u00fa r\u00e6ttist \u00e1ri\u00f0 70 e. Kr. \u00de\u00e1 b\u00e6ldu R\u00f3mverjar ni\u00f0ur uppreisn Gy\u00f0inga \u00ed Jer\u00fasalem. Um lei\u00f0 rufu \u00feeir\u00a0borgarm\u00fara og l\u00f6g\u00f0u musteri\u00f0 \u00ed ey\u00f0i.<\/p>\n<p><strong>19.44<\/strong> <em>\u00feekktir ekki \u00feinn vitjunart\u00edma<\/em>: Gy\u00f0ingar horf\u00f0u vonaraugum fram til \u00feess dags \u00feegar Drottinn gengi \u00ed li\u00f0 me\u00f0 \u00feeim gegn \u00f3vinum \u00feeirra. En \u00feegar Jes\u00fas kom \u00ed heiminn b\u00e1ru f\u00e6stir kennsl \u00e1 hann sem &#8222;frelsara&#8220; sinn. <a href=\"https:\/\/biblian.is\/fraedsla\/ordtakasafn\/hjalpraedi\/\">Sj\u00e1 &#8222;K\u00e6rleikur Gu\u00f0s frelsar. (Hj\u00e1lpr\u00e6\u00f0i)&#8220;.<\/a><\/p>\n<p><strong>19.47<\/strong> <em>\u00e6\u00f0stu prestarnir og fr\u00e6\u00f0imennirnir, svo og fyrirmenn \u00fej\u00f3\u00f0arinnar<\/em>: Sj\u00e1 athugagrein vi\u00f0 9.22. \u00dea\u00f0 var \u00far h\u00e1um sessi a\u00f0 detta fyrir \u00feessa menn ef almenningur fagna\u00f0i Jes\u00fa og t\u00e6ki kenningar hans gildar. Jes\u00fas bau\u00f0 st\u00f6\u00f0u \u00feeirra og v\u00f6ldum birginn. \u00dea\u00f0 reitti \u00fe\u00e1 svo til rei\u00f0i a\u00f0 \u00feeir vildu hann feigan (19.47). <a href=\"http:\/\/mannl\u00edf\">Sj\u00e1 &#8222;Mannl\u00edf og landsh\u00e6ttir \u00e1 t\u00edmum Jes\u00fa: \u00dej\u00f3\u00f0ir, valdhafar og stj\u00f3rnm\u00e1l&#8220;.<\/a><\/p>\n","protected":false},"excerpt":{"rendered":"<p>19.1 Jer\u00edk\u00f3: Sj\u00e1 athugagrein vi\u00f0 18.35. 19.2 Sakkeus&#8230;yfirtollheimtuma\u00f0ur: \u00cd N\u00fdja <a href=\"https:\/\/biblian.is\/fraedsla\/ritskyring\/lukasargudspjall-19-kafli\/\"> [&#8230;]<\/a><\/p>\n","protected":false},"author":1,"featured_media":0,"parent":4829,"menu_order":0,"comment_status":"closed","ping_status":"closed","template":"","meta":{"footnotes":""},"class_list":["post-5296","page","type-page","status-publish","hentry"],"_links":{"self":[{"href":"https:\/\/biblian.is\/fraedsla\/wp-json\/wp\/v2\/pages\/5296","targetHints":{"allow":["GET"]}}],"collection":[{"href":"https:\/\/biblian.is\/fraedsla\/wp-json\/wp\/v2\/pages"}],"about":[{"href":"https:\/\/biblian.is\/fraedsla\/wp-json\/wp\/v2\/types\/page"}],"author":[{"embeddable":true,"href":"https:\/\/biblian.is\/fraedsla\/wp-json\/wp\/v2\/users\/1"}],"replies":[{"embeddable":true,"href":"https:\/\/biblian.is\/fraedsla\/wp-json\/wp\/v2\/comments?post=5296"}],"version-history":[{"count":0,"href":"https:\/\/biblian.is\/fraedsla\/wp-json\/wp\/v2\/pages\/5296\/revisions"}],"up":[{"embeddable":true,"href":"https:\/\/biblian.is\/fraedsla\/wp-json\/wp\/v2\/pages\/4829"}],"wp:attachment":[{"href":"https:\/\/biblian.is\/fraedsla\/wp-json\/wp\/v2\/media?parent=5296"}],"curies":[{"name":"wp","href":"https:\/\/api.w.org\/{rel}","templated":true}]}}