{"id":5294,"date":"2019-04-26T14:21:11","date_gmt":"2019-04-26T14:21:11","guid":{"rendered":"https:\/\/biblian.is\/fraedsla\/?page_id=5294"},"modified":"2026-04-17T13:01:13","modified_gmt":"2026-04-17T13:01:13","slug":"lukasargudspjall-18-kafli","status":"publish","type":"page","link":"https:\/\/biblian.is\/fraedsla\/ritskyring\/lukasargudspjall-18-kafli\/","title":{"rendered":"L\u00fakasargu\u00f0spjall 18. kafli"},"content":{"rendered":"<p><strong>18.3<\/strong> <em>ekkja&#8230;n\u00e1 r\u00e9tti<\/em>: \u00cd mannf\u00e9lagi Gy\u00f0inga voru ekkjur afleitlega settar. Stundum \u00e1ttu \u00fe\u00e6r engan a\u00f0.<\/p>\n<p><strong>18.8<\/strong> <em>Mannssonurinn<\/em>: Sj\u00e1 athugagrein vi\u00f0 5.24.<\/p>\n<p><strong>18.10<\/strong> <em>\u00ed helgid\u00f3minn a\u00f0 bi\u00f0jast fyrir<\/em>: B\u00e6nastundir \u00ed musterinu voru yfirleitt \u00e1 morgnana og um n\u00f3nbil.<\/p>\n<p><strong>18.10<\/strong> <em>far\u00edsei&#8230;tollheimtuma\u00f0ur<\/em>: Sj\u00e1 athugagreinar vi\u00f0 5.17 (far\u00edsear og l\u00f6gm\u00e1lskennendur) og 3.12 (tollheimtuma\u00f0ur).<\/p>\n<p><strong>18.12<\/strong> <em>fasta&#8230;geld t\u00edund:<\/em> A\u00f0 fasta er a\u00f0 neita s\u00e9r um mat (sj\u00e1 athugagrein vi\u00f0 2.37). A\u00f0 gjalda t\u00edund er a\u00f0 gefa t\u00edunda hluta af tekjum s\u00ednum (sj\u00e1 athugagrein vi\u00f0 11.42).<\/p>\n<p><strong>18.13<\/strong> <em>m\u00e9r syndugum<\/em>: Sj\u00e1 athugagrein vi\u00f0 13.2.<\/p>\n<p><strong>18.16,17<\/strong> <em>Gu\u00f0s r\u00edki<\/em>: Sj\u00e1 athugagrein vi\u00f0 4.43.<\/p>\n<p><strong>18.18<\/strong> <em>eil\u00edft l\u00edf<\/em>: Sj\u00e1 athugagrein vi\u00f0 10.25.<\/p>\n<p><strong>18.20<\/strong> <em>bo\u00f0or\u00f0in<\/em>: Bo\u00f0or\u00f0in fimm sem Jes\u00fas hefur yfir heyra til Bo\u00f0or\u00f0unum t\u00edu sem Gu\u00f0 f\u00e9kk M\u00f3se \u00e1 S\u00edna\u00edfjalli. Sj\u00e1 2M\u00f3s 20.1-17 og 5M\u00f3s 5.1-21.<\/p>\n<p><strong>18.25<\/strong> <em>\u00falfalda<\/em>: \u00dalfaldar eru st\u00f3rvaxnar skepnur sem geta veri\u00f0 \u00f3me\u00f0f\u00e6rilegar og \u00ferj\u00f3skar. Jes\u00fas tekur dj\u00fapt \u00ed \u00e1rinni til \u00feess a\u00f0 leggja \u00e1herslu \u00e1 sannindi or\u00f0a sinna.<\/p>\n<p><strong>18.28<\/strong> <em>P\u00e9tur<\/em>: Sj\u00e1 athugagrein vi\u00f0 5.8 (S\u00edmon P\u00e9tur).<\/p>\n<p><strong>18.29,30<\/strong> <em>Gu\u00f0s r\u00edkis&#8230;eil\u00edft l\u00edf<\/em>: Sj\u00e1 athugagreinar vi\u00f0 4.43 (Gu\u00f0s r\u00edki) og 10.25 (eil\u00edft l\u00edf).<\/p>\n<p><strong>18.31<\/strong> <em>Mannssoninn<\/em>: Sj\u00e1 athugagrein vi\u00f0 5.24.<\/p>\n<p><strong>18.32<\/strong> <em>hei\u00f0ingjum<\/em>: \u00c1tt er vi\u00f0 R\u00f3mverja sem voru vi\u00f0 v\u00f6ld \u00ed Jer\u00fasalem.<\/p>\n<p><strong>18.35<\/strong> <em>Jer\u00edk\u00f3<\/em>: Sj\u00e1 athugagrein vi\u00f0 10.30. \u00cd J\u00f3s\u00faab\u00f3k 5.13-6.26 er \u00fev\u00ed l\u00fdst er \u00cdsraelsmenn l\u00f6g\u00f0u Jer\u00edk\u00f3 \u00ed ey\u00f0i eftir a\u00f0 \u00feeir f\u00f3ru yfir \u00e1na J\u00f3rdan inn \u00ed Kanaansland.<\/p>\n<p><strong>18.35<\/strong> <em>blindur ma\u00f0ur<\/em>: \u00cd Mrk 10.46 er hann sag\u00f0ur hafa heiti\u00f0 Bart\u00edmeus.<\/p>\n<p><strong>18.37<\/strong> <em>Jes\u00fas fr\u00e1 Nasaret<\/em>: Jes\u00fas var i\u00f0ulega kenndur vi\u00f0 heimab\u00e6 sinn \u00fear e\u00f0 margir a\u00f0rir h\u00e9tu l\u00edka Jes\u00fas.<\/p>\n<p><strong>18.38<\/strong> <em>sonur Dav\u00ed\u00f0s<\/em>: Gy\u00f0ingar v\u00e6ntu \u00feess a\u00f0 Mess\u00edas yr\u00f0i af \u00e6tt \u00cdsa\u00ed, f\u00f6\u00f0ur Dav\u00ed\u00f0s konungs (Jes 11.1-11). \u00dev\u00ed var Mess\u00edas oft nefndur &#8222;sonur Dav\u00ed\u00f0s.&#8220; Sj\u00e1 og athugagrein vi\u00f0 3.15.<\/p>\n","protected":false},"excerpt":{"rendered":"<p>18.3 ekkja&#8230;n\u00e1 r\u00e9tti: \u00cd mannf\u00e9lagi Gy\u00f0inga voru ekkjur afleitlega settar. <a href=\"https:\/\/biblian.is\/fraedsla\/ritskyring\/lukasargudspjall-18-kafli\/\"> [&#8230;]<\/a><\/p>\n","protected":false},"author":1,"featured_media":0,"parent":4829,"menu_order":0,"comment_status":"closed","ping_status":"closed","template":"","meta":{"footnotes":""},"class_list":["post-5294","page","type-page","status-publish","hentry"],"_links":{"self":[{"href":"https:\/\/biblian.is\/fraedsla\/wp-json\/wp\/v2\/pages\/5294","targetHints":{"allow":["GET"]}}],"collection":[{"href":"https:\/\/biblian.is\/fraedsla\/wp-json\/wp\/v2\/pages"}],"about":[{"href":"https:\/\/biblian.is\/fraedsla\/wp-json\/wp\/v2\/types\/page"}],"author":[{"embeddable":true,"href":"https:\/\/biblian.is\/fraedsla\/wp-json\/wp\/v2\/users\/1"}],"replies":[{"embeddable":true,"href":"https:\/\/biblian.is\/fraedsla\/wp-json\/wp\/v2\/comments?post=5294"}],"version-history":[{"count":0,"href":"https:\/\/biblian.is\/fraedsla\/wp-json\/wp\/v2\/pages\/5294\/revisions"}],"up":[{"embeddable":true,"href":"https:\/\/biblian.is\/fraedsla\/wp-json\/wp\/v2\/pages\/4829"}],"wp:attachment":[{"href":"https:\/\/biblian.is\/fraedsla\/wp-json\/wp\/v2\/media?parent=5294"}],"curies":[{"name":"wp","href":"https:\/\/api.w.org\/{rel}","templated":true}]}}

Lúkasarguðspjall 18. kafli

<p><strong>18.3</strong> <em>ekkja&#8230;ná rétti</em>: Í mannfélagi Gyðinga voru ekkjur afleitlega settar. Stundum áttu þær engan að.</p>
<p><strong>18.8</strong> <em>Mannssonurinn</em>: Sjá athugagrein við 5.24.</p>
<p><strong>18.10</strong> <em>í helgidóminn að biðjast fyrir</em>: Bænastundir í musterinu voru yfirleitt á morgnana og um nónbil.</p>
<p><strong>18.10</strong> <em>farísei&#8230;tollheimtumaður</em>: Sjá athugagreinar við 5.17 (farísear og lögmálskennendur) og 3.12 (tollheimtumaður).</p>
<p><strong>18.12</strong> <em>fasta&#8230;geld tíund:</em> Að fasta er að neita sér um mat (sjá athugagrein við 2.37). Að gjalda tíund er að gefa tíunda hluta af tekjum sínum (sjá athugagrein við 11.42).</p>
<p><strong>18.13</strong> <em>mér syndugum</em>: Sjá athugagrein við 13.2.</p>
<p><strong>18.16,17</strong> <em>Guðs ríki</em>: Sjá athugagrein við 4.43.</p>
<p><strong>18.18</strong> <em>eilíft líf</em>: Sjá athugagrein við 10.25.</p>
<p><strong>18.20</strong> <em>boðorðin</em>: Boðorðin fimm sem Jesús hefur yfir heyra til Boðorðunum tíu sem Guð fékk Móse á Sínaífjalli. Sjá 2Mós 20.1-17 og 5Mós 5.1-21.</p>
<p><strong>18.25</strong> <em>úlfalda</em>: Úlfaldar eru stórvaxnar skepnur sem geta verið ómeðfærilegar og þrjóskar. Jesús tekur djúpt í árinni til þess að leggja áherslu á sannindi orða sinna.</p>
<p><strong>18.28</strong> <em>Pétur</em>: Sjá athugagrein við 5.8 (Símon Pétur).</p>
<p><strong>18.29,30</strong> <em>Guðs ríkis&#8230;eilíft líf</em>: Sjá athugagreinar við 4.43 (Guðs ríki) og 10.25 (eilíft líf).</p>
<p><strong>18.31</strong> <em>Mannssoninn</em>: Sjá athugagrein við 5.24.</p>
<p><strong>18.32</strong> <em>heiðingjum</em>: Átt er við Rómverja sem voru við völd í Jerúsalem.</p>
<p><strong>18.35</strong> <em>Jeríkó</em>: Sjá athugagrein við 10.30. Í Jósúabók 5.13-6.26 er því lýst er Ísraelsmenn lögðu Jeríkó í eyði eftir að þeir fóru yfir ána Jórdan inn í Kanaansland.</p>
<p><strong>18.35</strong> <em>blindur maður</em>: Í Mrk 10.46 er hann sagður hafa heitið Bartímeus.</p>
<p><strong>18.37</strong> <em>Jesús frá Nasaret</em>: Jesús var iðulega kenndur við heimabæ sinn þar eð margir aðrir hétu líka Jesús.</p>
<p><strong>18.38</strong> <em>sonur Davíðs</em>: Gyðingar væntu þess að Messías yrði af ætt Ísaí, föður Davíðs konungs (Jes 11.1-11). Því var Messías oft nefndur &#8222;sonur Davíðs.&#8220; Sjá og athugagrein við 3.15.</p>

<p>18.3 ekkja&#8230;ná rétti: Í mannfélagi Gyðinga voru ekkjur afleitlega settar. <a href="https://biblian.is/fraedsla/ritskyring/lukasargudspjall-18-kafli/"> [&#8230;]</a></p>
