{"id":5292,"date":"2019-04-26T14:17:40","date_gmt":"2019-04-26T14:17:40","guid":{"rendered":"https:\/\/biblian.is\/fraedsla\/?page_id=5292"},"modified":"2026-04-17T13:01:13","modified_gmt":"2026-04-17T13:01:13","slug":"lukasargudspjall-17-kafli","status":"publish","type":"page","link":"https:\/\/biblian.is\/fraedsla\/ritskyring\/lukasargudspjall-17-kafli\/","title":{"rendered":"L\u00fakasargu\u00f0spjall 17. kafli"},"content":{"rendered":"<p><strong>17.1<\/strong> <em>til falls<\/em>: Sj\u00e1 athugagrein vi\u00f0 11.4.<\/p>\n<p><strong>17.6<\/strong> <em>mustar\u00f0skorn&#8230;m\u00f3rberjatr\u00e9<\/em>: Sj\u00e1 athugagrein vi\u00f0 13.19 (mustar\u00f0skorn). M\u00f3rberjatr\u00e9 eru upprunnin \u00ed Pers\u00edu. \u00deau ver\u00f0a allt a\u00f0 6 metra h\u00e1 og brei\u00f0ir limi\u00f0 mj\u00f6g \u00far s\u00e9r efst. \u00deegar berin \u00feroskast ver\u00f0a \u00feau sv\u00f6rt \u00e1 litinn og \u00ed \u00feeim er s\u00e6tur, rau\u00f0ur safi.<\/p>\n<p><strong>17.11<\/strong> <em>Jer\u00fasalem&#8230;Samar\u00edu og Gal\u00edleu<\/em>: Sj\u00e1 athugagreinar vi\u00f0 9.51 (Jer\u00fasalem), 9.52 (Samar\u00eda) og 1.26 (Gal\u00edlea).<\/p>\n<p><strong>17.12<\/strong> <em>l\u00edk\u00fer\u00e1ir<\/em>: Sj\u00e1 athugagrein vi\u00f0 4.27.<\/p>\n<p><strong>17.14<\/strong> <em>s\u00fdni\u00f0 y\u00f0ur prestunum<\/em>: Sj\u00e1 athugagrein vi\u00f0 5.14.<\/p>\n<p><strong>17.16<\/strong> <em>hann var Samverji:<\/em> Sj\u00e1 athugagrein vi\u00f0 9.52 (Samverjar). \u00c1heyrendur hafa v\u00edsast or\u00f0i\u00f0 undrandi yfir \u00fev\u00ed a\u00f0 \u00fea\u00f0 skyldi vera Samverji, sem \u00feakka\u00f0i Jes\u00fa. Tr\u00fa mannsins l\u00e6kna\u00f0i hann eins og marga a\u00f0ra &#8222;\u00fatlendinga&#8220; \u00ed L\u00fakasagu\u00f0spjalli. (Sj\u00e1 og 7.1-17).<\/p>\n<p><strong>17.20<\/strong> <em>Far\u00edsear<\/em>: Sj\u00e1 athugagrein vi\u00f0 5.17.<\/p>\n<p><strong>17.20<\/strong> <em>Gu\u00f0s r\u00edki<\/em>: Sj\u00e1 athugagrein vi\u00f0 4.43.<\/p>\n<p><strong>17.22<\/strong> <em>Mannssonarins<\/em>: Sj\u00e1 athugagrein vi\u00f0 5.24.<\/p>\n<p><strong>17.26,27<\/strong> <em>N\u00f3a<\/em>: Gu\u00f0 f\u00f3l N\u00f3a, grandv\u00f6rum manni og gu\u00f0hr\u00e6ddum, a\u00f0 sm\u00ed\u00f0a st\u00f3rt skip (\u00f6rk) og \u00ed \u00fev\u00ed bj\u00f6rgu\u00f0ust fj\u00f6lskylda hans og skepnur jar\u00f0ar \u00ed vatnsfl\u00f3\u00f0inu (sj\u00e1 1M\u00f3s 6-9).<\/p>\n<p><strong>17.28,29<\/strong> <em>Lots&#8230;S\u00f3d\u00f3mu<\/em>: Lot, br\u00f3\u00f0ursonur Abrahams, hrata\u00f0i \u00ed \u00f3g\u00f6ngur \u00ed S\u00f3d\u00f3mu, sem var borg mikillar spillingar og vonsku (sj\u00e1 1M\u00f3s 18.16-19.29). Gu\u00f0 tort\u00edmdi illmennum \u00fear, en \u00feyrmdi Lot og f\u00f3lki hans. Ekki er vita\u00f0 hvar S\u00f3d\u00f3ma var, en h\u00fan kann a\u00f0 hafa veri\u00f0 n\u00e1l\u00e6gt su\u00f0urstr\u00f6nd Dau\u00f0a hafsins.<\/p>\n<p><strong>17.30<\/strong> <em>Mannssonurinn<\/em>: Sj\u00e1 athugagrein vi\u00f0 5.24.<\/p>\n<p><strong>17.31<\/strong> <em>\u00e1 \u00feaki uppi<\/em>: Sj\u00e1 athugagrein vi\u00f0 5.19.<\/p>\n<p><strong>17.32<\/strong> <em>Minnist konu Lots<\/em>: H\u00fan var\u00f0 a\u00f0 saltst\u00f3lpa er h\u00fan \u00f3hl\u00fd\u00f0na\u00f0ist Gu\u00f0i me\u00f0 \u00fev\u00ed a\u00f0 l\u00edta aftur til \u00feess a\u00f0 sj\u00e1 ey\u00f0ileggingu S\u00f3d\u00f3mu (sj\u00e1 1M\u00f3s 19.26).<\/p>\n<p><strong>17.35-36<\/strong> <em>mala \u00e1&#8230;kv\u00f6rn<\/em>: \u00dea\u00f0 var kvenmannsverk a\u00f0 hreinsa hveitikorni\u00f0 og mala \u00fea\u00f0. Kv\u00f6rnin var flatur steinn e\u00f0a mort\u00e9l og var hveiti\u00f0 bari\u00f0 me\u00f0 tr\u00e9hnalli e\u00f0a mort\u00e9lstaut.<\/p>\n<p><strong>17.37<\/strong> <em>ernirnir safnast sem hr\u00e6i\u00f0 er<\/em>: Fuglar er lifa \u00e1 hr\u00e6jum d\u00fdra. \u00de\u00e1 dr\u00edfur skj\u00f3tt a\u00f0 dau\u00f0ri skepnu. Merking m\u00e1lsh\u00e1ttarins kann a\u00f0 vera: \u00deegar eitthva\u00f0 fer \u00farskei\u00f0is fr\u00e9ttist \u00fea\u00f0 flj\u00f3tt og forvitnir flykkjast starandi a\u00f0. En t\u00e1kn r\u00f3mverska hersins var \u00f6rn. \u00dea\u00f0 m\u00e1 \u00fev\u00ed vera a\u00f0 h\u00e9r s\u00e9 sneitt a\u00f0 honum.<\/p>\n","protected":false},"excerpt":{"rendered":"<p>17.1 til falls: Sj\u00e1 athugagrein vi\u00f0 11.4. 17.6 mustar\u00f0skorn&#8230;m\u00f3rberjatr\u00e9: Sj\u00e1 <a href=\"https:\/\/biblian.is\/fraedsla\/ritskyring\/lukasargudspjall-17-kafli\/\"> [&#8230;]<\/a><\/p>\n","protected":false},"author":1,"featured_media":0,"parent":4829,"menu_order":0,"comment_status":"closed","ping_status":"closed","template":"","meta":{"footnotes":""},"class_list":["post-5292","page","type-page","status-publish","hentry"],"_links":{"self":[{"href":"https:\/\/biblian.is\/fraedsla\/wp-json\/wp\/v2\/pages\/5292","targetHints":{"allow":["GET"]}}],"collection":[{"href":"https:\/\/biblian.is\/fraedsla\/wp-json\/wp\/v2\/pages"}],"about":[{"href":"https:\/\/biblian.is\/fraedsla\/wp-json\/wp\/v2\/types\/page"}],"author":[{"embeddable":true,"href":"https:\/\/biblian.is\/fraedsla\/wp-json\/wp\/v2\/users\/1"}],"replies":[{"embeddable":true,"href":"https:\/\/biblian.is\/fraedsla\/wp-json\/wp\/v2\/comments?post=5292"}],"version-history":[{"count":0,"href":"https:\/\/biblian.is\/fraedsla\/wp-json\/wp\/v2\/pages\/5292\/revisions"}],"up":[{"embeddable":true,"href":"https:\/\/biblian.is\/fraedsla\/wp-json\/wp\/v2\/pages\/4829"}],"wp:attachment":[{"href":"https:\/\/biblian.is\/fraedsla\/wp-json\/wp\/v2\/media?parent=5292"}],"curies":[{"name":"wp","href":"https:\/\/api.w.org\/{rel}","templated":true}]}}