{"id":5286,"date":"2019-04-26T13:43:36","date_gmt":"2019-04-26T13:43:36","guid":{"rendered":"https:\/\/biblian.is\/fraedsla\/?page_id=5286"},"modified":"2022-12-16T13:59:04","modified_gmt":"2022-12-16T13:59:04","slug":"lukasargudspjall-14-kafli","status":"publish","type":"page","link":"https:\/\/biblian.is\/fraedsla\/ritskyring\/lukasargudspjall-14-kafli\/","title":{"rendered":"L\u00fakasargu\u00f0spjall 14. kafli"},"content":{"rendered":"<p><strong>14.1-3<\/strong> <em>far\u00edsea&#8230;l\u00f6gvitringana<\/em>: Sj\u00e1 athugagrein vi\u00f0 5.17.<\/p>\n<p><strong>14.3<\/strong><em> l\u00e6kna \u00e1 hv\u00edldardegi<\/em>: Sj\u00e1 athugagreinar vi\u00f0 4.16 (hv\u00edldardegi) og 6.9.<\/p>\n<p><strong>14.8<\/strong> <em>br\u00fa\u00f0kaups<\/em>: Oft var miki\u00f0 vi\u00f0 haft, \u00feegar br\u00fa\u00f0kaup voru haldin og \u00feau g\u00e1tu sta\u00f0i\u00f0 \u00ed heila viku. En \u00e1\u00f0ur en til \u00feess kom tr\u00falofu\u00f0ust pilturinn og st\u00falkan (h\u00e9tu hvort \u00f6\u00f0ru eiginor\u00f0i) og opinberu\u00f0u tr\u00falofun s\u00edna me\u00f0 g\u00f3\u00f0um fagna\u00f0i. Br\u00fa\u00f0hj\u00f3nin tilvonandi ger\u00f0u l\u00edka me\u00f0 s\u00e9r skriflegan samning sem nefndist <em>tena<sup>&#8216;<\/sup>im.<\/em>\u00c1 skjalinu var kve\u00f0i\u00f0 \u00e1 um sta\u00f0 og t\u00edma giftingarinnar og \u00feess einnig geti\u00f0 hversu \u00edbur\u00f0armikil br\u00fa\u00f0kaupsveislan skyldi vera. Sj\u00e1lf var hj\u00f3nav\u00edgslan mj\u00f6g h\u00e1t\u00ed\u00f0leg ath\u00f6fn. Br\u00fa\u00f0ur og br\u00fa\u00f0gumi kl\u00e6ddust s\u00ednu f\u00ednasta p\u00fassi. Fari\u00f0 var \u00ed skr\u00fa\u00f0g\u00f6ngu fr\u00e1 heimili br\u00fa\u00f0arinnar til h\u00fass br\u00fa\u00f0gumans og allir b\u00e6jarb\u00faar t\u00f3ku \u00fe\u00e1tt \u00ed hlj\u00f3\u00f0f\u00e6rasl\u00e6tti, dans og lj\u00f3\u00f0lestri.<\/p>\n<p><strong>14.14<\/strong> <em>\u00ed upprisu r\u00e9ttl\u00e1tra<\/em>: H\u00e9r r\u00e6\u00f0ir Jes\u00fas um \u00feann feginsdag \u00ed framt\u00ed\u00f0, \u00feegar Gu\u00f0 kallar hina tr\u00fau fr\u00e1 dau\u00f0a til l\u00edfs \u00ed eil\u00edfu r\u00edki s\u00ednu (Dan 12.2; J\u00f3h 5.28,29; 1\u00deess 4.16; Opb 20.11-15). <a href=\"https:\/\/biblian.is\/fraedsla\/ordtakasafn\/upprisa\/\">Sj\u00e1 og &#8222;Upprisa&#8220;.<\/a><\/p>\n<p><strong>14.15<\/strong> <em>situr til bor\u00f0s \u00ed Gu\u00f0s r\u00edki<\/em>: Sj\u00e1 athugagrein vi\u00f0 13.29.<\/p>\n<p><strong>14.19<\/strong> <em>tvenndir akneyta<\/em>: Uxar voru oft haf\u00f0ir tveir saman undir oki. Sj\u00e1 og athugagrein vi\u00f0 13.15.<\/p>\n<p><strong>14.27<\/strong> <em>kross<\/em>: Krossinn var t\u00e1kn \u00fej\u00e1ningar og dau\u00f0a. R\u00f3mverjar t\u00f3ku af l\u00edfi brotlega og upphlaupsmenn me\u00f0 \u00fev\u00ed a\u00f0 festa \u00fe\u00e1 upp \u00e1 kross. \u00c1 krossinum f\u00f3r dau\u00f0inn \u00e1 menn h\u00e6gt og h\u00e6gt og fylgdi mikill s\u00e1rsauki; oft k\u00f6fnu\u00f0u \u00feeir. Sj\u00e1 og Matt 10.38; 16.24; Mrk 8.34; L\u00fak 9.23. <a href=\"https:\/\/biblian.is\/fraedsla\/ordtakasafn\/krossfesting\/\">Sj\u00e1 og &#8222;Krossfesting&#8220;.<\/a><\/p>\n<p><strong>14.34<\/strong> <em>Salti\u00f0<\/em>: Salt var \u00fe\u00e1 sem n\u00fa nota\u00f0 til \u00feess a\u00f0 geyma matv\u00e6li og brag\u00f0b\u00e6ta, einkum kj\u00f6t og fisk.<\/p>\n","protected":false},"excerpt":{"rendered":"<p>14.1-3 far\u00edsea&#8230;l\u00f6gvitringana: Sj\u00e1 athugagrein vi\u00f0 5.17. 14.3 l\u00e6kna \u00e1 hv\u00edldardegi: <a href=\"https:\/\/biblian.is\/fraedsla\/ritskyring\/lukasargudspjall-14-kafli\/\"> [&#8230;]<\/a><\/p>\n","protected":false},"author":1,"featured_media":0,"parent":4829,"menu_order":0,"comment_status":"closed","ping_status":"closed","template":"","meta":{"footnotes":""},"class_list":["post-5286","page","type-page","status-publish","hentry"],"_links":{"self":[{"href":"https:\/\/biblian.is\/fraedsla\/wp-json\/wp\/v2\/pages\/5286","targetHints":{"allow":["GET"]}}],"collection":[{"href":"https:\/\/biblian.is\/fraedsla\/wp-json\/wp\/v2\/pages"}],"about":[{"href":"https:\/\/biblian.is\/fraedsla\/wp-json\/wp\/v2\/types\/page"}],"author":[{"embeddable":true,"href":"https:\/\/biblian.is\/fraedsla\/wp-json\/wp\/v2\/users\/1"}],"replies":[{"embeddable":true,"href":"https:\/\/biblian.is\/fraedsla\/wp-json\/wp\/v2\/comments?post=5286"}],"version-history":[{"count":0,"href":"https:\/\/biblian.is\/fraedsla\/wp-json\/wp\/v2\/pages\/5286\/revisions"}],"up":[{"embeddable":true,"href":"https:\/\/biblian.is\/fraedsla\/wp-json\/wp\/v2\/pages\/4829"}],"wp:attachment":[{"href":"https:\/\/biblian.is\/fraedsla\/wp-json\/wp\/v2\/media?parent=5286"}],"curies":[{"name":"wp","href":"https:\/\/api.w.org\/{rel}","templated":true}]}}