{"id":5282,"date":"2019-04-26T13:34:44","date_gmt":"2019-04-26T13:34:44","guid":{"rendered":"https:\/\/biblian.is\/fraedsla\/?page_id=5282"},"modified":"2026-04-17T13:01:13","modified_gmt":"2026-04-17T13:01:13","slug":"lukasargudspjall-12-kafli","status":"publish","type":"page","link":"https:\/\/biblian.is\/fraedsla\/ritskyring\/lukasargudspjall-12-kafli\/","title":{"rendered":"L\u00fakasargu\u00f0spjall 12. kafli"},"content":{"rendered":"<p><strong>12.1\u00a0<\/strong>Or\u00f0i\u00f0<em>&#8222;s\u00fardeig&#8220;\u00a0<\/em>er h\u00e9r nota\u00f0 um falskenningu (sj\u00e1 Matt 16.6,12).<\/p>\n<p><strong>12.5\u00a0<\/strong><em>helv\u00edti: <\/em>\u00c1 gr\u00edsku er helv\u00edti &#8222;Gehenna&#8220;, dregi\u00f0 af hebreska heitinu &#8222;Hinnoms-dalur.&#8220; \u00c1\u00f0ur en Jes\u00fas f\u00e6ddist voru sumir kennarar Gy\u00f0inga farnir a\u00f0 tala um sta\u00f0,\u00fear sem meinger\u00f0amenn t\u00e6kju \u00fat refsingu Gu\u00f0s \u00ed eldi og l\u00edktist hann hinum logandi Hinnoms-dal. Sj\u00e1 &#8222;Helv\u00edti&#8220; \u00e1 bls. 1840.<\/p>\n<p><strong>12.6\u00a0<\/strong><em>fimm sp\u00f6rvar&#8230;tvo sm\u00e1peninga: <\/em>R\u00f3mverska myntin &#8222;assar\u00edus&#8220; jafngilti a\u00f0eins einum sext\u00e1nda hluta af daglaunum verkamanns. Gy\u00f0ingar l\u00f6g\u00f0u s\u00e9r sp\u00f6rfugla til munns, enda l\u00e1 ekki bann vi\u00f0 \u00fev\u00ed \u00ed M\u00f3sel\u00f6gum. \u00deeir fengust vi\u00f0 mj\u00f6g v\u00e6gu ver\u00f0i.<\/p>\n<p><strong>12.8\u00a0<\/strong><em>Mannssonurinn: <\/em>Sj\u00e1 athugagrein vi\u00f0 5.24.<\/p>\n<p><strong>12.8\u00a0<\/strong><em>englum Gu\u00f0s: <\/em>Sj\u00e1 athugagrein vi\u00f0 2.13-15.<\/p>\n<p><strong>12.10\u00a0<\/strong><em>heil\u00f6gum anda: <\/em>Sj\u00e1 athugagrein vi\u00f0 1.35 (Heilagur andi).<\/p>\n<p><strong>12.11\u00a0<\/strong><em>samkundur: <\/em>Sj\u00e1 athugagrein vi\u00f0 4.15.<\/p>\n<p><strong>12.25\u00a0<\/strong><em>vi\u00f0 aldur sinn: <\/em>E\u00f0a: vi\u00f0 h\u00e6\u00f0 s\u00edna.<\/p>\n<p><strong>12.27\u00a0<\/strong><em>Sal\u00f3mon \u00ed allri sinni d\u00fdr\u00f0: <\/em>Gy\u00f0ingar \u00e1litu Sal\u00f3mon konung r\u00edkasta mann sem nokkru sinni hef\u00f0i veri\u00f0 uppi. Sj\u00e1 og 1Kon 10.4-7; 2Kron 9.3-6 og &#8222;Sal\u00f3mon&#8220; \u00e1 bls. 764.<\/p>\n<p><strong>12.30\u00a0<\/strong><em>fa\u00f0ir y\u00f0ar: <\/em>Jes\u00fas \u00e1 h\u00e9r vi\u00f0 Gu\u00f0.<\/p>\n<p><strong>12.32\u00a0<\/strong><em>r\u00edki\u00f0: <\/em>Sj\u00e1 athugagreinvi\u00f0 4.43.<\/p>\n<p><strong>12.33\u00a0<\/strong><em>\u00e1 himnum: <\/em>Sj\u00e1 athugagrein vi\u00f0 6.23.<\/p>\n<p><strong>12.40\u00a0<\/strong><em>Mannssonurinn: <\/em>Sj\u00e1 athugagrein vi\u00f0 5.24.<\/p>\n<p><strong>12.41\u00a0<\/strong><em>P\u00e9tur: <\/em>Sj\u00e1 athugagrein vi\u00f0 5.8 (S\u00edmon P\u00e9tur)<\/p>\n<p><strong>12.42\u00a0<\/strong><em>hj\u00fa s\u00edn: <\/em>Sj\u00e1 &#8222;\u00der\u00e6lar og \u00fej\u00f3nustuf\u00f3lk \u00e1 d\u00f6gum Jes\u00fa.&#8220;<\/p>\n<p><strong>12.50\u00a0<\/strong>Mrk 10.38.<\/p>\n<p><strong>12.54<\/strong> <em>sk\u00fd draga upp \u00ed vestri:<\/em> Ve\u00f0urkerfi fara yfirleitt fr\u00e1 vestri til austurs. \u00cd Palest\u00ednu ver\u00f0a oft slagve\u00f0ur \u00e1 veturna.<\/p>\n","protected":false},"excerpt":{"rendered":"<p>12.1\u00a0Or\u00f0i\u00f0&#8222;s\u00fardeig&#8220;\u00a0er h\u00e9r nota\u00f0 um falskenningu (sj\u00e1 Matt 16.6,12). 12.5\u00a0helv\u00edti: \u00c1 <a href=\"https:\/\/biblian.is\/fraedsla\/ritskyring\/lukasargudspjall-12-kafli\/\"> [&#8230;]<\/a><\/p>\n","protected":false},"author":1,"featured_media":0,"parent":4829,"menu_order":0,"comment_status":"closed","ping_status":"closed","template":"","meta":{"footnotes":""},"class_list":["post-5282","page","type-page","status-publish","hentry"],"_links":{"self":[{"href":"https:\/\/biblian.is\/fraedsla\/wp-json\/wp\/v2\/pages\/5282","targetHints":{"allow":["GET"]}}],"collection":[{"href":"https:\/\/biblian.is\/fraedsla\/wp-json\/wp\/v2\/pages"}],"about":[{"href":"https:\/\/biblian.is\/fraedsla\/wp-json\/wp\/v2\/types\/page"}],"author":[{"embeddable":true,"href":"https:\/\/biblian.is\/fraedsla\/wp-json\/wp\/v2\/users\/1"}],"replies":[{"embeddable":true,"href":"https:\/\/biblian.is\/fraedsla\/wp-json\/wp\/v2\/comments?post=5282"}],"version-history":[{"count":0,"href":"https:\/\/biblian.is\/fraedsla\/wp-json\/wp\/v2\/pages\/5282\/revisions"}],"up":[{"embeddable":true,"href":"https:\/\/biblian.is\/fraedsla\/wp-json\/wp\/v2\/pages\/4829"}],"wp:attachment":[{"href":"https:\/\/biblian.is\/fraedsla\/wp-json\/wp\/v2\/media?parent=5282"}],"curies":[{"name":"wp","href":"https:\/\/api.w.org\/{rel}","templated":true}]}}