{"id":5276,"date":"2019-04-26T13:26:51","date_gmt":"2019-04-26T13:26:51","guid":{"rendered":"https:\/\/biblian.is\/fraedsla\/?page_id=5276"},"modified":"2022-12-16T13:59:06","modified_gmt":"2022-12-16T13:59:06","slug":"lukasargudspjall-9-kafli","status":"publish","type":"page","link":"https:\/\/biblian.is\/fraedsla\/ritskyring\/lukasargudspjall-9-kafli\/","title":{"rendered":"L\u00fakasargu\u00f0spjall 9. kafli"},"content":{"rendered":"<p><strong>9.1\u00a0<\/strong><em>\u00fe\u00e1 t\u00f3lf: <\/em>Sj\u00e1 athugagrein vi\u00f0 6.13.<\/p>\n<p><strong>9.5\u00a0<\/strong><em>hristi\u00f0 dusti\u00f0 af f\u00f3tum ykkar: <\/em>\u00deannig l\u00e9tu menn \u00ed lj\u00f3si van\u00fe\u00f3knun. Sj\u00e1 Post 13.51.<\/p>\n<p><strong>9.7\u00a0<\/strong><em>Her\u00f3des fj\u00f3r\u00f0ungsstj\u00f3ri: <\/em>Her\u00f3des Ant\u00edpas, sonur Her\u00f3desar mikla (sj\u00e1 athugagrein vi\u00f0 3.1). Starfsheiti\u00f0 v\u00edsar til \u00feess, a\u00f0 Her\u00f3des r\u00e9\u00f0i einum fj\u00f3r\u00f0a hluta skattlandsins. Jes\u00fas kalla\u00f0i Her\u00f3des ref (13.32) af \u00fev\u00ed a\u00f0 hann taldi hann l\u00e6v\u00edsan og h\u00e6ttulegan.<\/p>\n<p><strong>9.8\u00a0<\/strong><em>El\u00eda v\u00e6ri kominn: <\/em>Sj\u00e1 athugagrein vi\u00f0 1.17. Sj\u00e1 og Matt 16.14; Mrk 8.28; L\u00fak 9.19.<\/p>\n<p><strong>9.10\u00a0<\/strong><em>Betsa\u00edda: <\/em>Gy\u00f0inga\u00feorp r\u00e9tt \u00fear austan vi\u00f0 sem \u00e1in J\u00f3rdan rennur \u00ed nor\u00f0anvert Gal\u00edleuvatni\u00f0. Sj\u00e1 kort \u00e1 bls. 2375.<\/p>\n<p><strong>9.11\u00a0<\/strong><em>Gu\u00f0s r\u00edki: <\/em>Sj\u00e1 athugagrein vi\u00f0 4.43.<\/p>\n<p><strong>9.13\u00a0<\/strong><em>fimm brau\u00f0: <\/em>\u00deau hafa veri\u00f0 anna\u00f0 hvort l\u00edk lummum e\u00f0a litlum bollum.<\/p>\n<p><strong>9.17\u00a0<\/strong><em>t\u00f3lf k\u00f6rfur: <\/em>St\u00f3rmikil helgi var \u00e1 t\u00f6lunni 12. Sj\u00e1 t\u00f6fluna <a href=\"https:\/\/biblian.is\/fraedsla\/ordtakasafn\/tolur-i-bibliunni\/\">&#8222;T\u00f6lur \u00ed Bibl\u00edunni&#8220;<\/a>.<\/p>\n<p><strong>9.19\u00a0<\/strong><em>J\u00f3hannes sk\u00edrara, a\u00f0rir El\u00eda: <\/em>Sj\u00e1 athugagreinar vi\u00f0 1.13. Sj\u00e1 og Matt 14.1,2; Mrk 6.14,15; L\u00fak 9.7,8.<\/p>\n<p><strong>9.20\u00a0<\/strong><em>P\u00e9tur: <\/em>Sj\u00e1 athugagrein vi\u00f0 5.8 (S\u00edmon P\u00e9tur).<\/p>\n<p><strong>9.20\u00a0<\/strong><em>Krist: <\/em>Sj\u00e1 athugagreinar vi\u00f0 2.11 (frelsari&#8230;Kristur) og 3.15. Sj\u00e1 og J\u00f3h 6.68,69.<\/p>\n<p><strong>9.22\u00a0<\/strong><em>\u00d6ldungarnir, \u00e6\u00f0stu prestarnir og fr\u00e6\u00f0imennirnir: <\/em>\u00d6ldungarnir voru fullor\u00f0nir au\u00f0menn, bandamenn prestanna. \u00deessir menn s\u00e1tu \u00ed eins konar heimastj\u00f3rn og h\u00f6f\u00f0u heimild R\u00f3mverja til \u00feess a\u00f0 fara me\u00f0 \u00e1kve\u00f0in v\u00f6ld \u00ed m\u00e1lefnum Gy\u00f0inga. Sj\u00e1 athugagrein vi\u00f0 5.17.<\/p>\n<p><strong>9.22\u00a0<\/strong><em>Mannssonurinn: <\/em>Sj\u00e1 athugagrein vi\u00f0 5.24.<\/p>\n<p><strong>9.24\u00a0<\/strong><em>l\u00edfi: <\/em>\u00cd versum 24 og 25 er gr\u00edskt or\u00f0, sem oft \u00fe\u00fd\u00f0ir &#8222;s\u00e1l&#8220; \u00fe\u00fdtt \u00e1 \u00edslensku me\u00f0 &#8222;l\u00edfi&#8220; og &#8222;sj\u00e1lfum s\u00e9r.&#8220;<\/p>\n<p><strong>9.26\u00a0<\/strong><em>f\u00f6\u00f0urins og heilagra engla: <\/em>Jes\u00fas kalla\u00f0i Gu\u00f0 oft &#8222;f\u00f6\u00f0ur&#8220; (sj\u00e1 J\u00f3h 15-17). Sj\u00e1 og athugagrein vi\u00f0 2.13-15 (himneskra hersveita).<\/p>\n<p><strong>9.27\u00a0<\/strong><em>Gu\u00f0s r\u00edki: <\/em>Sj\u00e1 athugagrein vi\u00f0 4.43.<\/p>\n<p><strong>9.28\u00a0<\/strong><em>P\u00e9tur, J\u00f3hannes og Jakob: <\/em>S\u00f6mu l\u00e6risveinarnir og f\u00f3r me\u00f0 Jes\u00fa heim til Ja\u00edrusar (8.51).<\/p>\n<p><strong>9.28\u00a0<\/strong><em>upp \u00e1 fjalli\u00f0: <\/em>Ekki er vita\u00f0 hva\u00f0a fjall \u00feetta var.<\/p>\n<p><strong>9.30\u00a0<\/strong><em>M\u00f3se og El\u00eda: <\/em>M\u00f3se var me\u00f0 mestu st\u00f3rmennum \u00ed s\u00f6gu \u00cdsraels. Gu\u00f0 opinbera\u00f0i honum nafn sitt, &#8222;\u00c9g er&#8220; og f\u00f3l honum a\u00f0 lei\u00f0a \u00fej\u00f3\u00f0ina \u00fat \u00far \u00fer\u00e6lah\u00fasinu \u00ed Egyptalandi. Geislar st\u00f3\u00f0u af andliti M\u00f3se er hann haf\u00f0i tala\u00f0 vi\u00f0 Drottin \u00e1 S\u00edna\u00edfjalli (2M\u00f3s 34.29,30). <a href=\"https:\/\/biblian.is\/fraedsla\/ordtakasafn\/mose\/\">Sj\u00e1 n\u00e1nar &#8222;M\u00f3se&#8220;.<\/a>\u00a0M\u00f3se og El\u00eda fengu b\u00e1\u00f0ir k\u00f6llun til \u00feess a\u00f0 kenna Gu\u00f0s l\u00fd\u00f0 n\u00fdja l\u00edfsh\u00e1ttu, alveg eins og Jes\u00fas s\u00ed\u00f0ar.<\/p>\n<p><strong>9.39\u00a0<\/strong><em>andi: <\/em>Sj\u00e1 athugagrein vi\u00f0 4.33-35. Drengurinn vir\u00f0ist hafa fengi\u00f0 einhvers konar flogak\u00f6st. <a href=\"https:\/\/biblian.is\/fraedsla\/samtidarsaga-bibliunnar\/kraftaverk-tofrar-og-laeknisdomar\/\">Sj\u00e1 greinina &#8222;Kraftaverk, t\u00f6frar og l\u00e6knisd\u00f3mar&#8220;.<\/a><\/p>\n<p><strong>9.44\u00a0<\/strong><em>Mannssonurinn<\/em>: Sj\u00e1 athugagrein vi\u00f0 5.24.<\/p>\n<p><strong>9.49\u00a0<\/strong><em>illa anda:<\/em> Sj\u00e1 athugagrein vi\u00f0 4.33-35.<\/p>\n<p><strong>9.51\u00a0<\/strong><em>Jer\u00fasalem: <\/em>Jer\u00fasalem var mi\u00f0st\u00f6\u00f0 helgihalds og gu\u00f0sd\u00fdrkunar Gy\u00f0inga. \u00de\u00f3tt R\u00f3mverjar r\u00e9\u00f0u Jer\u00fasalemsborg \u00e1 d\u00f6gum Jes\u00fa leyf\u00f0u \u00feeir Gy\u00f0ingum a\u00f0 tilbi\u00f0ja \u00ed musterinu. Jes\u00fas f\u00f3r til Jer\u00fasalem til \u00feess a\u00f0 koma bo\u00f0skap s\u00ednum \u00e1 framf\u00e6ri, \u00fe\u00f3tt hann vissi a\u00f0 hann myndi m\u00e6ta andst\u00f6\u00f0u tr\u00faarlei\u00f0toga landa sinna.<\/p>\n<p><strong>9.52\u00a0<\/strong><em>Samverja\u00feorp: <\/em>Ekki er vita\u00f0 hvar \u00feetta \u00feorp var. Samar\u00eda h\u00e9t h\u00e9ra\u00f0i\u00f0 fyrir nor\u00f0an Jer\u00fasalem. Gy\u00f0ingar og Samverjar litu hvorir a\u00f0ra hornauga. Samverjar h\u00f6f\u00f0u sitt eigi\u00f0 musteri \u00e1 Gar\u00eds\u00edmfjalli, og eigin presta. \u00deeir h\u00f6f\u00f0u l\u00edka s\u00edna s\u00e9rst\u00f6ku \u00fatg\u00e1fu af l\u00f6gm\u00e1li M\u00f3se. Sj\u00e1 L\u00fak 10.25-37 og 17.11-19, en \u00fear er greint fr\u00e1 tveimur \u00f6\u00f0rum Samverjum.<\/p>\n<p><strong>9.54\u00a0<\/strong><em>Jakob og J\u00f3hannes: <\/em>Sj\u00e1 athugagrein vi\u00f0 5.10. Sj\u00e1 og 1Kon 18.16-39; 2Kon 1.9-16.<\/p>\n<p><strong>9.58\u00a0<\/strong><em>Mannssonurinn: <\/em>Sj\u00e1 athugagrein vi\u00f0 5.24.<\/p>\n<p><strong>9.60\u00a0<\/strong><em>Gu\u00f0s r\u00edki: <\/em>Sj\u00e1 athugagrein vi\u00f0 4.43.<\/p>\n<p>&nbsp;<\/p>\n","protected":false},"excerpt":{"rendered":"<p>9.1\u00a0\u00fe\u00e1 t\u00f3lf: Sj\u00e1 athugagrein vi\u00f0 6.13. 9.5\u00a0hristi\u00f0 dusti\u00f0 af f\u00f3tum <a href=\"https:\/\/biblian.is\/fraedsla\/ritskyring\/lukasargudspjall-9-kafli\/\"> [&#8230;]<\/a><\/p>\n","protected":false},"author":1,"featured_media":0,"parent":4829,"menu_order":0,"comment_status":"closed","ping_status":"closed","template":"","meta":{"footnotes":""},"class_list":["post-5276","page","type-page","status-publish","hentry"],"_links":{"self":[{"href":"https:\/\/biblian.is\/fraedsla\/wp-json\/wp\/v2\/pages\/5276","targetHints":{"allow":["GET"]}}],"collection":[{"href":"https:\/\/biblian.is\/fraedsla\/wp-json\/wp\/v2\/pages"}],"about":[{"href":"https:\/\/biblian.is\/fraedsla\/wp-json\/wp\/v2\/types\/page"}],"author":[{"embeddable":true,"href":"https:\/\/biblian.is\/fraedsla\/wp-json\/wp\/v2\/users\/1"}],"replies":[{"embeddable":true,"href":"https:\/\/biblian.is\/fraedsla\/wp-json\/wp\/v2\/comments?post=5276"}],"version-history":[{"count":0,"href":"https:\/\/biblian.is\/fraedsla\/wp-json\/wp\/v2\/pages\/5276\/revisions"}],"up":[{"embeddable":true,"href":"https:\/\/biblian.is\/fraedsla\/wp-json\/wp\/v2\/pages\/4829"}],"wp:attachment":[{"href":"https:\/\/biblian.is\/fraedsla\/wp-json\/wp\/v2\/media?parent=5276"}],"curies":[{"name":"wp","href":"https:\/\/api.w.org\/{rel}","templated":true}]}}