{"id":5274,"date":"2019-04-26T13:22:30","date_gmt":"2019-04-26T13:22:30","guid":{"rendered":"https:\/\/biblian.is\/fraedsla\/?page_id=5274"},"modified":"2022-12-16T13:59:05","modified_gmt":"2022-12-16T13:59:05","slug":"lukasargudspjall-8-kafli","status":"publish","type":"page","link":"https:\/\/biblian.is\/fraedsla\/ritskyring\/lukasargudspjall-8-kafli\/","title":{"rendered":"L\u00fakasargu\u00f0spjall 8. kafli"},"content":{"rendered":"<p><strong>8.1\u00a0<\/strong><em>fagna\u00f0arerindi\u00f0 um Gu\u00f0s r\u00edki: <\/em>Sj\u00e1 athugagrein vi\u00f0 4.43.<\/p>\n<p><strong>8.2\u00a0<\/strong><em>Mar\u00eda, k\u00f6llu\u00f0 Magdalena: <\/em>Nafni\u00f0 \u00fe\u00fd\u00f0ir, a\u00f0 h\u00fan var fr\u00e1 Magdala, \u00feorpi vi\u00f0 Gal\u00edleuvatni\u00f0 vestanvert. \u00dev\u00ed hefur veri\u00f0 haldi\u00f0 fram, a\u00f0 h\u00fan hafi veri\u00f0 konan \u00ed 7.36-50, en ekkert \u00ed gu\u00f0spj\u00f6llunum rennir sto\u00f0um \u00fea\u00f0. H\u00fan var\u00f0 vitni a\u00f0 dau\u00f0a Jes\u00fa \u00e1 krossinum (sj\u00e1 Mrk 15.40-41) og h\u00fan s\u00e1 hvar hann var grafinn (L\u00fak 23.55; Mrk 15.47). \u00de\u00e1 var h\u00fan ein \u00feriggja kvenna sem f\u00f3ru til grafarinnar me\u00f0 ilmsmyrsl til \u00feess a\u00f0 smyrja me\u00f0 l\u00edkama Jes\u00fa (L\u00fak 24.1; Mrk 16.1) og h\u00fan var\u00f0 fyrst til \u00feess a\u00f0 sj\u00e1 Jes\u00fa upprisinn fr\u00e1 dau\u00f0um (L\u00fak 24.9,10; Mrk 16.9).<\/p>\n<p><strong>8.3\u00a0<\/strong><em>J\u00f3hanna, kona K\u00fasa&#8230;S\u00fasanna: <\/em>J\u00f3hanna og S\u00fasanna hafa veri\u00f0 \u00ed h\u00f3pi l\u00e6risveina Jes\u00fa og samstarfsmanna og fer\u00f0ast me\u00f0 honum (L\u00fak 23.49). Algengt var a\u00f0 konur styrktu l\u00e6rimeistara me\u00f0 peningagj\u00f6fum. S\u00fas\u00f6nnu er hvergi geti\u00f0 nema h\u00e9r. J\u00f3hanna er aftur nefnd \u00e1 nafn \u00ed L\u00fak 24.10. K\u00fasa var r\u00e1\u00f0sma\u00f0ur Her\u00f3desar Ant\u00edpasar (sj\u00e1 athugagrein vi\u00f0 3.1).<\/p>\n<p><strong>8.5\u00a0<\/strong><em>S\u00e1\u00f0ma\u00f0ur g\u00e9kk \u00fat a\u00f0 s\u00e1: <\/em>\u00deegar b\u00fai\u00f0 var a\u00f0 brj\u00f3ta j\u00f6r\u00f0ina, s\u00e1\u00f0i b\u00f3ndinn ni\u00f0ur korni s\u00ednu \u00ed akurinn me\u00f0 \u00fev\u00ed a\u00f0 kasta hnefafylli \u00ed einu. A\u00f0 s\u00e1ningu lokinni var s\u00e6\u00f0i\u00f0 pl\u00e6gt ni\u00f0ur \u00ed moldina \u00e1samt me\u00f0 kornst\u00f6nglastubbum, sem h\u00f6f\u00f0u or\u00f0i\u00f0 eftir vi\u00f0 s\u00ed\u00f0ustu uppskeru, en \u00feeir ur\u00f0u \u00e1bur\u00f0ur er \u00feeir rotnu\u00f0u. Sumt af s\u00e6\u00f0inu hlaut a\u00f0 misfarast.<\/p>\n<p><strong>8.10\u00a0<\/strong><em>Gu\u00f0s r\u00edkis: <\/em>Sj\u00e1 athugagrein vi\u00f0 4.43.<\/p>\n<p><strong>8.12\u00a0<\/strong><em>dj\u00f6fullinn: <\/em>Sj\u00e1 athugagrein vi\u00f0 4.3.<\/p>\n<p><strong>8.16\u00a0<\/strong><em>lj\u00f3s: <\/em>\u00c1 d\u00f6gum Jes\u00fa t\u00ed\u00f0ku\u00f0ust litlir leirlampar. \u00deeir brenndu \u00f3l\u00edfuol\u00edu og menn g\u00e1tu haldi\u00f0 \u00e1 \u00feeim \u00ed hendi s\u00e9r. Kveikur, l\u00edkt og \u00e1 kerti, dr\u00f3 upp ol\u00eduna. Sj\u00e1 og Matt 5.15; L\u00fak 11.33.<\/p>\n<p><strong>8.19\u00a0<\/strong><em>M\u00f3\u00f0ir Jes\u00fa og br\u00e6\u00f0ur: <\/em>\u00cd Mrk 6.3 eru br\u00e6\u00f0ur Jes\u00fa nefndir me\u00f0 nafni og \u00feess einnig geti\u00f0, a\u00f0 hann hafi \u00e1tt systur.<\/p>\n<p><strong>8.22\u00a0<\/strong><em>F\u00f6rum yfir um vatni\u00f0: <\/em>Fer\u00f0inni var heiti\u00f0 yfir \u00e1 austurstr\u00f6nd Gal\u00edleuvatns. \u00dear voru f\u00e6stir heimamanna Gy\u00f0ingar.<\/p>\n<p><strong>8.26\u00a0<\/strong><em>bygg\u00f0 Gerasena: <\/em>Gerasa (sem n\u00fa heitir Jerash) var r\u00fama 30 km fyrir austan \u00e1na J\u00f3rdan, sunnan vi\u00f0 Gal\u00edleuvatn. H\u00fan tilheyr\u00f0i &#8222;Dekap\u00f3lis&#8220; (T\u00edu borgunum), en \u00fea\u00f0 er gr\u00edskt or\u00f0 og var nota\u00f0 um samband 10 borga fyrir austan J\u00f3rdandalinn. Byggingarnar \u00ed \u00feeim voru margar reistar samkv\u00e6mt gr\u00edskri h\u00fasager\u00f0arlist og \u00feeim komi\u00f0 fyrir a\u00f0 h\u00e6tti gr\u00edskra borga. \u00cdb\u00faarnir s\u00f6mdu sig a\u00f0 si\u00f0um Grikkja.<\/p>\n<p><strong>8.27\u00a0<\/strong><em>\u00f6ndum: <\/em>Sj\u00e1 athugagrein vi\u00f0 4.33-35.<\/p>\n<p><strong>8.27\u00a0<\/strong><em>\u00ed gr\u00f6funum: <\/em>\u00dev\u00ed var tr\u00faa\u00f0 a\u00f0 illir andar hef\u00f0ust vi\u00f0 hj\u00e1 gr\u00f6fum dau\u00f0ra. Sj\u00e1 og athugagrein vi\u00f0 Matt 8.28 (gr\u00f6funum).<\/p>\n<p><strong>8.28\u00a0<\/strong><em>sonur Gu\u00f0s hins h\u00e6sta: <\/em>Andarnir vita vel a\u00f0 Jes\u00fas er sonur Gu\u00f0s, \u00fe\u00f3tt mennirnir skilji \u00fea\u00f0 ekki og s\u00e9u ekki enn tilb\u00fanir til \u00feess a\u00f0 tr\u00faa \u00fev\u00ed. Beri\u00f0 \u00feetta vers saman vi\u00f0 4.35. Sj\u00e1 og athugagrein vi\u00f0 1.35 (sonur Gu\u00f0s).<\/p>\n<p><strong>8.31\u00a0<\/strong><em>undirdj\u00fapi\u00f0: <\/em>dvalarsta\u00f0ur illra anda, sj\u00e1 og athugagrein vi\u00f0 12.5)<\/p>\n<p><strong>8.32\u00a0<\/strong><em>sv\u00ednahj\u00f6r\u00f0: <\/em>Gy\u00f0ingar h\u00e9ldu ekki sv\u00edn af \u00feeirri \u00e1st\u00e6\u00f0u a\u00f0 l\u00f6gm\u00e1l M\u00f3se banna\u00f0i neyslu sv\u00ednakj\u00f6ts. Sv\u00ednin eru til marks um \u00fea\u00f0 a\u00f0 miki\u00f0 var um hei\u00f0ingja \u00ed \u00feessu h\u00e9ra\u00f0i.<\/p>\n<p><strong>8.37\u00a0<\/strong><em>Gerasena: <\/em>Sj\u00e1 athugagrein vi\u00f0 8.26 (Gerasa).<\/p>\n<p><strong>8.41\u00a0<\/strong><em>samkundunnar: <\/em>Sj\u00e1 athugagrein vi\u00f0 4.15.<\/p>\n<p><strong>8.43\u00a0<\/strong><em>l\u00e6kna: <\/em>\u00c1 t\u00edmum N\u00fdja testamentis voru l\u00e6knar a\u00f0 st\u00f6rfum. \u00deeir stundu\u00f0u sj\u00faka og s\u00e6r\u00f0a og kunnu \u00fdmislegt fyrir s\u00e9r, en h\u00f6f\u00f0u takmarka\u00f0a \u00feekkingu \u00e1 ors\u00f6kum sj\u00fakd\u00f3ma. <a href=\"https:\/\/biblian.is\/fraedsla\/samtidarsaga-bibliunnar\/kraftaverk-tofrar-og-laeknisdomar\/\">Sj\u00e1 greinina &#8222;Kraftaverk, t\u00f6frar og l\u00e6knisd\u00f3mar&#8220;.<\/a><\/p>\n<p><strong>8.43\u00a0<\/strong>Or\u00f0in <em>&#8222;vari\u00f0 til aleigu sinni&#8220;<\/em>vantar \u00ed sum handrit.<\/p>\n<p><strong>8.45\u00a0<\/strong><em>tre\u00f0st a\u00f0\u00a0<\/em><em>\u00fe\u00e9r og \u00fer\u00fdstir \u00e1: <\/em>Sum handirt b\u00e6ta vi\u00f0 &#8222;og \u00fe\u00fa spyr\u00f0: &#8216;Hver snart mig?'&#8220;<\/p>\n<p><strong>8.51\u00a0<\/strong><em>P\u00e9tri, J\u00f3hannesi og Jakobi: <\/em>\u00der\u00edr af postulunum. \u00deeir voru \u00e1\u00f0ur fiskimenn. Jakob og J\u00f3hannes voru br\u00e6\u00f0ur (L\u00fakas 5.1-10). Allir ur\u00f0u \u00feeir vitni a\u00f0 \u00fev\u00ed er Jes\u00fas ummynda\u00f0ist \u00e1 fjallinu (L\u00fakas 9.28-36). \u00deeir voru l\u00edka me\u00f0 Jes\u00fa \u00ed Getsemane \u00feegar hann ba\u00f0st fyrir \u00e1\u00f0ur en hann var tekinn h\u00f6ndum (Mrk 14.33).<\/p>\n<p><strong>8.55\u00a0<\/strong><em>a\u00f0 gefa henni a\u00f0 eta: <\/em>\u00deegar st\u00falkan f\u00e6ri a\u00f0 bor\u00f0a var \u00fea\u00f0 til marks um a\u00f0 h\u00fan v\u00e6ri lifandi manneskja, en ekki andi. Beri\u00f0 saman vi\u00f0 L\u00fakas 24.30-43. Eftir a\u00f0 Jes\u00fas var reistur upp fr\u00e1 dau\u00f0um sl\u00f3st hann \u00ed f\u00f6r me\u00f0 tveimur l\u00e6risveinum s\u00ednum \u00e1 lei\u00f0 til Emmaus. \u00deeir \u00feekktu hann, \u00feegar hann braut brau\u00f0i\u00f0. Seinna, \u00feegar hann birtist l\u00e6risveinum s\u00ednum, sn\u00e6ddi hann me\u00f0 \u00feeim.<\/p>\n","protected":false},"excerpt":{"rendered":"<p>8.1\u00a0fagna\u00f0arerindi\u00f0 um Gu\u00f0s r\u00edki: Sj\u00e1 athugagrein vi\u00f0 4.43. 8.2\u00a0Mar\u00eda, k\u00f6llu\u00f0 <a href=\"https:\/\/biblian.is\/fraedsla\/ritskyring\/lukasargudspjall-8-kafli\/\"> [&#8230;]<\/a><\/p>\n","protected":false},"author":1,"featured_media":0,"parent":4829,"menu_order":0,"comment_status":"closed","ping_status":"closed","template":"","meta":{"footnotes":""},"class_list":["post-5274","page","type-page","status-publish","hentry"],"_links":{"self":[{"href":"https:\/\/biblian.is\/fraedsla\/wp-json\/wp\/v2\/pages\/5274","targetHints":{"allow":["GET"]}}],"collection":[{"href":"https:\/\/biblian.is\/fraedsla\/wp-json\/wp\/v2\/pages"}],"about":[{"href":"https:\/\/biblian.is\/fraedsla\/wp-json\/wp\/v2\/types\/page"}],"author":[{"embeddable":true,"href":"https:\/\/biblian.is\/fraedsla\/wp-json\/wp\/v2\/users\/1"}],"replies":[{"embeddable":true,"href":"https:\/\/biblian.is\/fraedsla\/wp-json\/wp\/v2\/comments?post=5274"}],"version-history":[{"count":0,"href":"https:\/\/biblian.is\/fraedsla\/wp-json\/wp\/v2\/pages\/5274\/revisions"}],"up":[{"embeddable":true,"href":"https:\/\/biblian.is\/fraedsla\/wp-json\/wp\/v2\/pages\/4829"}],"wp:attachment":[{"href":"https:\/\/biblian.is\/fraedsla\/wp-json\/wp\/v2\/media?parent=5274"}],"curies":[{"name":"wp","href":"https:\/\/api.w.org\/{rel}","templated":true}]}}