{"id":5254,"date":"2019-04-22T17:45:01","date_gmt":"2019-04-22T17:45:01","guid":{"rendered":"https:\/\/biblian.is\/fraedsla\/?page_id=5254"},"modified":"2026-04-17T13:01:05","modified_gmt":"2026-04-17T13:01:05","slug":"eg-er","status":"publish","type":"page","link":"https:\/\/biblian.is\/fraedsla\/ordtakasafn\/eg-er\/","title":{"rendered":"\u00c9g er"},"content":{"rendered":"<p>\u00deegar Gu\u00f0 bau\u00f0 M\u00f3se a\u00f0 lei\u00f0a \u00fej\u00f3\u00f0 s\u00edna, \u00cdsraelsmenn, \u00fat af Egyptalandi og til fyrirheitna landsins (Kanaanslands), \u00fe\u00e1 sag\u00f0i hann: &#8222;\u00c9g er Gu\u00f0 f\u00f6\u00f0ur \u00fe\u00edns, Gu\u00f0 Abrahams, Gu\u00f0 \u00cdsaks og Gu\u00f0 Jakobs&#8220; (2M\u00f3s 3.1-6). \u00deegar M\u00f3se spur\u00f0i Gu\u00f0 hva\u00f0 hann h\u00e9ti, \u00fe\u00e1 var svari\u00f0: &#8222;\u00c9g er s\u00e1 sem \u00e9g er. Og svo skalt \u00fe\u00fa segja \u00cdsraelsm\u00f6nnum: &#8222;\u00c9g er&#8220; sendi mig til y\u00f0ar.&#8220;<\/p>\n<p>Hebreska nafni\u00f0 <em>Yahweh\u00a0<\/em>er tali\u00f0 skylt hebresku s\u00f6gninni &#8222;a\u00f0 vera&#8220; og kann \u00fev\u00ed a\u00f0 \u00fe\u00fd\u00f0a &#8222;\u00e9g er s\u00e1 sem er&#8220; e\u00f0a &#8222;\u00e9g ver\u00f0 \u00fea\u00f0 sem \u00e9g ver\u00f0&#8220; e\u00f0a jafnvel &#8222;\u00e9g er s\u00e1 sem veld \u00fev\u00ed sem er.&#8220; \u00deessar merkingar nafnsins benda til \u00feess a\u00f0 Yahweh s\u00e9 s\u00e1 Gu\u00f0 sem<em>er, mui ver\u00f0a og er uppspretta allrar veru.\u00a0<\/em>Yahweh, Gu\u00f0, er upphaf allra hluta og mun koma \u00ed framkv\u00e6md \u00feeim fyrir\u00e6tlunum sem hann hefur \u00ed hyggju me\u00f0 l\u00fd\u00f0 sinn og sk\u00f6pun alla.<\/p>\n<p>\u00cd J\u00f3hannesargu\u00f0spjalli hefjast m\u00f6rg umm\u00e6li Jes\u00fa um sj\u00e1lfan sig \u00e1 or\u00f0unum &#8222;\u00e9g er.&#8220; Me\u00f0 \u00feessu eignar hann s\u00e9r eiginleika Gu\u00f0s og e\u00f0li og l\u00fdsir \u00fev\u00ed sem Gu\u00f0 hefur fali\u00f0 honum a\u00f0 vinna fyrir mannf\u00f3lki\u00f0 \u00ed heiminum. Jes\u00fas kve\u00f0st uppfylla allar \u00fearfir (&#8222;\u00e9g er brau\u00f0 l\u00edfsins,&#8220; J\u00f3h 6.35) og hann segist f\u00e6ra m\u00f6nnunum \u00feekkingu \u00e1 Gu\u00f0i (&#8222;\u00e9g er lj\u00f3s heimsins,&#8220; J\u00f3h 8.12). \u00c1 sama h\u00e1tt sta\u00f0h\u00e6fir hann a\u00f0 hann s\u00e9 lei\u00f0in til Gu\u00f0s og s\u00e1 sem hj\u00e1lpi f\u00f3lki til \u00feess a\u00f0 ver\u00f0a Gu\u00f0s b\u00f6rn (&#8222;\u00e9g er dyr sau\u00f0anna,&#8220; J\u00f3h 10.7-16; og &#8222;\u00e9g er vegurinn, sannleikurinn og l\u00edfi\u00f0,&#8220; J\u00f3h 14.6). Hann notar l\u00edkingu \u00far sp\u00e1d\u00f3msb\u00f3k Jesaja og kve\u00f0st sj\u00e1lfur vera &#8222;hinn sanni v\u00ednvi\u00f0ur&#8220;, en segir jafnframt a\u00f0 l\u00e6risveinar hans s\u00e9u &#8222;greinarnar&#8220;, sem allar nj\u00f3ti g\u00f3\u00f0s af saml\u00edfi hins n\u00fdja Gu\u00f0s l\u00fd\u00f0s (J\u00f3h 15.1,5; sj\u00e1 og Jes 5.1-7). \u00deegar Jes\u00fas vitnar me\u00f0 \u00feessum h\u00e6tti \u00ed helgirit Gy\u00f0inga, gefur hann til kynna a\u00f0 hann hafi fr\u00e1 upphafi veri\u00f0 hj\u00e1 Gu\u00f0i: &#8222;\u00c1\u00f0ur en Abraham f\u00e6ddist er \u00e9g&#8220; (8.58).<\/p>\n","protected":false},"excerpt":{"rendered":"<p>\u00deegar Gu\u00f0 bau\u00f0 M\u00f3se a\u00f0 lei\u00f0a \u00fej\u00f3\u00f0 s\u00edna, \u00cdsraelsmenn, \u00fat <a href=\"https:\/\/biblian.is\/fraedsla\/ordtakasafn\/eg-er\/\"> [&#8230;]<\/a><\/p>\n","protected":false},"author":1,"featured_media":0,"parent":4827,"menu_order":0,"comment_status":"closed","ping_status":"closed","template":"","meta":{"footnotes":""},"class_list":["post-5254","page","type-page","status-publish","hentry"],"_links":{"self":[{"href":"https:\/\/biblian.is\/fraedsla\/wp-json\/wp\/v2\/pages\/5254","targetHints":{"allow":["GET"]}}],"collection":[{"href":"https:\/\/biblian.is\/fraedsla\/wp-json\/wp\/v2\/pages"}],"about":[{"href":"https:\/\/biblian.is\/fraedsla\/wp-json\/wp\/v2\/types\/page"}],"author":[{"embeddable":true,"href":"https:\/\/biblian.is\/fraedsla\/wp-json\/wp\/v2\/users\/1"}],"replies":[{"embeddable":true,"href":"https:\/\/biblian.is\/fraedsla\/wp-json\/wp\/v2\/comments?post=5254"}],"version-history":[{"count":0,"href":"https:\/\/biblian.is\/fraedsla\/wp-json\/wp\/v2\/pages\/5254\/revisions"}],"up":[{"embeddable":true,"href":"https:\/\/biblian.is\/fraedsla\/wp-json\/wp\/v2\/pages\/4827"}],"wp:attachment":[{"href":"https:\/\/biblian.is\/fraedsla\/wp-json\/wp\/v2\/media?parent=5254"}],"curies":[{"name":"wp","href":"https:\/\/api.w.org\/{rel}","templated":true}]}}