{"id":5250,"date":"2019-04-22T17:41:09","date_gmt":"2019-04-22T17:41:09","guid":{"rendered":"https:\/\/biblian.is\/fraedsla\/?page_id=5250"},"modified":"2026-04-17T13:01:11","modified_gmt":"2026-04-17T13:01:11","slug":"johannesargudspjall-inngangur","status":"publish","type":"page","link":"https:\/\/biblian.is\/fraedsla\/ritskyring\/johannesargudspjall-inngangur\/","title":{"rendered":"J\u00f3hannesargu\u00f0spjall &#8211; Inngangur"},"content":{"rendered":"<p><em>Merki og t\u00e1kn \u00fej\u00f3na \u00fev\u00ed hlutverki a\u00f0 v\u00edsa veginn og lei\u00f0beina. \u00deegar vi\u00f0 lesum J\u00f3hanneargu\u00f0spjall skulum vi\u00f0 taka vel eftir t\u00e1knunum (kraftaverkunum) sem opna augu okkar fyrir \u00fev\u00ed a\u00f0 Jes\u00fas er sonur hins lifanda Gu\u00f0s.<\/em><\/p>\n<h3>Hver eru s\u00e9reinkenni J\u00f3hannesargu\u00f0spjalls?<\/h3>\n<p>J\u00f3hannes gu\u00f0spjallama\u00f0ur segir fr\u00e1 l\u00edfi, starfi og pr\u00e9dikun Jes\u00fa me\u00f0 \u00f6\u00f0rum h\u00e6tti en samstofna gu\u00f0spj\u00f6llin, Matteus, Mark\u00fas og L\u00fakas. J\u00f3hannes getur h\u00f6fu\u00f0vi\u00f0bur\u00f0a \u00ed \u00e6vi Jes\u00fa, en leitast \u00fe\u00f3 umfram allt vi\u00f0 a\u00f0 svara \u00feremur spurningum:<\/p>\n<ol>\n<li><em>Hver er Jes\u00fas? <\/em>\u00cd fyrsta kap\u00edtula gu\u00f0spjalls s\u00edns kallar J\u00f3hannes Jes\u00fas &#8222;Or\u00f0i\u00f0,&#8220; sem var hj\u00e1 Gu\u00f0i \u00feegar hann skapa\u00f0i lj\u00f3si\u00f0 og l\u00edfi\u00f0. Or\u00f0i\u00f0 var\u00f0 hold, \u00fea\u00f0 var\u00f0 ma\u00f0ur (1.14), til \u00feess a\u00f0 vi\u00f0 fengjum a\u00f0 sj\u00e1 n\u00e1kv\u00e6mlega hvernig Gu\u00f0 er. J\u00f3hannes sk\u00edrari kallar Jes\u00fa &#8222;Gu\u00f0s lamb sem ber synd heimsins&#8220; (1.29). Filippus kemst flj\u00f3tlega a\u00f0 \u00feeirri ni\u00f0urst\u00f6\u00f0u a\u00f0 Jes\u00fas s\u00e9 s\u00e1 &#8222;sem M\u00f3se skrifar um l\u00ed l\u00f6gm\u00e1linu og einnig sp\u00e1mennirnir&#8220; (1.45). Natanael segir vi\u00f0 Jes\u00fa: &#8222;\u00de\u00fa ert sonur Gu\u00f0s, \u00fe\u00fa ert konungur \u00cdsraels&#8220; (1.49). \u00cd gu\u00f0spjallinu segir Jes\u00fas um sj\u00e1lfan sig, a\u00f0 hann s\u00e9 Mess\u00edas (4.25,26); brau\u00f0 l\u00edfsins (6.35); uppspretta lifandi vatns (7.37-39); g\u00f3\u00f0i hir\u00f0irinn (10.14); s\u00e1 sem reisir dau\u00f0a til l\u00edfs a\u00f0 n\u00fdju (11.25); vegurinn, sannleikurinn og l\u00edfi\u00f0 (14.6) og hinn sanni v\u00ednvi\u00f0ur (15.1). J\u00f3hannes kann lika fr\u00e1 \u00fev\u00ed a\u00f0 segja, a\u00f0 Jes\u00fas notar oft or\u00f0in &#8222;\u00e9g er&#8220; um sj\u00e1lfan sig sem verkf\u00e6ri Gu\u00f0s. \u00dea\u00f0 minnir \u00e1 or\u00f0in sem M\u00f3se var sagt a\u00f0 vi\u00f0hafa \u00feegar hann tala\u00f0i um Gu\u00f0 (2M\u00f3s 2.12-15).<\/li>\n<li><em>Hva\u00f0a verk Jes\u00fa sanna a\u00f0 hann er Gu\u00f0s sonur?<\/em>J\u00f3hannes hermir fr\u00e1 m\u00f6rgum kraftaverkum (&#8222;t\u00e1knum&#8220;) sem sk\u00fdra n\u00e1nar hva\u00f0 or\u00f0 Jes\u00fa og verk merkja. \u00deegar hann breytir vatni \u00ed v\u00edn, l\u00e6gir \u00f3ve\u00f0ri\u00f0 \u00e1 vatninu, mettar \u00fe\u00fasundirnar, l\u00e6knar sj\u00faka og reisir dau\u00f0a til l\u00edfs, \u00fe\u00e1 s\u00fdnir hann a\u00f0 hann er Gu\u00f0s sonur a\u00f0 vinna \u00fea\u00f0 sem honum var fali\u00f0 af Gu\u00f0i: a\u00f0 f\u00e6ra \u00f6llu f\u00f3lki n\u00fdtt l\u00edf.<\/li>\n<li><em>Hva\u00f0 bar \u00feeim \u00e1 milli sem vildu fylgja Jes\u00fa og hinum sem st\u00f3\u00f0u \u00ed gegn honum?<\/em>J\u00f3hannesargu\u00f0spjall sk\u00fdrir n\u00faninginn \u00e1 milli \u00feeirra sem t\u00f3ku n\u00fdjum kenningum Jes\u00fa tveim h\u00f6ndum og hinna sem t\u00f6ldu sig ekki geta \u00fea\u00f0 nema me\u00f0 \u00fev\u00ed a\u00f0 \u00f3hl\u00fd\u00f0nast l\u00f6gm\u00e1li M\u00f3se.<\/li>\n<\/ol>\n<h3>Af hverju var J\u00f3hannesargu\u00f0spjall rita\u00f0?<\/h3>\n<p><strong>\u00a0<\/strong>\u00deeirri spurningu er svara\u00f0 kl\u00e1rt og kvitt \u00ed 31. versi 20. kap\u00edtula gu\u00f0spjallsins: &#8222;\u00deetta er rita\u00f0 til \u00feess a\u00f0 \u00fei\u00f0 tr\u00fai\u00f0 a\u00f0 Jes\u00fas s\u00e9 Kristur, sonur Gu\u00f0s, og a\u00f0 \u00fei\u00f0 \u00ed tr\u00fanni eigi\u00f0 l\u00edf \u00ed hans nafni.&#8220;<\/p>\n<h3>Hven\u00e6r er gu\u00f0spjalli\u00f0 skrifa\u00f0?<strong>\u00a0<\/strong><\/h3>\n<p>J\u00f3hannesargu\u00f0spjall er til or\u00f0i\u00f0 meira en h\u00e1lfri \u00f6ld eftir dau\u00f0a og upprisu Jes\u00fa og \u00e1rei\u00f0anlega eftir a\u00f0 R\u00f3mverjar b\u00e6ldu ni\u00f0ur uppreisn Gy\u00f0inga og ey\u00f0il\u00f6g\u00f0u musteri\u00f0 \u00ed Jer\u00fasalem \u00e1ri\u00f0 70 e. Kr. Upp fr\u00e1 \u00fev\u00ed var \u00feeim Gy\u00f0ingum, sem or\u00f0nir voru l\u00e6risveinar Jes\u00fa, banna\u00f0 a\u00f0 s\u00e6kja samkundurnar. J\u00f3hannes nefnir \u00feetta \u00e1 \u00feremur st\u00f6\u00f0um \u00ed riti s\u00ednu (9.22-23; 12.42; 16.1).<\/p>\n<h3>Hvernig er efni gu\u00f0spjallsins skipa\u00f0 ni\u00f0ur?<\/h3>\n<p>S\u00f6gusvi\u00f0 J\u00f3hannesargu\u00f0spjalls er \u00fdmist Gal\u00edlea e\u00f0a Jer\u00fasalemsborg og n\u00e1grenni hennar. Margir atbur\u00f0ir eiga s\u00e9r sta\u00f0 \u00e1 h\u00e1t\u00ed\u00f0um Gy\u00f0inga. S\u00f6gu\u00fer\u00e1\u00f0urinn er \u00ed st\u00f3rum dr\u00e1ttum \u00feessi:<\/p>\n<p>&nbsp;<\/p>\n<ul>\n<li><strong>Hver er Jes\u00fas (1.1-51)<\/strong><\/li>\n<li><strong>Sj\u00f6 kraftaverk Jes\u00fa (2.1-11.57)<\/strong>\n<ul>\n<li>Kraftaverkin ur\u00f0u til \u00feess a\u00f0 f\u00f3lk t\u00f3k a\u00f0 l\u00edta \u00e1 Jes\u00fa anna\u00f0 hvort sem vin e\u00f0a fjandmann.<\/li>\n<\/ul>\n<\/li>\n<\/ul>\n<ol>\n<li style=\"list-style-type: none;\">\n<ol>\n<li><em> Br\u00fa\u00f0kaupi\u00f0 \u00ed Kana (2.1-12)<\/em><\/li>\n<\/ol>\n<\/li>\n<\/ol>\n<ul>\n<li style=\"list-style-type: none;\">\n<ul>\n<li>Starf Jes\u00fa \u00ed J\u00fadeu og Samar\u00edu (2.13-4.42)<\/li>\n<\/ul>\n<\/li>\n<\/ul>\n<ol>\n<li style=\"list-style-type: none;\">\n<ol start=\"2\">\n<li><em> Jes\u00fas l\u00e6knar son konungsmannsins (4.43-54) <\/em><\/li>\n<li><em> Jes\u00fas l\u00e6knar sj\u00faka manninn vi\u00f0 Betesda-laug (5.1-47)<\/em><\/li>\n<li><em> Jes\u00fas mettar fimm \u00fe\u00fasund manns (6.1-15)<\/em><\/li>\n<li><em> Jes\u00fas gengur \u00e1 vatninu (6.16-21)<\/em><\/li>\n<\/ol>\n<\/li>\n<\/ol>\n<ul>\n<li style=\"list-style-type: none;\">\n<ul>\n<li>Jes\u00fas kennir \u00ed Gal\u00edleu og J\u00fadeu (6.22-8.59)<\/li>\n<\/ul>\n<\/li>\n<\/ul>\n<ol>\n<li style=\"list-style-type: none;\">\n<ol start=\"6\">\n<li><em> Jes\u00fas l\u00e6knar mann, sem f\u00e6ddur var blindur (9.1-41)<\/em><\/li>\n<\/ol>\n<\/li>\n<\/ol>\n<ul>\n<li style=\"list-style-type: none;\">\n<ul>\n<li>G\u00f3\u00f0i hir\u00f0irinn og hj\u00f6r\u00f0 hans (10.1-42)<\/li>\n<\/ul>\n<\/li>\n<\/ul>\n<ol>\n<li style=\"list-style-type: none;\">\n<ol start=\"7\">\n<li><em> Jes\u00fas reisir Lasarus upp fr\u00e1 dau\u00f0um (11.1-44)<\/em><strong>\u00a0<\/strong><\/li>\n<\/ol>\n<\/li>\n<\/ol>\n<ul>\n<li style=\"list-style-type: none;\"><\/li>\n<li><strong>S\u00ed\u00f0ustu dagar Jes\u00fa (11.45-19.42)<\/strong>\n<ul>\n<li>A\u00f0dragandi a\u00f0 dau\u00f0a Jes\u00fa (11.45-12.5o)<\/li>\n<li>Jes\u00fas b\u00fdr l\u00e6risveina s\u00edna undir \u00fea\u00f0 sem koma skal (13.1-17.26)<\/li>\n<li>Handtaka, r\u00e9ttarh\u00f6ld og krossdau\u00f0i (18.1-19.42)<\/li>\n<\/ul>\n<\/li>\n<li><strong>Jes\u00fas birtist l\u00e6risveinum s\u00ednum (20.1-21.25)<\/strong><\/li>\n<\/ul>\n<p>&nbsp;<\/p>\n","protected":false},"excerpt":{"rendered":"<p>Merki og t\u00e1kn \u00fej\u00f3na \u00fev\u00ed hlutverki a\u00f0 v\u00edsa veginn og <a href=\"https:\/\/biblian.is\/fraedsla\/ritskyring\/johannesargudspjall-inngangur\/\"> [&#8230;]<\/a><\/p>\n","protected":false},"author":1,"featured_media":0,"parent":4829,"menu_order":0,"comment_status":"closed","ping_status":"closed","template":"","meta":{"footnotes":""},"class_list":["post-5250","page","type-page","status-publish","hentry"],"_links":{"self":[{"href":"https:\/\/biblian.is\/fraedsla\/wp-json\/wp\/v2\/pages\/5250","targetHints":{"allow":["GET"]}}],"collection":[{"href":"https:\/\/biblian.is\/fraedsla\/wp-json\/wp\/v2\/pages"}],"about":[{"href":"https:\/\/biblian.is\/fraedsla\/wp-json\/wp\/v2\/types\/page"}],"author":[{"embeddable":true,"href":"https:\/\/biblian.is\/fraedsla\/wp-json\/wp\/v2\/users\/1"}],"replies":[{"embeddable":true,"href":"https:\/\/biblian.is\/fraedsla\/wp-json\/wp\/v2\/comments?post=5250"}],"version-history":[{"count":0,"href":"https:\/\/biblian.is\/fraedsla\/wp-json\/wp\/v2\/pages\/5250\/revisions"}],"up":[{"embeddable":true,"href":"https:\/\/biblian.is\/fraedsla\/wp-json\/wp\/v2\/pages\/4829"}],"wp:attachment":[{"href":"https:\/\/biblian.is\/fraedsla\/wp-json\/wp\/v2\/media?parent=5250"}],"curies":[{"name":"wp","href":"https:\/\/api.w.org\/{rel}","templated":true}]}}

Jóhannesarguðspjall &#8211; Inngangur

<p><em>Merki og tákn þjóna því hlutverki að vísa veginn og leiðbeina. Þegar við lesum Jóhannearguðspjall skulum við taka vel eftir táknunum (kraftaverkunum) sem opna augu okkar fyrir því að Jesús er sonur hins lifanda Guðs.</em></p>
<h3>Hver eru séreinkenni Jóhannesarguðspjalls?</h3>
<p>Jóhannes guðspjallamaður segir frá lífi, starfi og prédikun Jesú með öðrum hætti en samstofna guðspjöllin, Matteus, Markús og Lúkas. Jóhannes getur höfuðviðburða í ævi Jesú, en leitast þó umfram allt við að svara þremur spurningum:</p>
<ol>
<li><em>Hver er Jesús? </em>Í fyrsta kapítula guðspjalls síns kallar Jóhannes Jesús &#8222;Orðið,&#8220; sem var hjá Guði þegar hann skapaði ljósið og lífið. Orðið varð hold, það varð maður (1.14), til þess að við fengjum að sjá nákvæmlega hvernig Guð er. Jóhannes skírari kallar Jesú &#8222;Guðs lamb sem ber synd heimsins&#8220; (1.29). Filippus kemst fljótlega að þeirri niðurstöðu að Jesús sé sá &#8222;sem Móse skrifar um lí lögmálinu og einnig spámennirnir&#8220; (1.45). Natanael segir við Jesú: &#8222;Þú ert sonur Guðs, þú ert konungur Ísraels&#8220; (1.49). Í guðspjallinu segir Jesús um sjálfan sig, að hann sé Messías (4.25,26); brauð lífsins (6.35); uppspretta lifandi vatns (7.37-39); góði hirðirinn (10.14); sá sem reisir dauða til lífs að nýju (11.25); vegurinn, sannleikurinn og lífið (14.6) og hinn sanni vínviður (15.1). Jóhannes kann lika frá því að segja, að Jesús notar oft orðin &#8222;ég er&#8220; um sjálfan sig sem verkfæri Guðs. Það minnir á orðin sem Móse var sagt að viðhafa þegar hann talaði um Guð (2Mós 2.12-15).</li>
<li><em>Hvaða verk Jesú sanna að hann er Guðs sonur?</em>Jóhannes hermir frá mörgum kraftaverkum (&#8222;táknum&#8220;) sem skýra nánar hvað orð Jesú og verk merkja. Þegar hann breytir vatni í vín, lægir óveðrið á vatninu, mettar þúsundirnar, læknar sjúka og reisir dauða til lífs, þá sýnir hann að hann er Guðs sonur að vinna það sem honum var falið af Guði: að færa öllu fólki nýtt líf.</li>
<li><em>Hvað bar þeim á milli sem vildu fylgja Jesú og hinum sem stóðu í gegn honum?</em>Jóhannesarguðspjall skýrir núninginn á milli þeirra sem tóku nýjum kenningum Jesú tveim höndum og hinna sem töldu sig ekki geta það nema með því að óhlýðnast lögmáli Móse.</li>
</ol>
<h3>Af hverju var Jóhannesarguðspjall ritað?</h3>
<p><strong> </strong>Þeirri spurningu er svarað klárt og kvitt í 31. versi 20. kapítula guðspjallsins: &#8222;Þetta er ritað til þess að þið trúið að Jesús sé Kristur, sonur Guðs, og að þið í trúnni eigið líf í hans nafni.&#8220;</p>
<h3>Hvenær er guðspjallið skrifað?<strong> </strong></h3>
<p>Jóhannesarguðspjall er til orðið meira en hálfri öld eftir dauða og upprisu Jesú og áreiðanlega eftir að Rómverjar bældu niður uppreisn Gyðinga og eyðilögðu musterið í Jerúsalem árið 70 e. Kr. Upp frá því var þeim Gyðingum, sem orðnir voru lærisveinar Jesú, bannað að sækja samkundurnar. Jóhannes nefnir þetta á þremur stöðum í riti sínu (9.22-23; 12.42; 16.1).</p>
<h3>Hvernig er efni guðspjallsins skipað niður?</h3>
<p>Sögusvið Jóhannesarguðspjalls er ýmist Galílea eða Jerúsalemsborg og nágrenni hennar. Margir atburðir eiga sér stað á hátíðum Gyðinga. Söguþráðurinn er í stórum dráttum þessi:</p>
<p>&nbsp;</p>
<ul>
<li><strong>Hver er Jesús (1.1-51)</strong></li>
<li><strong>Sjö kraftaverk Jesú (2.1-11.57)</strong>
<ul>
<li>Kraftaverkin urðu til þess að fólk tók að líta á Jesú annað hvort sem vin eða fjandmann.</li>
</ul>
</li>
</ul>
<ol>
<li style="list-style-type: none;">
<ol>
<li><em> Brúðkaupið í Kana (2.1-12)</em></li>
</ol>
</li>
</ol>
<ul>
<li style="list-style-type: none;">
<ul>
<li>Starf Jesú í Júdeu og Samaríu (2.13-4.42)</li>
</ul>
</li>
</ul>
<ol>
<li style="list-style-type: none;">
<ol start="2">
<li><em> Jesús læknar son konungsmannsins (4.43-54) </em></li>
<li><em> Jesús læknar sjúka manninn við Betesda-laug (5.1-47)</em></li>
<li><em> Jesús mettar fimm þúsund manns (6.1-15)</em></li>
<li><em> Jesús gengur á vatninu (6.16-21)</em></li>
</ol>
</li>
</ol>
<ul>
<li style="list-style-type: none;">
<ul>
<li>Jesús kennir í Galíleu og Júdeu (6.22-8.59)</li>
</ul>
</li>
</ul>
<ol>
<li style="list-style-type: none;">
<ol start="6">
<li><em> Jesús læknar mann, sem fæddur var blindur (9.1-41)</em></li>
</ol>
</li>
</ol>
<ul>
<li style="list-style-type: none;">
<ul>
<li>Góði hirðirinn og hjörð hans (10.1-42)</li>
</ul>
</li>
</ul>
<ol>
<li style="list-style-type: none;">
<ol start="7">
<li><em> Jesús reisir Lasarus upp frá dauðum (11.1-44)</em><strong> </strong></li>
</ol>
</li>
</ol>
<ul>
<li style="list-style-type: none;"></li>
<li><strong>Síðustu dagar Jesú (11.45-19.42)</strong>
<ul>
<li>Aðdragandi að dauða Jesú (11.45-12.5o)</li>
<li>Jesús býr lærisveina sína undir það sem koma skal (13.1-17.26)</li>
<li>Handtaka, réttarhöld og krossdauði (18.1-19.42)</li>
</ul>
</li>
<li><strong>Jesús birtist lærisveinum sínum (20.1-21.25)</strong></li>
</ul>
<p>&nbsp;</p>

<p>Merki og tákn þjóna því hlutverki að vísa veginn og <a href="https://biblian.is/fraedsla/ritskyring/johannesargudspjall-inngangur/"> [&#8230;]</a></p>
