{"id":5242,"date":"2019-04-22T17:28:45","date_gmt":"2019-04-22T17:28:45","guid":{"rendered":"https:\/\/biblian.is\/fraedsla\/?page_id=5242"},"modified":"2022-12-16T13:59:05","modified_gmt":"2022-12-16T13:59:05","slug":"lukasargudspjall-5-kafli","status":"publish","type":"page","link":"https:\/\/biblian.is\/fraedsla\/ritskyring\/lukasargudspjall-5-kafli\/","title":{"rendered":"L\u00fakasargu\u00f0spjall 5. kafli"},"content":{"rendered":"<p><strong>5.1\u00a0<\/strong><em>Genesaretvatn: <\/em>Anna\u00f0 nafn \u00e1 Gal\u00edleuvatni \u00ed nor\u00f0urhluta J\u00f3dandalsins. Vatni\u00f0 er 21 km a\u00f0 lengd og brei\u00f0ast 12 km. R\u00f3mverjar nefndu \u00fea\u00f0 T\u00edber\u00edasvatn (J\u00f3h 6.1; 21.1) eftir einum keisaranna.<\/p>\n<p><strong>5.2\u00a0<\/strong><em>fiskimennirnir&#8230;\u00fevo\u00f0u net s\u00edn: <\/em><a href=\"https:\/\/biblian.is\/fraedsla\/ordtakasafn\/fiskur-og-fiskveidar\/\">Sj\u00e1 &#8222;Fiskvei\u00f0ar&#8220;.<\/a> Fiskimenn \u00fevo\u00f0u netin til \u00feess a\u00f0 sl\u00edmi\u00f0 af fiskinum \u00feorna\u00f0i ekki \u00e1 \u00feeim og \u00feau yr\u00f0u \u00f3me\u00f0f\u00e6rileg.<\/p>\n<p><strong>5.3\u00a0<\/strong><em>settist: <\/em>Kennarar til forna kenndu sitjandi (sj\u00e1 og Matt 5.1).<\/p>\n<p><strong>5.8\u00a0<\/strong><em>S\u00edmon P\u00e9tur: <\/em>Nafn S\u00edmonar \u00e1 gr\u00edsku (P\u00e9tur) og vi\u00f0urnefni hans \u00e1 hebresku (Kefas) merkja b\u00e6\u00f0i &#8222;klettur.&#8220; Sj\u00e1 og 9.20 og athugagrein vi\u00f0 4.38.<\/p>\n<p><strong>5.8\u00a0<\/strong><em>\u00e9g er syndugur ma\u00f0ur: <\/em>\u00cd 1M\u00f3s 3 segir fr\u00e1 \u00fev\u00ed er syndin kom \u00ed heiminn. Sj\u00e1 og R\u00f3m 3.23. P\u00e9tur bar kennsl \u00e1 d\u00fdr\u00f0 Gu\u00f0s er birtist \u00ed Jes\u00fa. Um lei\u00f0 var honum lj\u00f3st, a\u00f0 hann var syndugur ma\u00f0ur. <a href=\"https:\/\/biblian.is\/fraedsla\/ordtakasafn\/synd\/\">Sj\u00e1 og &#8222;Synd&#8220;. <\/a><\/p>\n<p><strong>5.10\u00a0<\/strong><em>Jakob og J\u00f3hannes Sebedeussyni: <\/em>\u00deessir br\u00e6\u00f0ur ur\u00f0u l\u00e6risveinar Jes\u00fa (5.11; 6.14). Hann kalla\u00f0i \u00fe\u00e1 &#8222;Boanerges&#8220; sem \u00fe\u00fd\u00f0ir &#8222;\u00ferumusynir&#8220; (Mrk 3.17).<\/p>\n<p><strong>5.12\u00a0<\/strong><em>l\u00edk\u00fer\u00e1: <\/em>Sj\u00e1 athugagrein vi\u00f0 4.27.<\/p>\n<p><strong>5.14\u00a0<\/strong><em>bau\u00f0 honum a\u00f0 segja \u00feetta engum: <\/em>Oft ba\u00f0 Jes\u00fas \u00fe\u00e1 sem hann l\u00e6kna\u00f0i a\u00f0 segja engum fr\u00e1 \u00fev\u00ed (Mrk 3.10-12; 7.34-36). Ef til vill vildi hann koma \u00ed veg fyrir a\u00f0 \u00feeir flykktust a\u00f0 honum sem v\u00e6ru \u00e1 h\u00f6ttunum eftir undrum og st\u00f3rmerkjum fremur en a\u00f0 \u00feeir hef\u00f0u \u00e1huga \u00e1 a\u00f0 heyra um hi\u00f0 n\u00fdja Gu\u00f0s r\u00edki.<\/p>\n<p><strong>5.14\u00a0<\/strong><em>s\u00fdn \u00feig prestinum: <\/em>\u00deeir sem l\u00e6knu\u00f0ust af l\u00edk\u00fer\u00e1, ur\u00f0u a\u00f0 s\u00fdna sig prestunum, til \u00feess a\u00f0 ver\u00f0a \u00farskur\u00f0a\u00f0ir hreinir. \u00dear me\u00f0 f\u00f3ru \u00feeir a\u00f0 helgum si\u00f0 um hreinsun og voru fyrst eftir \u00fea\u00f0 velkomnir aftur \u00ed samf\u00e9lag Gu\u00f0s l\u00fd\u00f0s. Menn skyldu s\u00ed\u00f0an f\u00e6ra d\u00fdraf\u00f3rn a\u00f0 f\u00f3rnargj\u00f6f, \u00e1samt mj\u00f6li bl\u00f6ndu\u00f0u \u00f3l\u00edfuol\u00edu. Sj\u00e1 3M\u00f3s 14.1-32;\u00a0<em>far\u00edsear og l\u00f6gm\u00e1lskennendur: <\/em>Far\u00edsear komu saman \u00ed heimah\u00fasum til \u00feess a\u00f0 lesa ritningarnar og bi\u00f0jast fyrir. L\u00f6gm\u00e1lskennendur voru s\u00e9rfr\u00f3\u00f0ir \u00ed M\u00f3seb\u00f3kunum, fimm fyrstu ritum Gamla testamentis. B\u00e1\u00f0ir \u00feessir h\u00f3par manna tr\u00fa\u00f0u \u00fev\u00ed, a\u00f0 Gu\u00f0 einn g\u00e6ti fyrirgefi\u00f0 syndir. Sj\u00e1 og greinina <a href=\"https:\/\/biblian.is\/fraedsla\/samtidarsaga-bibliunnar\/mannlif-og-landshaettir-a-timum-jesu-thjodir-valdhafar-og-stjornmal\/\">&#8222;Mannl\u00edf og landsh\u00e6ttir \u00e1 t\u00edmum Jes\u00fa: \u00dej\u00f3\u00f0ir, valdhafar og stj\u00f3rnm\u00e1l&#8220;.<\/a><\/p>\n<p><strong>5.19\u00a0<\/strong><em>upp \u00e1 \u00feak: <\/em>H\u00fas\u00fe\u00f6k \u00ed Palest\u00ednu voru oftast fl\u00f6t. Upp \u00e1 \u00feau l\u00e1gu tr\u00f6ppur utan \u00e1 h\u00fasunum. \u00de\u00f6kin voru ger\u00f0 \u00far bj\u00e1lkum e\u00f0a r\u00f6ftum og hr\u00eds og greinar lagt yfir. \u00deetta var s\u00ed\u00f0an \u00feaki\u00f0 me\u00f0 leir og mold og tro\u00f0i\u00f0 \u00fear til \u00fea\u00f0 var\u00f0 a\u00f0 har\u00f0ri og \u00fe\u00e9ttri sk\u00e1n. Ef vanda skyldi s\u00e9rstaklega til h\u00fasbyggingar, var \u00feaki\u00f0 stundum me\u00f0 leirfl\u00edsum.<\/p>\n<p><strong>5.24\u00a0<\/strong><em>Mannssonurinn: <\/em><a href=\"https:\/\/biblian.is\/fraedsla\/ordtakasafn\/mannssonurinn\/\">Sj\u00e1 &#8222;Mannssonurinn&#8220;.<\/a><\/p>\n<p><strong>5.27\u00a0<\/strong><em>tollheimtumann, Lev\u00ed a\u00f0 nafni: <\/em>Anna\u00f0 nafn \u00e1 Lev\u00ed var Matteus (Matt 9.9-13). Hann hefur tr\u00falega seti\u00f0 vi\u00f0 a\u00f0 innheimta vegatoll \u00ed sk\u00fdli vi\u00f0 \u00fej\u00f3\u00f0veginn.<\/p>\n<p><strong>5.30\u00a0<\/strong><em>far\u00edsearnir og fr\u00e6\u00f0imenn: <\/em>Sj\u00e1 athugagrein vi\u00f0 5.17.<\/p>\n<p><strong>5.33\u00a0<\/strong><em>L\u00e6risveinar J\u00f3hannesar: <\/em>H\u00e9r er \u00e1tt vi\u00f0 J\u00f3hannes sk\u00edrara.<\/p>\n<p><strong>5.33\u00a0<\/strong><em>fasta: <\/em>Sj\u00e1 athugagrein vi\u00f0 2.37.<\/p>\n<p><strong>5.34 <\/strong><em>br\u00fa\u00f0guminn: <\/em>Jes\u00fas \u00e1 vi\u00f0 sj\u00e1lfan sig. Sj\u00e1 og 9.22 og 17.22.<\/p>\n<p><strong>5.36-38\u00a0<\/strong><em>b\u00f3t&#8230;belgi: <\/em>B\u00f3t \u00far n\u00fdjum, \u00f3\u00fevegnum d\u00fak var l\u00edkleg til \u00feess a\u00f0 hlaupa \u00ed \u00fevotti. V\u00e6ri h\u00fan notu\u00f0 til \u00feess a\u00f0 b\u00e6ta rifu \u00e1 g\u00f6mlu kl\u00e6\u00f0i var h\u00e6tta \u00e1 a\u00f0 vi\u00f0 \u00feetta yr\u00f0i \u00far enn verri rifa.<\/p>\n<p>Vi\u00f0 gerjun ver\u00f0ur berjasafi a\u00f0 v\u00edni. V\u00edni\u00f0 var l\u00e1ti\u00f0 \u00ed belgi \u00far skinni. Loft mynda\u00f0ist af gerjuninni og belgirnir t\u00fatnu\u00f0u \u00fat. \u00dea\u00f0 saka\u00f0i ekki ef \u00feeir voru af n\u00fdrri h\u00fa\u00f0. En v\u00e6ri n\u00fdtt v\u00edn sett \u00e1 gamla belgi og skinn \u00feeirra or\u00f0i\u00f0 \u00feurrt og skorpi\u00f0, \u00fe\u00e1 rifnu\u00f0u \u00feeir \u00feegar v\u00edni\u00f0 f\u00f3r a\u00f0 gerjast. <a href=\"https:\/\/biblian.is\/fraedsla\/ordtakasafn\/vin\/\">Sj\u00e1 og &#8222;V\u00edn&#8220;.<\/a><\/p>\n","protected":false},"excerpt":{"rendered":"<p>5.1\u00a0Genesaretvatn: Anna\u00f0 nafn \u00e1 Gal\u00edleuvatni \u00ed nor\u00f0urhluta J\u00f3dandalsins. Vatni\u00f0 er <a href=\"https:\/\/biblian.is\/fraedsla\/ritskyring\/lukasargudspjall-5-kafli\/\"> [&#8230;]<\/a><\/p>\n","protected":false},"author":1,"featured_media":0,"parent":4829,"menu_order":0,"comment_status":"closed","ping_status":"closed","template":"","meta":{"footnotes":""},"class_list":["post-5242","page","type-page","status-publish","hentry"],"_links":{"self":[{"href":"https:\/\/biblian.is\/fraedsla\/wp-json\/wp\/v2\/pages\/5242","targetHints":{"allow":["GET"]}}],"collection":[{"href":"https:\/\/biblian.is\/fraedsla\/wp-json\/wp\/v2\/pages"}],"about":[{"href":"https:\/\/biblian.is\/fraedsla\/wp-json\/wp\/v2\/types\/page"}],"author":[{"embeddable":true,"href":"https:\/\/biblian.is\/fraedsla\/wp-json\/wp\/v2\/users\/1"}],"replies":[{"embeddable":true,"href":"https:\/\/biblian.is\/fraedsla\/wp-json\/wp\/v2\/comments?post=5242"}],"version-history":[{"count":0,"href":"https:\/\/biblian.is\/fraedsla\/wp-json\/wp\/v2\/pages\/5242\/revisions"}],"up":[{"embeddable":true,"href":"https:\/\/biblian.is\/fraedsla\/wp-json\/wp\/v2\/pages\/4829"}],"wp:attachment":[{"href":"https:\/\/biblian.is\/fraedsla\/wp-json\/wp\/v2\/media?parent=5242"}],"curies":[{"name":"wp","href":"https:\/\/api.w.org\/{rel}","templated":true}]}}