{"id":5234,"date":"2019-04-22T17:15:19","date_gmt":"2019-04-22T17:15:19","guid":{"rendered":"https:\/\/biblian.is\/fraedsla\/?page_id=5234"},"modified":"2026-04-17T13:01:10","modified_gmt":"2026-04-17T13:01:10","slug":"hebreabrefid-inngangur","status":"publish","type":"page","link":"https:\/\/biblian.is\/fraedsla\/ritskyring\/hebreabrefid-inngangur\/","title":{"rendered":"Hebreabr\u00e9fi\u00f0 &#8211; Inngangur"},"content":{"rendered":"<p><em>\u00cd musterinu \u00ed Jer\u00fasalem f\u00e6r\u00f0i \u00e6\u00f0sti prestur Gy\u00f0inga f\u00f3rnir til \u00feess a\u00f0 Gu\u00f0 afm\u00e1\u00f0i misgj\u00f6r\u00f0ir f\u00f3lksins. En hvernig g\u00e1tu kristnir menn hloti\u00f0 fyrirgefningu og or\u00f0i\u00f0 Gu\u00f0i vel\u00fe\u00f3knanlegir? Hebreabr\u00e9fi\u00f0 svarar \u00feessum spurningum.<\/em><\/p>\n<h3>Hver eru s\u00e9rkenni Hebreabr\u00e9fsins?<\/h3>\n<p>Hebreabr\u00e9fi\u00f0 er einstakt tr\u00faarrit, \u00e1n hli\u00f0st\u00e6\u00f0u. \u00cd \u00fev\u00ed er kristin tr\u00fa skilgreind og \u00fatsk\u00fdr\u00f0 b\u00e6\u00f0i \u00ed lj\u00f3si helgirita Gy\u00f0inga og hugmynda gr\u00edskrar menningar og heimspeki. Gr\u00edskan \u00e1 ritinu er \u00ed senn f\u00f6gur og \u00e6\u00f0i margslungin samanbori\u00f0 vi\u00f0 flest \u00f6nnur rit N\u00fdja testamentis. Sta\u00f0h\u00e6fingum s\u00ednum til stu\u00f0nings beitir h\u00f6fundur m\u00e6lskulist og r\u00f6ksemdaf\u00e6rslum sem algengar voru og vel \u00feekktar \u00ed samt\u00ed\u00f0a hans.<\/p>\n<p>Hebreabr\u00e9fi\u00f0 er a\u00f0 s\u00f6nnu nefnt &#8222;br\u00e9f&#8220;, enda l\u00fdkur \u00fev\u00ed me\u00f0 hef\u00f0bundnum kve\u00f0jum og fyrirb\u00e6n (13.22-25). En \u00fea\u00f0 er \u00ed rauninni st\u00f3rfengleg pr\u00e9dikun, vandlega sett saman til \u00feess a\u00f0 svara grundvallarspurningum um kristna tr\u00fa og til \u00feess a\u00f0 sannf\u00e6ra lesendur um \u00f3vi\u00f0jafnanlegt mikilv\u00e6gi Jes\u00fa Krists.<\/p>\n<h3>Hvert var tilefni br\u00e9fsins?<\/h3>\n<p>Margir tr\u00famenn \u00e1 fyrstu \u00f6ldinni, Gy\u00f0ingar jafnt sem Grikkir, voru nokku\u00f0 efins um kristind\u00f3minn. Hebreabr\u00e9fi\u00f0 l\u00fdsir \u00fev\u00ed, a\u00f0 kristind\u00f3murinn \u00e1 r\u00e6tur \u00ed gy\u00f0ingd\u00f3mi, en gerir einnig grein fyrir mismuninum \u00e1 \u00feessum tr\u00faarbr\u00f6g\u00f0um tveimur. \u00dea\u00f0, sem helst skilur a\u00f0 kristnina og gy\u00f0ingd\u00f3minn, er sj\u00e1lfur Jes\u00fas Kristur. Hann er \u00e6\u00f0sti presturinn, sem bar sj\u00e1lfan sig fram sem syndaf\u00f3rn \u00ed eitt skipti fyrir \u00f6ll (9.23-10.18). Hann d\u00f3 og var grafinn og reis upp aftur. Me\u00f0 \u00fev\u00ed greiddi hann \u00f6llum m\u00f6nnum veg inn \u00ed sj\u00e1lfan himininn (4.14-5.10; 7.1-8.13).<\/p>\n<p>H\u00f6fundurinn segir Jes\u00fa meiri en nokkurn af englum Gu\u00f0s (1.5-14), meiri en nokkurn sp\u00e1mann, jafnvel meiri en M\u00f3se og J\u00f3s\u00faa (2.1-4.14). Fyrirgefningu syndanna og l\u00edfi\u00f0 n\u00fdja sem Jes\u00fas f\u00e6rir \u00f6\u00f0last mennirnir a\u00f0eins fyrir tr\u00fa. Og tr\u00fain veitir l\u00e6risveinum Jes\u00fas fullvissu um \u00fea\u00f0 sem \u00feeir vona og sannf\u00e6ringu um \u00fe\u00e1 hluti, sem eigi er au\u00f0i\u00f0 a\u00f0 sj\u00e1 (11.1). H\u00f6fundurinn lofar \u00fe\u00e1, sem tr\u00fa\u00f0u til forna (11.2-40), \u00feann &#8222;fj\u00f6lda votta&#8220; sem uimkringja kristna menn \u00feegar \u00feeir \u00fereyta \u00feolg\u00f3\u00f0ir skei\u00f0i\u00f0 sem framundan er (12.1). En umfram allt mega \u00feeir ekki l\u00e1ta hugfallast, heldur beina sj\u00f3num s\u00ednum til Jes\u00fa, h\u00f6fundar og fullkomnara tr\u00faarinnar (12.2,3).<\/p>\n<h3>N\u00e1nar um Hebreabr\u00e9fi\u00f0<\/h3>\n<p>Ekki er unnt a\u00f0 segja til um \u00fea\u00f0 me\u00f0 vissu, hver skrifa\u00f0i Hebreabr\u00e9fi\u00f0 e\u00f0a hven\u00e6r. St\u00edll br\u00e9fsins og m\u00e1lfar eru \u00f3l\u00edk \u00f6\u00f0rum br\u00e9fum P\u00e1ls postula \u00ed N\u00fdja testamenti. Dj\u00faps\u00e6ja gu\u00f0fr\u00e6\u00f0ina, sem fjallar um Krist og hj\u00e1lpr\u00e6\u00f0isverk hans, hl\u00fdtur a\u00f0 hafa teki\u00f0 drj\u00fagan t\u00edma a\u00f0 \u00edgrunda. Riti\u00f0 hefur \u00fev\u00ed tr\u00falega or\u00f0i\u00f0 til eftir \u00e1ri\u00f0 60 e. Kr., en \u00e1rei\u00f0anlega fyrir \u00e1ri\u00f0 95, \u00fev\u00ed a\u00f0 \u00fe\u00e1 vitnar Klemens af R\u00f3m \u00ed \u00fea\u00f0 \u00ed sendibr\u00e9fi.<\/p>\n<p>\u00dea\u00f0 er l\u00edka \u00f3v\u00edst, hverjir fyrstu lesendurnir voru. \u00cd 13.24 er vi\u00f0takendum borin heilsun &#8222;mannanna fr\u00e1 \u00cdtal\u00edu&#8220; og kunna \u00feeir a\u00f0 hafa veri\u00f0 a\u00f0 bi\u00f0ja fyrir kve\u00f0ju heim til s\u00edn. Greinilegt er, a\u00f0 sumir \u00feeir sem riti\u00f0 er \u00e6tla\u00f0, hafa m\u00e1tt \u00feola miklar \u00ferengingar, veri\u00f0 sm\u00e1na\u00f0ir opinberlega og sviptir eignum s\u00ednum (10.32-34). \u00de\u00e1 hafa einhverjir l\u00e6risveinanna veri\u00f0 h\u00e6ttir a\u00f0 s\u00e6kja safna\u00f0arsamkomur, af \u00fev\u00ed a\u00f0 endurkoma Krists dr\u00f3st \u00e1 langinn (10.25). Hvort tveggja \u00feetta bendir til \u00feess a\u00f0 ritverki\u00f0 s\u00e9 sami\u00f0 handa kristnu safna\u00f0arf\u00f3lki \u00e1 ofanver\u00f0ri fyrstu \u00f6ldinni.<\/p>\n<h3>Efnisskipan Hebreabr\u00e9fsins<\/h3>\n<p>Hebreabr\u00e9fi\u00f0 er vandlega samin r\u00e6\u00f0a e\u00f0a pr\u00e9dikun. Efni\u00f0 er sett fram af mikilli n\u00e1kv\u00e6mni. H\u00f6fundurinn gerir \u00fdmist a\u00f0 fr\u00e6\u00f0a e\u00f0a gefa r\u00e1\u00f0. Fimm meginsto\u00f0ir bera uppi r\u00f6ksemdaf\u00e6rsluna. Hverri \u00feeirra er fylgt eftir me\u00f0 forskriftum um l\u00edferni safna\u00f0ar Gu\u00f0s.<\/p>\n<ul>\n<li><strong>Gu\u00f0 f\u00f3l Jes\u00fa a\u00f0 hreinsa og endurn\u00fdja \u00e1sj\u00f3nu jar\u00f0ar (1.1-14)<\/strong>\n<ul>\n<li>&#8222;Gefum gaum a\u00f0 or\u00f0inu, sem vi\u00f0 h\u00f6fum heyrt. \u00dea\u00f0 er hj\u00e1lpr\u00e6\u00f0i&#8220; (2.1-4).<\/li>\n<\/ul>\n<\/li>\n<li><strong>Hj\u00e1lpr\u00e6\u00f0i Jes\u00fa Gu\u00f0 b\u00f6rnum til handa tekur fram hj\u00e1lpr\u00e6\u00f0i M\u00f3se (2.5-3.6)<\/strong>\n<ul>\n<li>&#8222;Haldi\u00f0 fast vi\u00f0 tr\u00fana og gangi\u00f0 inn til hv\u00edldar hans&#8220; (3.7-4.13)<\/li>\n<\/ul>\n<\/li>\n<li><strong>Jes\u00fas er \u00e6\u00f0sti presturinn mikli (4.14-5.10)<\/strong>\n<ul>\n<li>\u00a0&#8222;Hverfi\u00f0 fr\u00e1 breytni sem lei\u00f0ir til dau\u00f0a&#8220; (5.11-6.12)<\/li>\n<\/ul>\n<\/li>\n<li>\u00a0<strong>Me\u00f0 f\u00f3rn Jes\u00fa var n\u00fdr s\u00e1ttm\u00e1li ger\u00f0ur (6.13-10.18)<\/strong>\n<ul>\n<li>&#8222;B\u00fai\u00f0 ykkur undir endurkomu Drottins&#8220; (10.19-39)<\/li>\n<\/ul>\n<\/li>\n<li><strong>S\u00e1 sem vill n\u00e1lgast Gu\u00f0 ver\u00f0ur a\u00f0 tr\u00faa (11.1-40)<\/strong>\n<ul>\n<li>&#8222;\u00dereytum \u00feolg\u00f3\u00f0 skei\u00f0 tr\u00faarinnar&#8220; (12.1-13.25)<\/li>\n<\/ul>\n<\/li>\n<\/ul>\n<p>* <em>Englar: <\/em>&#8222;Engill&#8220; er \u00e1 gr\u00edsku <em>angelos<\/em>, sem \u00fe\u00fd\u00f0ir &#8222;sendibo\u00f0i.&#8220; \u00cd Bibl\u00edunni reka englar erindi Gu\u00f0s og framkv\u00e6ma vilja hans. H\u00f6fundur Hebreabr\u00e9fsins segir, a\u00f0 sonur Gu\u00f0s (Kristur) hafi l\u00edka veri\u00f0 sendibo\u00f0i. En af \u00fev\u00ed a\u00f0 Gu\u00f0 og Jes\u00fas eru fa\u00f0ir og sonur, \u00fe\u00e1 er Jes\u00fas miklu meiri en englarnir, enda tilbi\u00f0ja hann allir englar Gu\u00f0s.<\/p>\n","protected":false},"excerpt":{"rendered":"<p>\u00cd musterinu \u00ed Jer\u00fasalem f\u00e6r\u00f0i \u00e6\u00f0sti prestur Gy\u00f0inga f\u00f3rnir til <a href=\"https:\/\/biblian.is\/fraedsla\/ritskyring\/hebreabrefid-inngangur\/\"> [&#8230;]<\/a><\/p>\n","protected":false},"author":1,"featured_media":0,"parent":4829,"menu_order":0,"comment_status":"closed","ping_status":"closed","template":"","meta":{"footnotes":""},"class_list":["post-5234","page","type-page","status-publish","hentry"],"_links":{"self":[{"href":"https:\/\/biblian.is\/fraedsla\/wp-json\/wp\/v2\/pages\/5234","targetHints":{"allow":["GET"]}}],"collection":[{"href":"https:\/\/biblian.is\/fraedsla\/wp-json\/wp\/v2\/pages"}],"about":[{"href":"https:\/\/biblian.is\/fraedsla\/wp-json\/wp\/v2\/types\/page"}],"author":[{"embeddable":true,"href":"https:\/\/biblian.is\/fraedsla\/wp-json\/wp\/v2\/users\/1"}],"replies":[{"embeddable":true,"href":"https:\/\/biblian.is\/fraedsla\/wp-json\/wp\/v2\/comments?post=5234"}],"version-history":[{"count":0,"href":"https:\/\/biblian.is\/fraedsla\/wp-json\/wp\/v2\/pages\/5234\/revisions"}],"up":[{"embeddable":true,"href":"https:\/\/biblian.is\/fraedsla\/wp-json\/wp\/v2\/pages\/4829"}],"wp:attachment":[{"href":"https:\/\/biblian.is\/fraedsla\/wp-json\/wp\/v2\/media?parent=5234"}],"curies":[{"name":"wp","href":"https:\/\/api.w.org\/{rel}","templated":true}]}}

Hebreabréfið &#8211; Inngangur

<p><em>Í musterinu í Jerúsalem færði æðsti prestur Gyðinga fórnir til þess að Guð afmáði misgjörðir fólksins. En hvernig gátu kristnir menn hlotið fyrirgefningu og orðið Guði velþóknanlegir? Hebreabréfið svarar þessum spurningum.</em></p>
<h3>Hver eru sérkenni Hebreabréfsins?</h3>
<p>Hebreabréfið er einstakt trúarrit, án hliðstæðu. Í því er kristin trú skilgreind og útskýrð bæði í ljósi helgirita Gyðinga og hugmynda grískrar menningar og heimspeki. Grískan á ritinu er í senn fögur og æði margslungin samanborið við flest önnur rit Nýja testamentis. Staðhæfingum sínum til stuðnings beitir höfundur mælskulist og röksemdafærslum sem algengar voru og vel þekktar í samtíða hans.</p>
<p>Hebreabréfið er að sönnu nefnt &#8222;bréf&#8220;, enda lýkur því með hefðbundnum kveðjum og fyrirbæn (13.22-25). En það er í rauninni stórfengleg prédikun, vandlega sett saman til þess að svara grundvallarspurningum um kristna trú og til þess að sannfæra lesendur um óviðjafnanlegt mikilvægi Jesú Krists.</p>
<h3>Hvert var tilefni bréfsins?</h3>
<p>Margir trúmenn á fyrstu öldinni, Gyðingar jafnt sem Grikkir, voru nokkuð efins um kristindóminn. Hebreabréfið lýsir því, að kristindómurinn á rætur í gyðingdómi, en gerir einnig grein fyrir mismuninum á þessum trúarbrögðum tveimur. Það, sem helst skilur að kristnina og gyðingdóminn, er sjálfur Jesús Kristur. Hann er æðsti presturinn, sem bar sjálfan sig fram sem syndafórn í eitt skipti fyrir öll (9.23-10.18). Hann dó og var grafinn og reis upp aftur. Með því greiddi hann öllum mönnum veg inn í sjálfan himininn (4.14-5.10; 7.1-8.13).</p>
<p>Höfundurinn segir Jesú meiri en nokkurn af englum Guðs (1.5-14), meiri en nokkurn spámann, jafnvel meiri en Móse og Jósúa (2.1-4.14). Fyrirgefningu syndanna og lífið nýja sem Jesús færir öðlast mennirnir aðeins fyrir trú. Og trúin veitir lærisveinum Jesús fullvissu um það sem þeir vona og sannfæringu um þá hluti, sem eigi er auðið að sjá (11.1). Höfundurinn lofar þá, sem trúðu til forna (11.2-40), þann &#8222;fjölda votta&#8220; sem uimkringja kristna menn þegar þeir þreyta þolgóðir skeiðið sem framundan er (12.1). En umfram allt mega þeir ekki láta hugfallast, heldur beina sjónum sínum til Jesú, höfundar og fullkomnara trúarinnar (12.2,3).</p>
<h3>Nánar um Hebreabréfið</h3>
<p>Ekki er unnt að segja til um það með vissu, hver skrifaði Hebreabréfið eða hvenær. Stíll bréfsins og málfar eru ólík öðrum bréfum Páls postula í Nýja testamenti. Djúpsæja guðfræðina, sem fjallar um Krist og hjálpræðisverk hans, hlýtur að hafa tekið drjúgan tíma að ígrunda. Ritið hefur því trúlega orðið til eftir árið 60 e. Kr., en áreiðanlega fyrir árið 95, því að þá vitnar Klemens af Róm í það í sendibréfi.</p>
<p>Það er líka óvíst, hverjir fyrstu lesendurnir voru. Í 13.24 er viðtakendum borin heilsun &#8222;mannanna frá Ítalíu&#8220; og kunna þeir að hafa verið að biðja fyrir kveðju heim til sín. Greinilegt er, að sumir þeir sem ritið er ætlað, hafa mátt þola miklar þrengingar, verið smánaðir opinberlega og sviptir eignum sínum (10.32-34). Þá hafa einhverjir lærisveinanna verið hættir að sækja safnaðarsamkomur, af því að endurkoma Krists dróst á langinn (10.25). Hvort tveggja þetta bendir til þess að ritverkið sé samið handa kristnu safnaðarfólki á ofanverðri fyrstu öldinni.</p>
<h3>Efnisskipan Hebreabréfsins</h3>
<p>Hebreabréfið er vandlega samin ræða eða prédikun. Efnið er sett fram af mikilli nákvæmni. Höfundurinn gerir ýmist að fræða eða gefa ráð. Fimm meginstoðir bera uppi röksemdafærsluna. Hverri þeirra er fylgt eftir með forskriftum um líferni safnaðar Guðs.</p>
<ul>
<li><strong>Guð fól Jesú að hreinsa og endurnýja ásjónu jarðar (1.1-14)</strong>
<ul>
<li>&#8222;Gefum gaum að orðinu, sem við höfum heyrt. Það er hjálpræði&#8220; (2.1-4).</li>
</ul>
</li>
<li><strong>Hjálpræði Jesú Guð börnum til handa tekur fram hjálpræði Móse (2.5-3.6)</strong>
<ul>
<li>&#8222;Haldið fast við trúna og gangið inn til hvíldar hans&#8220; (3.7-4.13)</li>
</ul>
</li>
<li><strong>Jesús er æðsti presturinn mikli (4.14-5.10)</strong>
<ul>
<li> &#8222;Hverfið frá breytni sem leiðir til dauða&#8220; (5.11-6.12)</li>
</ul>
</li>
<li> <strong>Með fórn Jesú var nýr sáttmáli gerður (6.13-10.18)</strong>
<ul>
<li>&#8222;Búið ykkur undir endurkomu Drottins&#8220; (10.19-39)</li>
</ul>
</li>
<li><strong>Sá sem vill nálgast Guð verður að trúa (11.1-40)</strong>
<ul>
<li>&#8222;Þreytum þolgóð skeið trúarinnar&#8220; (12.1-13.25)</li>
</ul>
</li>
</ul>
<p>* <em>Englar: </em>&#8222;Engill&#8220; er á grísku <em>angelos</em>, sem þýðir &#8222;sendiboði.&#8220; Í Biblíunni reka englar erindi Guðs og framkvæma vilja hans. Höfundur Hebreabréfsins segir, að sonur Guðs (Kristur) hafi líka verið sendiboði. En af því að Guð og Jesús eru faðir og sonur, þá er Jesús miklu meiri en englarnir, enda tilbiðja hann allir englar Guðs.</p>

<p>Í musterinu í Jerúsalem færði æðsti prestur Gyðinga fórnir til <a href="https://biblian.is/fraedsla/ritskyring/hebreabrefid-inngangur/"> [&#8230;]</a></p>
