{"id":5204,"date":"2019-04-22T14:09:48","date_gmt":"2019-04-22T14:09:48","guid":{"rendered":"https:\/\/biblian.is\/fraedsla\/?page_id=5204"},"modified":"2022-12-16T13:59:06","modified_gmt":"2022-12-16T13:59:06","slug":"markusargudspjall-10-kafli","status":"publish","type":"page","link":"https:\/\/biblian.is\/fraedsla\/ritskyring\/markusargudspjall-10-kafli\/","title":{"rendered":"Mark\u00fasargu\u00f0spjall 10. kafli"},"content":{"rendered":"<p><strong>10.1<\/strong> J\u00fadeu&#8230;J\u00f3rdanar: Sj\u00e1 athugagrein vi\u00f0 1.5.<\/p>\n<p><strong>10.2<\/strong> <em>Far\u00edsear<\/em>: Sj\u00e1 athugagrein vi\u00f0 2.16.<\/p>\n<p><strong>10.3<\/strong> <em>M\u00f3se bo\u00f0i\u00f0:<\/em> Me\u00f0 &#8222;M\u00f3se&#8220; er \u00e1tt vi\u00f0 L\u00f6gm\u00e1li\u00f0, \u00fe.e. fimm fyrstu b\u00e6kur helgiritasafns gy\u00f0inga (Gamla testamentis) \u2013 Genesis, Exodus, Leviticus, Numeri og Deuteronomium. \u00cd \u00feeim eru fj\u00f6lmargir lagab\u00e1lkar sem m\u00e6la fyrir um heg\u00f0un f\u00f3lks og helgihaldi\u00f0.<\/p>\n<p><strong>10.4\u00a0<\/strong><em>rita skilna\u00f0arbr\u00e9f:<\/em> L\u00f6gm\u00e1l M\u00f3se heimila\u00f0i a\u00f0 ma\u00f0ur skrifa\u00f0i eiginkonu sinni skilna\u00f0arbr\u00e9f ef hann fyndi &#8222;eitthva\u00f0 fr\u00e1hrindandi vi\u00f0 hana&#8220; (5M\u00f3s 24.1-4; Matt 5.31). \u00deessi l\u00f6gggerningur haf\u00f0i m.a. \u00feann tilgang a\u00f0 gera manninum erfi\u00f0ara fyrir a\u00f0 skilja vi\u00f0 konu s\u00edna. \u00c1\u00f0ur en \u00feessi l\u00f6g t\u00f3ku gildi haf\u00f0i veri\u00f0 n\u00f3g a\u00f0 reka konuna einfaldlega a\u00f0 heiman. Jes\u00fas vitnar \u00ed sk\u00f6punars\u00f6gu 1. M\u00f3seb\u00f3kar til \u00feess a\u00f0 sk\u00fdra mikilv\u00e6gi hj\u00f3nabandsins (1M\u00f3s 1.27,28: 2.18-24).<\/p>\n<p><strong>10.11,12<\/strong> <em>S\u00e1 sem skilur vi\u00f0 konu s\u00edna&#8230;ef kona skilur vi\u00f0 mann sinn:<\/em> Samkv\u00e6mt r\u00f3mverskum l\u00f6gum m\u00e1tti kona skilja vi\u00f0 mann sinn, en l\u00f6gm\u00e1l M\u00f3se leyf\u00f0i \u00fea\u00f0 ekki.<\/p>\n<p><strong>10.13<\/strong> <em>b\u00f6rn:<\/em> Jes\u00fas t\u00f3k d\u00e6mi af b\u00f6rnum af \u00fev\u00ed a\u00f0 \u00feau voru \u00e1liti hvorki vitur n\u00e9 valdamikil eins og fullor\u00f0nir. Hann benti \u00e1, a\u00f0 viska og v\u00f6ld greiddu engum lei\u00f0 inn \u00ed Gu\u00f0s r\u00edki. Gu\u00f0s r\u00edki er hins hl\u00fd\u00f0na, tr\u00faa og au\u00f0mj\u00faka.<\/p>\n<p><strong>10.16<\/strong> <em>lag\u00f0i hendur yfir \u00feau og blessa\u00f0i \u00feau:<\/em> Me\u00f0 \u00fev\u00ed a\u00f0 taka s\u00e9r b\u00f6rnin \u00ed fang s\u00fdndi Jes\u00fas a\u00f0 b\u00f6rnin eiga fulla a\u00f0ild a\u00f0 Gu\u00f0s r\u00edki, fj\u00f6lskyldu hans.<\/p>\n<p><strong>10.17<\/strong> <em>eil\u00edlft l\u00edf:<\/em> \u00c1 d\u00f6gum Jes\u00fa voru margir gy\u00f0ingar farnir \u00e1 tr\u00faa \u00e1 l\u00edf eftir dau\u00f0ann og vonu\u00f0ust eftir \u00fev\u00ed a\u00f0 eignast \u00fea\u00f0. A\u00f0rir, \u00fear \u00e1 me\u00f0al Sadd\u00fakear, g\u00e1tu ekki fellt sig vi\u00f0 \u00feessa hugmynd af \u00fev\u00ed a\u00f0 um hana er ekkert fjalla\u00f0 \u00ed l\u00f6gm\u00e1li M\u00f3se. <a href=\"https:\/\/biblian.is\/fraedsla\/ordtakasafn\/eilift-lif\/\">Sj\u00e1 &#8222;Eil\u00edft l\u00edf&#8220; \u00ed or\u00f0takasafni.<\/a><\/p>\n<p><strong>10.23<\/strong> <em>Hver torvelt ver\u00f0ur \u00feeim sem au\u00f0inn hafa a\u00f0 ganga inn \u00ed Gu\u00f0s r\u00edki:<\/em> F\u00f3lk \u00ed g\u00f3\u00f0um efnum var \u00e1liti\u00f0 nj\u00f3ta blessunar Gu\u00f0s, einkum ef \u00fea\u00f0 haf\u00f0i lifa\u00f0 samkv\u00e6mt l\u00f6gm\u00e1li M\u00f3se. Jes\u00fas gefur til kynna a\u00f0 \u00fea\u00f0 kunni a\u00f0 vera erfi\u00f0ara au\u00f0m\u00f6nnum a\u00f0 eignast eil\u00edft l\u00edf, s\u00e9rstaklega ef \u00feeir treysta eignum s\u00ednum og ekki Gu\u00f0i. Sj\u00e1 athugagrein vi\u00f0 1.15 (Gu\u00f0s r\u00edki).<\/p>\n<p><strong>10.24<\/strong> <em>torvelt: <\/em>Sum handrit b\u00e6ta vi\u00f0 &#8222;\u00feeim sem treysta au\u00f0\u00e6vunum&#8220;. \u00d6nnur b\u00e6ta vi\u00f0 &#8222;fyrir hina r\u00edku.&#8220;<\/p>\n<p><strong>10.25<\/strong> <em>\u00falfalda a\u00f0 fara gegnum n\u00e1larauga:<\/em> \u00dalfaldar, \u00feessi st\u00f3rv\u00f6xnu d\u00fdr, voru notu\u00f0 til \u00feess a\u00f0 flytja d\u00fdrm\u00e6tan varning langar lei\u00f0ir. Jes\u00fas gr\u00edpur til fjarst\u00e6\u00f0ukenndrar saml\u00edkingar til \u00feess a\u00f0 koma merkingu or\u00f0a sinna svo greinilega til skila sem kostur er.<\/p>\n<p><strong>10.28<\/strong> <em>P\u00e9tur<\/em>: Sj\u00e1 athugagrein vi\u00f0 1.16 (S\u00edmon).<\/p>\n<p><strong>10.29,30<\/strong> <em>fagna\u00f0arerindisins&#8230;eil\u00edft l\u00edf:<\/em> Sj\u00e1 athugagrein \u00e1 bls. 1812. &#8222;Hinn komandi heimur&#8220; kann \u00ed Mark\u00fasargu\u00f0spjalli a\u00f0 merkja &#8222;himnar\u00edki&#8220;, e\u00f0a \u00feann dag \u00feegar Mannssonurinn (Jes\u00fas) kemur \u00ed sk\u00fdjum og safnar s\u00ednum \u00fatv\u00f6ldu \u00e1 j\u00f6r\u00f0inni (13.26,27).<\/p>\n<p><strong>10.32<\/strong> <em>Jer\u00fasalem<\/em>: Sj\u00e1 athugagrein vi\u00f0 1.5.<\/p>\n<p><strong>10.33<\/strong> <em>Mannssonurinn<\/em>: Sj\u00e1 athugagrein vi\u00f0 8.31.<\/p>\n<p><strong>10.33\u00a0<\/strong><em>\u00e6\u00f0stu prestum og fr\u00e6\u00f0im\u00f6nnum&#8230;hei\u00f0ingjum:<\/em>Sj\u00e1 athugagreinar vi\u00f0 8.31 (\u00e6\u00f0stu prestarnir) og 12.38 (fr\u00e6\u00f0imennirnir). Me\u00f0 &#8222;hei\u00f0ingjum&#8220; er h\u00e9r \u00e1tt vi\u00f0 r\u00f3mverska setuli\u00f0i\u00f0 \u00ed J\u00fadeu.<\/p>\n<p><strong>10.35\u00a0<\/strong><em>Jakob og J\u00f3hannes, synir Sebedeusar:<\/em>Sj\u00e1 athugagreinar vi\u00f0 1.19 og 9.2.<\/p>\n<p><strong>10.37\u00a0<\/strong><em>h\u00e6gri handar&#8230;vinstri:<\/em>Mestu vir\u00f0ingarmenn r\u00edkisins s\u00e1tu hi\u00f0 n\u00e6sta konunginum.<\/p>\n<p><strong>10.38\u00a0<\/strong><em>drukki\u00f0 \u00feann kaleik&#8230;e\u00f0a sk\u00edrst \u00feeirri sk\u00edrn sem \u00e9g sk\u00edrist:\u00a0<\/em>\u00cd Bibl\u00edunni er &#8222;kaleikur&#8220; stundum t\u00e1kn \u00fej\u00e1ninga. A\u00f0 &#8222;drekka kaleik&#8220; merkir \u00fe\u00e1 a\u00f0 \u00fej\u00e1st. &#8222;Kaleikur&#8220; og &#8222;sk\u00edrn&#8220; eru s\u00f6mu merkingar \u00ed \u00feessu versi. Sj\u00e1 og L\u00fak 12.50.<\/p>\n<p><strong>10.44\u00a0<\/strong><em>\u00fer\u00e6ll:\u00a0<\/em><a href=\"https:\/\/biblian.is\/fraedsla\/samtidarsaga-bibliunnar\/thraelar-og-thjonustufolk-a-dogum-jesu\/\">Sj\u00e1 &#8222;\u00der\u00e6lar og \u00fej\u00f3nustuf\u00f3lk \u00e1 d\u00f6gum Jes\u00fa&#8220;.<\/a><\/p>\n<p><strong>10.45 <\/strong><em>Mannssonurinn:\u00a0<\/em><a href=\"https:\/\/biblian.is\/fraedsla\/ordtakasafn\/mannssonurinn\/\">Sj\u00e1 &#8222;Mannssonurinn&#8220;.<\/a><\/p>\n<p><strong>10.46\u00a0<\/strong><em>Jer\u00edk\u00f3:<\/em>Jer\u00edk\u00f3 er um 48 k\u00edl\u00f3metra \u00ed nor\u00f0austur fr\u00e1 Jer\u00fasalem og t\u00e6pa 10 k\u00edl\u00f3metra fyrir nor\u00f0an Dau\u00f0ahafi\u00f0. H\u00fan er talin ein elsta borg veraldar.<\/p>\n<p><strong>10.47\u00a0<\/strong><em>Sonur Dav\u00ed\u00f0s:<\/em>Gy\u00f0ingar v\u00e6ntu \u00feess a\u00f0 Mess\u00edas yr\u00f0i af \u00e6tt Dav\u00ed\u00f0s konungs. Einn af mess\u00edasar-titlunum var \u00fev\u00ed &#8222;sonur Dav\u00ed\u00f0s.&#8220;<\/p>\n<p><strong>10.51\u00a0<\/strong><em>Rabb\u00fan\u00ed:<\/em>Arame\u00edska, \u00fe\u00fd\u00f0ir &#8222;herra minn.&#8220;<\/p>\n<p><strong>10.52\u00a0<\/strong><em>tr\u00fa: <\/em>Sj\u00e1 Mrk 5.34 og <a href=\"https:\/\/biblian.is\/fraedsla\/ordtakasafn\/tru\/\">&#8222;Tr\u00fa&#8220; \u00ed or\u00f0takasafni<\/a>.<\/p>\n","protected":false},"excerpt":{"rendered":"<p>10.1 J\u00fadeu&#8230;J\u00f3rdanar: Sj\u00e1 athugagrein vi\u00f0 1.5. 10.2 Far\u00edsear: Sj\u00e1 athugagrein <a href=\"https:\/\/biblian.is\/fraedsla\/ritskyring\/markusargudspjall-10-kafli\/\"> [&#8230;]<\/a><\/p>\n","protected":false},"author":1,"featured_media":0,"parent":4829,"menu_order":0,"comment_status":"closed","ping_status":"closed","template":"","meta":{"footnotes":""},"class_list":["post-5204","page","type-page","status-publish","hentry"],"_links":{"self":[{"href":"https:\/\/biblian.is\/fraedsla\/wp-json\/wp\/v2\/pages\/5204","targetHints":{"allow":["GET"]}}],"collection":[{"href":"https:\/\/biblian.is\/fraedsla\/wp-json\/wp\/v2\/pages"}],"about":[{"href":"https:\/\/biblian.is\/fraedsla\/wp-json\/wp\/v2\/types\/page"}],"author":[{"embeddable":true,"href":"https:\/\/biblian.is\/fraedsla\/wp-json\/wp\/v2\/users\/1"}],"replies":[{"embeddable":true,"href":"https:\/\/biblian.is\/fraedsla\/wp-json\/wp\/v2\/comments?post=5204"}],"version-history":[{"count":0,"href":"https:\/\/biblian.is\/fraedsla\/wp-json\/wp\/v2\/pages\/5204\/revisions"}],"up":[{"embeddable":true,"href":"https:\/\/biblian.is\/fraedsla\/wp-json\/wp\/v2\/pages\/4829"}],"wp:attachment":[{"href":"https:\/\/biblian.is\/fraedsla\/wp-json\/wp\/v2\/media?parent=5204"}],"curies":[{"name":"wp","href":"https:\/\/api.w.org\/{rel}","templated":true}]}}