{"id":5196,"date":"2019-04-22T13:51:12","date_gmt":"2019-04-22T13:51:12","guid":{"rendered":"https:\/\/biblian.is\/fraedsla\/?page_id=5196"},"modified":"2026-04-17T13:01:15","modified_gmt":"2026-04-17T13:01:15","slug":"markusargudspjall-6-kafli","status":"publish","type":"page","link":"https:\/\/biblian.is\/fraedsla\/ritskyring\/markusargudspjall-6-kafli\/","title":{"rendered":"Mark\u00fasargu\u00f0spjall 6. kafli"},"content":{"rendered":"<p><strong>6.1<\/strong> <em>\u00e6ttborg s\u00edna:<\/em> Nasaret (sj\u00e1 athugagrein vi\u00f0 1.24).<\/p>\n<p><strong>6.2<\/strong> <em>hv\u00edldardagur&#8230;.\u00ed samkundunni:<\/em> Sj\u00e1 athugagrein vi\u00f0 1.21.<\/p>\n<p><strong>6.3<\/strong> <em>sonur Mar\u00edu&#8230;br\u00f3\u00f0ir \u00feeirra Jakobs, J\u00f3se, J\u00fadasar og S\u00edmonar:<\/em> Sj\u00e1 athugagrein vi\u00f0 3.31. F\u00e1tt er vita\u00f0 um systkini Jes\u00fa, nema Jakob, sem var\u00f0 dugandi forustuma\u00f0ur \u00ed kirkjunni. Jakob s\u00e1 Jes\u00fa upprisinn (1Kor 15.7) og var s\u00ed\u00f0ar lei\u00f0togi gy\u00f0ing-kristna safna\u00f0arins \u00ed Jer\u00fasalem (Post 15.13; 21.18; Gal 1.19). Munnm\u00e6li herma, a\u00f0 hann hafi veri\u00f0 l\u00edfl\u00e1tinn einhvern t\u00edma fyrir \u00e1ri\u00f0 70 e. Kr.<\/p>\n<p><strong>6.7<\/strong> <em>\u00fe\u00e1 t\u00f3lf:<\/em> Sj\u00e1 athugagrein vi\u00f0 3.16-19.<\/p>\n<p><strong>6.7<\/strong> <em>\u00f3hreinum \u00f6ndum:<\/em> Sj\u00e1 athugagrein vi\u00f0 3.30.<\/p>\n<p><strong>6.11<\/strong> <em>hristi\u00f0 dusti\u00f0 af f\u00f3tum ykkar<\/em>: \u00deannig s\u00fdndu menn h\u00f6fnun, afneitun. Sj\u00e1 anna\u00f0 d\u00e6mi um \u00feetta \u00ed Post 13.51.<\/p>\n<p><strong>6.13<\/strong> <em>illa anda<\/em>: Sj\u00e1 athugagrein vi\u00f0 3.30.<\/p>\n<p><strong>6.13<\/strong> <em>smur\u00f0u marga sj\u00faka me\u00f0 ol\u00edu:<\/em> Notkun ol\u00edfuol\u00edu var hluti af helgisi\u00f0um l\u00e6kna. \u00deegar borin var ol\u00eda \u00e1 mann var \u00fea\u00f0 stundum kalla\u00f0 &#8222;a\u00f0 smyrja hann.&#8220;<\/p>\n<p><strong>6.14<\/strong> <em>Her\u00f3des konungur&#8230; J\u00f3hannes sk\u00edrari:<\/em> Sj\u00e1 athugagreinar vi\u00f0 3.6 (Her\u00f3des Ant\u00edpas) og 1.4 (J\u00f3hannes sk\u00edrari).<\/p>\n<p><strong>6.15<\/strong> <em>El\u00eda:<\/em> El\u00eda var sp\u00e1ma\u00f0ur \u00ed \u00cdsrael r\u00famum 800 \u00e1rum \u00e1\u00f0ur en Jes\u00fas f\u00e6ddist. Seinni t\u00edma sp\u00e1menn t\u00f6ldu, a\u00f0 El\u00eda myndi kom aftur a\u00f0 vara menn vi\u00f0 d\u00f3msdegi (Mal 3.1-4) og b\u00faa f\u00f3lk undir komu Mess\u00edasar.<\/p>\n<p><strong>6.17-18<\/strong> <em>Her\u00f3d\u00edasar, konu Filippusar, br\u00f3\u00f0ur s\u00edns:<\/em> Her\u00f3d\u00edas var barnabarn Her\u00f3desar mikla. H\u00fan g\u00e9kk a\u00f0 eiga Filippus, fr\u00e6nda sinn, son Her\u00f3desar. S\u00ed\u00f0ar t\u00e6ldi Her\u00f3des Ant\u00edpas fr\u00e6nku s\u00edna til \u00feess a\u00f0 skilja vi\u00f0 Filippus og giftast s\u00e9r. M\u00f3sel\u00f6g l\u00f6g\u00f0u bann vi\u00f0 \u00fev\u00ed a\u00f0 ma\u00f0ur gengi a\u00f0 eiga m\u00e1gkonu s\u00edna a\u00f0 br\u00f3\u00f0ur s\u00ednum lifandi (3M\u00f3s 18.16).<\/p>\n<p><strong>6.21<\/strong> <em>g\u00e6\u00f0ingum s\u00ednum, hersh\u00f6f\u00f0ingjum og fyrirm\u00f6nnum Gal\u00edleu:<\/em> \u00de\u00f3tt R\u00f3mverjar r\u00e9\u00f0u l\u00f6gum og lofum \u00ed Gal\u00edleu, haf\u00f0i Her\u00f3des konungur \u00e1 hendi nokkra heimastj\u00f3rn og d\u00e1l\u00edtinn her. \u00deessir fyrirmenn Gal\u00edleu kunna a\u00f0 hafa veri\u00f0 gy\u00f0ingar e\u00f0a r\u00f3mverskir emb\u00e6ttismenn, nema hvort tveggja hafi veri\u00f0.<\/p>\n<p><strong>6.26<\/strong> <em>vegna ei\u00f0sins:<\/em> \u00c6tlast var til \u00feess a\u00f0 h\u00f6f\u00f0ingjum a\u00f0 \u00feeir h\u00e9ldu or\u00f0 s\u00edn. Her\u00f3des var\u00f0 \u00fev\u00ed a\u00f0 standa vi\u00f0 \u00fea\u00f0, sem hann haf\u00f0i lofa\u00f0 stj\u00fapd\u00f3ttur sinni \u00ed vi\u00f0urvist hinna h\u00e1ttsettu gesta.<\/p>\n<p><strong>6.29<\/strong> <em>gr\u00f6f<\/em>: Grafhvelfingar voru h\u00f6ggnar \u00ed mj\u00faka kalksteinsklettana og \u00fear voru lag\u00f0ir til hinstu hv\u00edldar \u00feeir, sem \u00e1ttu r\u00edka a\u00f0. Grafarmunninn var varla nema metri \u00e1 hli\u00f0. Utan vi\u00f0 hann var h\u00f6ggvin rauf \u00ed klettag\u00f3lfi\u00f0 og \u00ed henni komi\u00f0 fyrir kringl\u00f3ttum steini sem velta m\u00e1tti fr\u00e1 og fyrir. F\u00e1t\u00e6kir notu\u00f0u hella \u00ed fj\u00f6llunum e\u00f0a gr\u00f3fu s\u00edna d\u00e1nu.<\/p>\n<p><strong>6.30<\/strong> <em>Postularnir komu n\u00fa aftur til Jes\u00fa:<\/em> Hinir t\u00f3lf, sem Jes\u00fas sendi og f\u00f3l verk a\u00f0 vinna (6.7-13).<\/p>\n<p><strong>6.34\u00a0<\/strong><em>sau\u00f0ir er engan hir\u00f0i hafa:<\/em> Sau\u00f0f\u00e9 \u00fearf g\u00e6slu og umhir\u00f0u. Kindurnar h\u00e6ndust a\u00f0 hir\u00f0inum og komu, \u00feegar hann kalla\u00f0i.<\/p>\n<p><strong>6.35<\/strong><em> engin mannabygg\u00f0:<\/em> Sj\u00e1 athugagrein vi\u00f0 8.4.<\/p>\n<p><strong>6,37<\/strong> <em>tv\u00f6 hundru\u00f0 denara:<\/em> Einn denar jafngilti daglaunum verkamanns.<\/p>\n<p><strong>6.38<\/strong><em> fimm brau\u00f0:<\/em> Kringl\u00f3tt flatbrau\u00f0, l\u00edkast lummum.<\/p>\n<p><strong>6.41<\/strong> <em>\u00feakka\u00f0i Gu\u00f0i, braut brau\u00f0in:<\/em> \u00deessi or\u00f0 eru n\u00e6r hin s\u00f6mu og Jes\u00fas vi\u00f0haf\u00f0i vi\u00f0 s\u00ed\u00f0ustu kv\u00f6ldm\u00e1lt\u00ed\u00f0ina (14.22-26).<\/p>\n<p><strong>6.43<\/strong><em> t\u00f3lf k\u00f6rfur:<\/em> Talan 12 hefur miki\u00f0 t\u00e1kngildi \u00ed Bibl\u00edunni og kemur mj\u00f6g vi\u00f0 s\u00f6gu \u00ed tr\u00faarl\u00edfi gy\u00f0inga og menningu. <a href=\"https:\/\/biblian.is\/fraedsla\/ordtakasafn\/tolur-i-bibliunni\/\">Sj\u00e1 og &#8222;T\u00f6lur \u00ed Bibl\u00edunni&#8220;.<\/a><\/p>\n<p><strong>6.45<\/strong><em> Betsa\u00eddu:<\/em> Betsa\u00edda er gy\u00f0inga\u00feorp r\u00e9tt \u00fear austan vi\u00f0 sem \u00e1in J\u00f3rdan rennur \u00ed nor\u00f0anvert Gal\u00edleuvatni\u00f0.<\/p>\n<p><strong>6.47<\/strong> <em>vatni:<\/em> Gal\u00edleuvatni (sj\u00e1 athugagrein vi\u00f0 1.16).<\/p>\n<p><strong>6.52<\/strong><em> \u00fea\u00f0 sem gerst haf\u00f0i me\u00f0 brau\u00f0in:<\/em> \u00de\u00f3tt \u00feeir v\u00e6ru sj\u00f3narvottar a\u00f0 kraftaverkum Jes\u00fa, vissu \u00feeir ekki enn hver hann var.<\/p>\n<p><strong>6.53<\/strong><em> Genesaret:<\/em> B\u00e6rinn st\u00f3\u00f0 vi\u00f0 Gal\u00edleuvatn a\u00f0 nor\u00f0vestanver\u00f0u, fyrir sunnan Kaperna\u00fam, \u00fear sem Jes\u00fas \u00e1tti heima. Hann hefur tr\u00falega veri\u00f0 \u00e1 \u00fer\u00f6ngri sl\u00e9ttu, sem l\u00edka var nefnd Genesaret.<\/p>\n<p><strong>6.56<\/strong> <em>torgin<\/em>: \u00cd Palest\u00ednu var \u00e1 \u00feessum t\u00edmum \u00fatimarka\u00f0ur \u00ed hverju \u00feorpi, anna\u00f0 hvort \u00e1 r\u00famg\u00f3\u00f0u str\u00e6ti ellegar torgi. Sj\u00e1 og &#8222;<a href=\"https:\/\/biblian.is\/fraedsla\/ordtakasafn\/markadstorgid\/\">Marka\u00f0storgi\u00f0<\/a>&#8222;.<\/p>\n<p>&nbsp;<\/p>\n","protected":false},"excerpt":{"rendered":"<p>6.1 \u00e6ttborg s\u00edna: Nasaret (sj\u00e1 athugagrein vi\u00f0 1.24). 6.2 hv\u00edldardagur&#8230;.\u00ed <a href=\"https:\/\/biblian.is\/fraedsla\/ritskyring\/markusargudspjall-6-kafli\/\"> [&#8230;]<\/a><\/p>\n","protected":false},"author":1,"featured_media":0,"parent":4829,"menu_order":0,"comment_status":"closed","ping_status":"closed","template":"","meta":{"footnotes":""},"class_list":["post-5196","page","type-page","status-publish","hentry"],"_links":{"self":[{"href":"https:\/\/biblian.is\/fraedsla\/wp-json\/wp\/v2\/pages\/5196","targetHints":{"allow":["GET"]}}],"collection":[{"href":"https:\/\/biblian.is\/fraedsla\/wp-json\/wp\/v2\/pages"}],"about":[{"href":"https:\/\/biblian.is\/fraedsla\/wp-json\/wp\/v2\/types\/page"}],"author":[{"embeddable":true,"href":"https:\/\/biblian.is\/fraedsla\/wp-json\/wp\/v2\/users\/1"}],"replies":[{"embeddable":true,"href":"https:\/\/biblian.is\/fraedsla\/wp-json\/wp\/v2\/comments?post=5196"}],"version-history":[{"count":0,"href":"https:\/\/biblian.is\/fraedsla\/wp-json\/wp\/v2\/pages\/5196\/revisions"}],"up":[{"embeddable":true,"href":"https:\/\/biblian.is\/fraedsla\/wp-json\/wp\/v2\/pages\/4829"}],"wp:attachment":[{"href":"https:\/\/biblian.is\/fraedsla\/wp-json\/wp\/v2\/media?parent=5196"}],"curies":[{"name":"wp","href":"https:\/\/api.w.org\/{rel}","templated":true}]}}