{"id":5161,"date":"2019-04-22T13:01:35","date_gmt":"2019-04-22T13:01:35","guid":{"rendered":"https:\/\/biblian.is\/fraedsla\/?page_id=5161"},"modified":"2026-04-17T13:01:17","modified_gmt":"2026-04-17T13:01:17","slug":"matteusargudspjall-20-kafli","status":"publish","type":"page","link":"https:\/\/biblian.is\/fraedsla\/ritskyring\/matteusargudspjall-20-kafli\/","title":{"rendered":"Matteusargu\u00f0spjall 20. kafli"},"content":{"rendered":"<p><strong>20.1\u00a0<\/strong><em>v\u00edngar\u00f0:<\/em>\u00cd v\u00edng\u00f6r\u00f0um voru \u00fer\u00fagur r\u00e6kta\u00f0ar (v\u00ednber). Gar\u00f0arnir voru yfirleitt \u00ed gr\u00fdttum hl\u00ed\u00f0um og oft girtir grj\u00f3tveggjum til skj\u00f3ls. Var\u00f0turn var stundum reistur \u00ed n\u00e1munda vi\u00f0 gar\u00f0inn og g\u00e1tu menn \u00fe\u00e1 betur varist r\u00e1nd\u00fdrum og stigam\u00f6nnum. \u00der\u00fagurnar vaxa \u00e1 l\u00f6ngum, renglulegum vi\u00f0i, sem festa \u00fearf upp fr\u00e1 j\u00f6r\u00f0u og krefst mikillar um\u00f6nnunar og virktar. A\u00f0 \u00feessu unnu margar hendur.<\/p>\n<p><strong>20.2\u00a0<\/strong><em>denar \u00ed daglaun:<\/em>R\u00f3mverskur silfurpeningur. Sj\u00e1 og 22.19.<\/p>\n<p><strong>20.18\u00a0<\/strong><em>\u00e6\u00f0stu prestum:<\/em>\u00deeir inntu af hendi skyldur vi\u00f0 musteri\u00f0 og gu\u00f0s\u00fej\u00f3nustuna, undirbjuggu f\u00f3rnir, s\u00f6fnu\u00f0u fj\u00e1rframl\u00f6gum, blessu\u00f0u l\u00fd\u00f0inn og h\u00f6f\u00f0u umsj\u00f3n me\u00f0 helgid\u00f3minum. Lengst af 1. \u00f6ldinni skipu\u00f0u R\u00f3mverjar prest, sem stj\u00f3rna skyldi starfsbr\u00e6\u00f0rum s\u00ednum; hann var nefndur \u00e6\u00f0stiprestur (sj\u00e1 26.57).<\/p>\n<p><strong>20.19\u00a0<\/strong><em>hei\u00f0ingjum:<\/em>H\u00e9r er \u00e1tt vi\u00f0 R\u00f3mverja, sem s\u00e1tu a\u00f0 v\u00f6ldum \u00ed J\u00fadeu.<\/p>\n<p><strong>20.21\u00a0<\/strong><em>h\u00e6gri handar \u00fe\u00e9r&#8230;..til vinstri:<\/em>Valdamestu menn r\u00edkisins s\u00e1tu konunginum til h\u00e6gri og vinstri handar.<\/p>\n<p><strong>20.22\u00a0<\/strong><em>drukki\u00f0 \u00feann kaleik:<\/em>Kaleikur (bikar) er sums sta\u00f0ar \u00ed Bibl\u00edunni t\u00e1kn \u00fej\u00e1ninga, sem margir l\u00ed\u00f0a saman. H\u00e9r merkir &#8222;a\u00f0 drekka kaleik&#8220; \u00fea\u00f0 sama og a\u00f0 \u00fej\u00e1st.<\/p>\n<p><strong>20.30\u00a0<\/strong><em>sonur Dav\u00ed\u00f0s:<\/em>Sj\u00e1 athugagrein vi\u00f0 9.27. Sj\u00e1 og Slm 118.25,26.<\/p>\n","protected":false},"excerpt":{"rendered":"<p>20.1\u00a0v\u00edngar\u00f0:\u00cd v\u00edng\u00f6r\u00f0um voru \u00fer\u00fagur r\u00e6kta\u00f0ar (v\u00ednber). Gar\u00f0arnir voru yfirleitt \u00ed <a href=\"https:\/\/biblian.is\/fraedsla\/ritskyring\/matteusargudspjall-20-kafli\/\"> [&#8230;]<\/a><\/p>\n","protected":false},"author":1,"featured_media":0,"parent":4829,"menu_order":0,"comment_status":"closed","ping_status":"closed","template":"","meta":{"footnotes":""},"class_list":["post-5161","page","type-page","status-publish","hentry"],"_links":{"self":[{"href":"https:\/\/biblian.is\/fraedsla\/wp-json\/wp\/v2\/pages\/5161","targetHints":{"allow":["GET"]}}],"collection":[{"href":"https:\/\/biblian.is\/fraedsla\/wp-json\/wp\/v2\/pages"}],"about":[{"href":"https:\/\/biblian.is\/fraedsla\/wp-json\/wp\/v2\/types\/page"}],"author":[{"embeddable":true,"href":"https:\/\/biblian.is\/fraedsla\/wp-json\/wp\/v2\/users\/1"}],"replies":[{"embeddable":true,"href":"https:\/\/biblian.is\/fraedsla\/wp-json\/wp\/v2\/comments?post=5161"}],"version-history":[{"count":0,"href":"https:\/\/biblian.is\/fraedsla\/wp-json\/wp\/v2\/pages\/5161\/revisions"}],"up":[{"embeddable":true,"href":"https:\/\/biblian.is\/fraedsla\/wp-json\/wp\/v2\/pages\/4829"}],"wp:attachment":[{"href":"https:\/\/biblian.is\/fraedsla\/wp-json\/wp\/v2\/media?parent=5161"}],"curies":[{"name":"wp","href":"https:\/\/api.w.org\/{rel}","templated":true}]}}