{"id":5140,"date":"2019-04-22T11:56:31","date_gmt":"2019-04-22T11:56:31","guid":{"rendered":"https:\/\/biblian.is\/fraedsla\/?page_id=5140"},"modified":"2022-12-16T13:59:08","modified_gmt":"2022-12-16T13:59:08","slug":"matteusargudspjall-10-kafli","status":"publish","type":"page","link":"https:\/\/biblian.is\/fraedsla\/ritskyring\/matteusargudspjall-10-kafli\/","title":{"rendered":"Matteusargu\u00f0spjall 10. kafli"},"content":{"rendered":"<p><strong>10.1,2\u00a0<\/strong><em>l\u00e6risveina s\u00edna t\u00f3lf&#8230;.postulanna: <\/em>&#8222;L\u00e6risveinn&#8220; er nemandi l\u00e6rimeirstara og fylgir honum. Or\u00f0i\u00f0 &#8222;postuli&#8220; \u00fe\u00fd\u00f0ir &#8222;s\u00e1 sem er sendur&#8220;. \u00dea\u00f0 \u00e1 vi\u00f0 um postula Jes\u00fa, sem hann sendi fr\u00e1 s\u00e9r me\u00f0 bo\u00f0skapinn um Gu\u00f0s r\u00edki. <a href=\"https:\/\/biblian.is\/fraedsla\/ordtakasafn\/tolf-laerisveinar-jesu\/\">Sj\u00e1 lista yfir l\u00e6risveinana t\u00f3lf<\/a>.<\/p>\n<p><strong>10.2\u00a0<\/strong><em>P\u00e9tur:<\/em>S\u00edmon, fyrsti l\u00e6risveinninn, sem Jes\u00fas kvaddi til fylgdar vi\u00f0 sig (4.18-22). Gr\u00edska nafni\u00f0 hans (Petros) og \u00fea\u00f0 arame\u00edska (Kefas) \u00fe\u00fd\u00f0a b\u00e6\u00f0i &#8222;klettur.&#8220; Jes\u00fas l\u00e6kna\u00f0i tengdam\u00f3\u00f0ur P\u00e9turs (Matt 8.14). Mark\u00fas og L\u00fakas kunna og fr\u00e1 \u00feeirri l\u00e6kningu a\u00f0 segja. \u00deeir nefna P\u00e9tur S\u00edmon.<\/p>\n<p><strong>10.3\u00a0<\/strong><em>tollheimtuma\u00f0ur:<\/em>Sj\u00e1 athugagrein vi\u00f0 5.46.<\/p>\n<p><strong>10.4\u00a0<\/strong><em>\u00cdskar\u00edot: <\/em>Ma\u00f0urinn fr\u00e1 Kar\u00edot (\u00ed J\u00fadeu). G\u00e6ti l\u00edka \u00fe\u00fdtt &#8222;mor\u00f0ingi.&#8220;<\/p>\n<p><strong>10.5\u00a0<\/strong><em>hei\u00f0inna manna&#8230;samverska borg:<\/em><a href=\"https:\/\/biblian.is\/fraedsla\/ordtakasafn\/heidingjarnir\/\">Sj\u00e1 &#8222;Hei\u00f0ingjarnir&#8220;<\/a>. Samverjar bjuggu \u00ed borginni Samar\u00edu og n\u00e1grenni hennar \u00ed Palest\u00ednu. Margir gy\u00f0ingar \u00ed samt\u00edma Jes\u00fa vildu enga umgengni hafa vi\u00f0 hei\u00f0ingja og for\u00f0u\u00f0ust Samverja.<\/p>\n<p><strong>10.8\u00a0<\/strong><em>l\u00edk\u00fer\u00e1a:<\/em>\u00cd \u00fe\u00e1 daga var or\u00f0i\u00f0 &#8222;l\u00edk\u00fer\u00e1&#8220; nota\u00f0 um h\u00fa\u00f0sj\u00fakd\u00f3ma af \u00fdmsu tagi. \u00cd 3M\u00f3s 13-14 er ma\u00f0ur haldinn sumum \u00feessara sj\u00fakd\u00f3ma talinn \u00f3hreinn. S\u00e1 sem snerti sj\u00faklinginn \u00feurfti a\u00f0 gangast undir s\u00e9rstaka hreinsunarath\u00f6fn til \u00feess a\u00f0 mega teljast til safna\u00f0arins aftur. \u00deegar Jes\u00fas t\u00f3k \u00e1 l\u00edk\u00fer\u00e1a manninum var\u00f0 hann \u00f3hreinn samkv\u00e6mt l\u00f6gm\u00e1li M\u00f3se.<\/p>\n<p><strong>10.14\u00a0<\/strong><em>hristi\u00f0 dusti\u00f0 af f\u00f3tum y\u00f0ar: <\/em>\u00deannig au\u00f0s\u00fdndu gy\u00f0ingar h\u00f6fnun \u00f6\u00f0ru f\u00f3lki. Sj\u00e1 og Post 13.51.<\/p>\n<p><strong>10.15\u00a0<\/strong><em>\u00e1 d\u00f3msdegi: <\/em>Sj\u00e1 athugagrein vi\u00f0 7.22.<\/p>\n<p><strong>10.15\u00a0<\/strong><em>S\u00f3d\u00f3mu og G\u00f3morru:<\/em>\u00cd 1M\u00f3s 19.1-29 segir a\u00f0 Gu\u00f0 hafi lagt \u00feessar borgir \u00ed ey\u00f0i fyrir illsku \u00edb\u00faanna. Ekki er me\u00f0 vissu vita\u00f0 hvar S\u00f3d\u00f3ma var a\u00f0 fornu, en tali\u00f0 a\u00f0 h\u00fan hafi veri\u00f0 su\u00f0vestan vi\u00f0 Dau\u00f0ahafi\u00f0. Sj\u00e1 Matt 11.24.<\/p>\n<p><strong>10.20\u00a0<\/strong><em>andi:<\/em>Sj\u00e1 athugagrein vi\u00f0 1.18.<\/p>\n<p><strong>10.23\u00a0<\/strong><em>Mannssonurinn:<\/em>Sj\u00e1 athugagrein vi\u00f0 8.20.<\/p>\n<p><strong>10.41\u00a0<\/strong><em>S\u00e1 sem tekur vi\u00f0&#8230;<\/em>: \u00cd l\u00f6gm\u00e1li M\u00f3se var m\u00e6lt svo fyrir a\u00f0 f\u00f3lk v\u00e6ri gott vi\u00f0 gesti og \u00f3kunnuga, by\u00f0i \u00feeim h\u00fasaskj\u00f3l og ynni \u00feeim beina. Sl\u00edka h\u00e1ttsemi k\u00f6llum vi\u00f0 gestrisni. \u00cd henni f\u00f3lst me\u00f0al annars a\u00f0 \u00fevo a\u00f0komumanni um f\u00e6turna, \u00fev\u00ed a\u00f0 flestir gengu berf\u00e6ttir e\u00f0a voru a\u00f0 \u00f6\u00f0rum kosti \u00ed ilsk\u00f3m (bandask\u00f3m).<\/p>\n","protected":false},"excerpt":{"rendered":"<p>10.1,2\u00a0l\u00e6risveina s\u00edna t\u00f3lf&#8230;.postulanna: &#8222;L\u00e6risveinn&#8220; er nemandi l\u00e6rimeirstara og fylgir honum. <a href=\"https:\/\/biblian.is\/fraedsla\/ritskyring\/matteusargudspjall-10-kafli\/\"> [&#8230;]<\/a><\/p>\n","protected":false},"author":1,"featured_media":0,"parent":4829,"menu_order":0,"comment_status":"closed","ping_status":"closed","template":"","meta":{"footnotes":""},"class_list":["post-5140","page","type-page","status-publish","hentry"],"_links":{"self":[{"href":"https:\/\/biblian.is\/fraedsla\/wp-json\/wp\/v2\/pages\/5140","targetHints":{"allow":["GET"]}}],"collection":[{"href":"https:\/\/biblian.is\/fraedsla\/wp-json\/wp\/v2\/pages"}],"about":[{"href":"https:\/\/biblian.is\/fraedsla\/wp-json\/wp\/v2\/types\/page"}],"author":[{"embeddable":true,"href":"https:\/\/biblian.is\/fraedsla\/wp-json\/wp\/v2\/users\/1"}],"replies":[{"embeddable":true,"href":"https:\/\/biblian.is\/fraedsla\/wp-json\/wp\/v2\/comments?post=5140"}],"version-history":[{"count":0,"href":"https:\/\/biblian.is\/fraedsla\/wp-json\/wp\/v2\/pages\/5140\/revisions"}],"up":[{"embeddable":true,"href":"https:\/\/biblian.is\/fraedsla\/wp-json\/wp\/v2\/pages\/4829"}],"wp:attachment":[{"href":"https:\/\/biblian.is\/fraedsla\/wp-json\/wp\/v2\/media?parent=5140"}],"curies":[{"name":"wp","href":"https:\/\/api.w.org\/{rel}","templated":true}]}}