{"id":5110,"date":"2019-04-22T01:04:35","date_gmt":"2019-04-22T01:04:35","guid":{"rendered":"https:\/\/biblian.is\/fraedsla\/?page_id=5110"},"modified":"2026-04-17T13:01:07","modified_gmt":"2026-04-17T13:01:07","slug":"sofnudir-i-frumkristni","status":"publish","type":"page","link":"https:\/\/biblian.is\/fraedsla\/ordtakasafn\/sofnudir-i-frumkristni\/","title":{"rendered":"S\u00f6fnu\u00f0ir \u00ed frumkristni"},"content":{"rendered":"<p>Gr\u00edska or\u00f0i\u00f0 &#8222;ekkles\u00eda&#8220; er \u00fe\u00fdtt \u00e1 \u00edslensku me\u00f0 or\u00f0inu &#8222;kirkja&#8220;. Upprunaleg merking \u00feess er &#8222;samsafna\u00f0ur&#8220; e\u00f0a &#8222;samkoma&#8220;. Fyrstu s\u00f6fnu\u00f0ir frumkirkjunnar komu saman \u00ed heimah\u00fasum og b\u00e1\u00f0ust fyrir, sungu s\u00e1lma, l\u00e1su helgar ritningar og neyttu &#8222;k\u00e6rleiksm\u00e1lt\u00ed\u00f0ar.&#8220; \u00de\u00f3tt ekki s\u00e9 margt vita\u00f0 um f\u00f3lki\u00f0, sem tali\u00f0 er upp h\u00e9r a\u00f0 ne\u00f0an, er \u00feess minnst fyrir \u00fea\u00f0 a\u00f0 hafa \u00ed \u00feessu skyni opna\u00f0 heimili s\u00edn fyrir tr\u00fabr\u00e6\u00f0rum s\u00ednum og systrum.<\/p>\n<p><em>Fram\u00e1menn \u00ed kristnum s\u00f6fnu\u00f0um, sem komu saman \u00ed heimah\u00fasum, og geti\u00f0 er \u00ed N\u00fdja testamentinu.<\/em><\/p>\n<table style=\"border: 1px solid #eeeeee; height: 184px;\" width=\"638\">\n<tbody>\n<tr bgcolor=\"#eee\">\n<td><strong>Lei\u00f0togar<\/strong><\/td>\n<td><strong>Borg<\/strong><\/td>\n<td><strong>Ritningarsta\u00f0ir<\/strong><\/td>\n<\/tr>\n<tr>\n<td>F\u00f6be<\/td>\n<td>Kenkrea<\/td>\n<td>R\u00f3m 16.1,2<\/td>\n<\/tr>\n<tr>\n<td>Gajus<\/td>\n<td>Korinta<\/td>\n<td>R\u00f3m 16.23,24; 1Kor 1.14<\/td>\n<\/tr>\n<tr>\n<td>Akv\u00edlas og Priskilla<\/td>\n<td>Efesus<\/td>\n<td>Post 18.1-26; R\u00f3m 16.3-5; 1Kor 16.19<\/td>\n<\/tr>\n<tr>\n<td>F\u00edlemon<\/td>\n<td>K\u00f3lossa<\/td>\n<td>Flm 2<\/td>\n<\/tr>\n<tr>\n<td>N\u00fdmfa<\/td>\n<td>La\u00f3d\u00edkea<\/td>\n<td>K\u00f3l 4.15<\/td>\n<\/tr>\n<\/tbody>\n<\/table>\n<p>&nbsp;<\/p>\n","protected":false},"excerpt":{"rendered":"<p>Gr\u00edska or\u00f0i\u00f0 &#8222;ekkles\u00eda&#8220; er \u00fe\u00fdtt \u00e1 \u00edslensku me\u00f0 or\u00f0inu &#8222;kirkja&#8220;. <a href=\"https:\/\/biblian.is\/fraedsla\/ordtakasafn\/sofnudir-i-frumkristni\/\"> [&#8230;]<\/a><\/p>\n","protected":false},"author":1,"featured_media":0,"parent":4827,"menu_order":0,"comment_status":"closed","ping_status":"closed","template":"","meta":{"footnotes":""},"class_list":["post-5110","page","type-page","status-publish","hentry"],"_links":{"self":[{"href":"https:\/\/biblian.is\/fraedsla\/wp-json\/wp\/v2\/pages\/5110","targetHints":{"allow":["GET"]}}],"collection":[{"href":"https:\/\/biblian.is\/fraedsla\/wp-json\/wp\/v2\/pages"}],"about":[{"href":"https:\/\/biblian.is\/fraedsla\/wp-json\/wp\/v2\/types\/page"}],"author":[{"embeddable":true,"href":"https:\/\/biblian.is\/fraedsla\/wp-json\/wp\/v2\/users\/1"}],"replies":[{"embeddable":true,"href":"https:\/\/biblian.is\/fraedsla\/wp-json\/wp\/v2\/comments?post=5110"}],"version-history":[{"count":0,"href":"https:\/\/biblian.is\/fraedsla\/wp-json\/wp\/v2\/pages\/5110\/revisions"}],"up":[{"embeddable":true,"href":"https:\/\/biblian.is\/fraedsla\/wp-json\/wp\/v2\/pages\/4827"}],"wp:attachment":[{"href":"https:\/\/biblian.is\/fraedsla\/wp-json\/wp\/v2\/media?parent=5110"}],"curies":[{"name":"wp","href":"https:\/\/api.w.org\/{rel}","templated":true}]}}