{"id":5016,"date":"2019-04-01T21:19:20","date_gmt":"2019-04-01T21:19:20","guid":{"rendered":"https:\/\/biblian.is\/fraedsla\/?page_id=5016"},"modified":"2026-04-17T13:01:09","modified_gmt":"2026-04-17T13:01:09","slug":"fyrsta-johannesarbref-inngangur","status":"publish","type":"page","link":"https:\/\/biblian.is\/fraedsla\/ritskyring\/fyrsta-johannesarbref-inngangur\/","title":{"rendered":"Fyrsta J\u00f3hannesarbr\u00e9f &#8211; Inngangur"},"content":{"rendered":"<p>Hver eru b\u00f6rn lj\u00f3ssins, og hver b\u00f6rn myrkursins?\u00a0 Fyrsta J\u00f3hannesarbr\u00e9f svarar \u00feeim spurningum.<\/p>\n<h3>Hver eru s\u00e9reinkenni Fyrsta J\u00f3hannesarbr\u00e9fs?<\/h3>\n<p>\u00de\u00f3tt Fyrsta J\u00f3hannesarbr\u00e9f s\u00e9 kalla\u00f0 \u00fev\u00ed nafni, vantar \u00ed \u00fea\u00f0 margt af \u00fev\u00ed sem einkenndi sendibr\u00e9f \u00ed Grikklandi til forna, t.d. \u00e1varp \u00ed upphafi.\u00a0 \u00dear sem Jes\u00fas er \u00ed \u00feessu riti nefndur &#8222;or\u00f0 Gu\u00f0s&#8220; og\u00a0 hinir kristnu eru hvattir til \u00feess a\u00f0 bera elsku hver til annars,\u00a0 hefur Fyrsta J\u00f3hannesarbr\u00e9f\u00a0 um margt\u00a0 \u00fe\u00f3tt l\u00edkjast J\u00f3hannesargu\u00f0spjalli.\u00a0 \u00cd br\u00e9finu gefst og inns\u00fdn \u00ed \u00fea\u00f0, hvernig menn \u00ed frumkirkjunni j\u00f6fnu\u00f0u miskl\u00ed\u00f0 \u00e1 milli sannra l\u00e6risveina Jes\u00fa og \u00feeirra, sem a\u00f0hylltust ranghugmyndir.<\/p>\n<h3>Hvert var tilefni Fyrsta J\u00f3hannesarbr\u00e9fs?<\/h3>\n<p>Fyrsta J\u00f3hannesarbr\u00e9f, og raunar einnig hin J\u00f3hannesarbr\u00e9fin tv\u00f6, vir\u00f0ast hafa veri\u00f0 skrifu\u00f0 til \u00feess a\u00f0 br\u00fdna fyrir l\u00e6risveinum Krists a\u00f0 halda fast vi\u00f0 \u00fea\u00f0, a\u00f0 Jes\u00fas, sonur Gu\u00f0s, hafi veri\u00f0 sannur ma\u00f0ur og bl\u00f3\u00f0i hans \u00fathellt til syndafyrirgefningar (1.7).\u00a0\u00a0 Sumir l\u00e6risveinar h\u00e9ldu \u00fev\u00ed ranglega fram, a\u00f0 Jes\u00fa hef\u00f0i einasta virst vera ma\u00f0ur, en hef\u00f0i \u00ed raun veri\u00f0 andavera.\u00a0 \u00deeir hinir s\u00f6mu voru \u00e1 \u00fev\u00ed, a\u00f0 l\u00edf andans skipti meiru en si\u00f0g\u00e6\u00f0i og andleg \u00feekking v\u00e6gi \u00feyngra en si\u00f0areglur. \u00deeir kenndu, a\u00f0 si\u00f0areglur v\u00e6ru handa \u00feeim einum, sem b\u00e6ru einungis skyn \u00e1 hi\u00f0 jar\u00f0nesku \u00ed l\u00edfinu.\u00a0 \u00deeir sta\u00f0h\u00e6f\u00f0u ennfremur, a\u00f0 \u00feeir hef\u00f0u endurf\u00e6\u00f0st \u00ed anda, og \u00fea\u00f0 ger\u00f0i \u00feeim \u00f3m\u00f6gulegt a\u00f0 syndga, og hef\u00f0u \u00feeir \u00fearaflei\u00f0andi enga \u00fe\u00f6rf fyrir a\u00f0 j\u00e1ta yfirsj\u00f3nir e\u00f0a bi\u00f0ja fyrirgefningar \u00e1 \u00feeim (1.9,10).<\/p>\n<p>Auk \u00feess a\u00f0 j\u00e1ta, a\u00f0 Jes\u00fas hafi veri\u00f0 &#8222;Kristur, kominn sem ma\u00f0ur&#8220; (2.22; 3.23), hl\u00fd\u00f0a b\u00f6rn Gu\u00f0s (&#8222;b\u00f6rn lj\u00f3ssins&#8220;) vilja Gu\u00f0s og elska hvert anna\u00f0 (3.11-24).\u00a0 Eil\u00edft l\u00edf eignast \u00feeir einir, sem tr\u00faa \u00fev\u00ed og treysta, a\u00f0 Jes\u00fas Kristur hafi veri\u00f0 sannur ma\u00f0ur, og bera elsku hver til annars.<\/p>\n<h3>N\u00e1nar um Fyrsta J\u00f3hannesarbr\u00e9f<\/h3>\n<p>Riti\u00f0 er tr\u00falega til or\u00f0i\u00f0 \u00e1 ofanver\u00f0ri fyrstu \u00f6ldinni eftir Krists bur\u00f0 ellegar \u00fe\u00e1 snemma \u00e1 \u00f6ndver\u00f0ri annarri \u00f6ld.\u00a0 \u00c1 \u00feeim d\u00f6gum var frumkirkjan a\u00f0 f\u00e1st vi\u00f0 a\u00f0 skilgreina \u00fea\u00f0, hverjir g\u00e6tu \u00ed sannleika talist vera Gu\u00f0s b\u00f6rn.\u00a0 En \u00e1 \u00feessum t\u00edma komu l\u00edka fram m\u00f6rg n\u00fd tr\u00faarbr\u00f6g\u00f0.\u00a0 Gnostisismi h\u00e9t stefna \u00feeirra \u00e1 me\u00f0al og taldi hina efnislegu ver\u00f6ld vonda, en heim andans g\u00f3\u00f0an.\u00a0 Gnost\u00edkar tr\u00fa\u00f0u \u00fev\u00ed, a\u00f0 tilgangur l\u00edfsins v\u00e6ri s\u00e1, a\u00f0 menn \u00f6flu\u00f0u s\u00e9r s\u00e9rstakrar \u00feekkingar, sem leysti \u00fe\u00e1 \u00far fj\u00f6trum jar\u00f0l\u00edfsins.\u00a0 \u00deeir sta\u00f0h\u00e6f\u00f0u, a\u00f0 \u00feessi \u00e6\u00f0ri viska vernda\u00f0i \u00fe\u00e1 fyrir spilltri ver\u00f6ld.\u00a0En h\u00f6fundur Fyrsta J\u00f3hannesarbr\u00e9fs s\u00fdnir fram \u00e1, a\u00f0 Gu\u00f0 hafi skapa\u00f0 heiminn, gefi\u00f0 m\u00f6nnunum anda sinn og sent Jes\u00fa til \u00feess a\u00f0 frelsa \u00fe\u00e1 fr\u00e1 illu og \u00fev\u00ed megi \u00feess vegna treysta, a\u00f0 mennirnir s\u00e9u \u00ed Gu\u00f0i og Gu\u00f0 \u00ed m\u00f6nnunum.<\/p>\n<h3>Efnisyfirlit Fyrsta J\u00f3hannesarbr\u00e9fs:<\/h3>\n<ul>\n<li>L\u00edf \u00ed lj\u00f3si Gu\u00f0s (1.1-2.17)<\/li>\n<li>Andkristur og b\u00f6rn Gu\u00f0s (2.18-3.10)<\/li>\n<li>Elskum hvert anna\u00f0 (3.11-4.21)<\/li>\n<li>Tr\u00fain, sem sigra\u00f0 hefur heiminn (5.1-21)<\/li>\n<\/ul>\n<p><strong>* <em>\u00a0<\/em><\/strong><em>Lj\u00f3s og myrkur: <\/em>\u00a0Jes\u00fas kalla\u00f0i sig &#8222;lj\u00f3s heimsins&#8220; (J\u00f3h 8.12).\u00a0 Gu\u00f0 er og lj\u00f3s, enda sag\u00f0i Jes\u00fas:\u00a0 &#8222;&#8216;Eg og fa\u00f0irinn erum eitt.&#8220;\u00a0 \u00cd helgiritum Gy\u00f0inga (Gamla testamenti) segir, a\u00f0 Drottinn s\u00e9 &#8222;lj\u00f3s&#8220; (Slm 27.1;\u00a0 139.11,12).\u00a0\u00cd Bibl\u00edunni t\u00e1knar lj\u00f3si\u00f0 Gu\u00f0 og Gu\u00f0s or\u00f0s (J\u00f3h 1.3,4;\u00a0 Slm 119.105), en jafnframt f\u00f3lk e\u00f0a fyrirb\u00e6ri, sem birta sannleika Gu\u00f0s (Jes 49.6).\u00a0L\u00e6risveinar Jes\u00fa eru nefndir &#8222;b\u00f6rn lj\u00f3ssins&#8220; (Ef 5.8) og &#8222;lj\u00f3s heimsins&#8220; (Matt 5.14).<\/p>\n<p>* Myrkri\u00f0 t\u00e1knar \u00fej\u00e1ningu, eymd (Slm 107.10) og heimsku (Pr\u00e9d 2.14).\u00a0Andst\u00e6\u00f0ingar Gu\u00f0s eru kalla\u00f0ir &#8222;heimsdrottnar myrkursins&#8220; (Ef 6.12) og \u00feeim sem ekki gj\u00f6ra vilja hans kann a\u00f0 ver\u00f0a &#8222;varpa\u00f0 \u00ed ystu myrkur&#8220; (Matt 22.13).\u00a0 H\u00e9r eru \u00feeir, sem segjast eiga samf\u00e9lag vi\u00f0 Gu\u00f0, en ganga \u00fe\u00f3 \u00ed myrkrinu, sag\u00f0ir lygarar, sem ekki i\u00f0ka sannleikann (1.6).<\/p>\n<p><em>* dj\u00f6fullinn: <\/em>\u00a0Dj\u00f6fullinn, \u00f6\u00f0ru nafni Satan, er h\u00f6f\u00f0ingi andst\u00e6\u00f0inga Gu\u00f0s og l\u00fd\u00f0s hans.\u00a0 Or\u00f0i\u00f0 &#8222;dj\u00f6full&#8220; \u00fe\u00fd\u00f0ir r\u00f3gberi og &#8222;Satan&#8220; \u00e1k\u00e6randi.\u00a0 Jes\u00fas var af Gu\u00f0i sendur til \u00feess a\u00f0 bera siguror\u00f0 af dj\u00f6flinum og gera a\u00f0 engu \u00f6ll verk hans ( 3.7,8).<\/p>\n","protected":false},"excerpt":{"rendered":"<p>Hver eru b\u00f6rn lj\u00f3ssins, og hver b\u00f6rn myrkursins?\u00a0 Fyrsta J\u00f3hannesarbr\u00e9f <a href=\"https:\/\/biblian.is\/fraedsla\/ritskyring\/fyrsta-johannesarbref-inngangur\/\"> [&#8230;]<\/a><\/p>\n","protected":false},"author":1,"featured_media":0,"parent":4829,"menu_order":0,"comment_status":"closed","ping_status":"closed","template":"","meta":{"footnotes":""},"class_list":["post-5016","page","type-page","status-publish","hentry"],"_links":{"self":[{"href":"https:\/\/biblian.is\/fraedsla\/wp-json\/wp\/v2\/pages\/5016","targetHints":{"allow":["GET"]}}],"collection":[{"href":"https:\/\/biblian.is\/fraedsla\/wp-json\/wp\/v2\/pages"}],"about":[{"href":"https:\/\/biblian.is\/fraedsla\/wp-json\/wp\/v2\/types\/page"}],"author":[{"embeddable":true,"href":"https:\/\/biblian.is\/fraedsla\/wp-json\/wp\/v2\/users\/1"}],"replies":[{"embeddable":true,"href":"https:\/\/biblian.is\/fraedsla\/wp-json\/wp\/v2\/comments?post=5016"}],"version-history":[{"count":0,"href":"https:\/\/biblian.is\/fraedsla\/wp-json\/wp\/v2\/pages\/5016\/revisions"}],"up":[{"embeddable":true,"href":"https:\/\/biblian.is\/fraedsla\/wp-json\/wp\/v2\/pages\/4829"}],"wp:attachment":[{"href":"https:\/\/biblian.is\/fraedsla\/wp-json\/wp\/v2\/media?parent=5016"}],"curies":[{"name":"wp","href":"https:\/\/api.w.org\/{rel}","templated":true}]}}

Fyrsta Jóhannesarbréf &#8211; Inngangur

<p>Hver eru börn ljóssins, og hver börn myrkursins?  Fyrsta Jóhannesarbréf svarar þeim spurningum.</p>
<h3>Hver eru séreinkenni Fyrsta Jóhannesarbréfs?</h3>
<p>Þótt Fyrsta Jóhannesarbréf sé kallað því nafni, vantar í það margt af því sem einkenndi sendibréf í Grikklandi til forna, t.d. ávarp í upphafi.  Þar sem Jesús er í þessu riti nefndur &#8222;orð Guðs&#8220; og  hinir kristnu eru hvattir til þess að bera elsku hver til annars,  hefur Fyrsta Jóhannesarbréf  um margt  þótt líkjast Jóhannesarguðspjalli.  Í bréfinu gefst og innsýn í það, hvernig menn í frumkirkjunni jöfnuðu misklíð á milli sannra lærisveina Jesú og þeirra, sem aðhylltust ranghugmyndir.</p>
<h3>Hvert var tilefni Fyrsta Jóhannesarbréfs?</h3>
<p>Fyrsta Jóhannesarbréf, og raunar einnig hin Jóhannesarbréfin tvö, virðast hafa verið skrifuð til þess að brýna fyrir lærisveinum Krists að halda fast við það, að Jesús, sonur Guðs, hafi verið sannur maður og blóði hans úthellt til syndafyrirgefningar (1.7).   Sumir lærisveinar héldu því ranglega fram, að Jesú hefði einasta virst vera maður, en hefði í raun verið andavera.  Þeir hinir sömu voru á því, að líf andans skipti meiru en siðgæði og andleg þekking vægi þyngra en siðareglur. Þeir kenndu, að siðareglur væru handa þeim einum, sem bæru einungis skyn á hið jarðnesku í lífinu.  Þeir staðhæfðu ennfremur, að þeir hefðu endurfæðst í anda, og það gerði þeim ómögulegt að syndga, og hefðu þeir þarafleiðandi enga þörf fyrir að játa yfirsjónir eða biðja fyrirgefningar á þeim (1.9,10).</p>
<p>Auk þess að játa, að Jesús hafi verið &#8222;Kristur, kominn sem maður&#8220; (2.22; 3.23), hlýða börn Guðs (&#8222;börn ljóssins&#8220;) vilja Guðs og elska hvert annað (3.11-24).  Eilíft líf eignast þeir einir, sem trúa því og treysta, að Jesús Kristur hafi verið sannur maður, og bera elsku hver til annars.</p>
<h3>Nánar um Fyrsta Jóhannesarbréf</h3>
<p>Ritið er trúlega til orðið á ofanverðri fyrstu öldinni eftir Krists burð ellegar þá snemma á öndverðri annarri öld.  Á þeim dögum var frumkirkjan að fást við að skilgreina það, hverjir gætu í sannleika talist vera Guðs börn.  En á þessum tíma komu líka fram mörg ný trúarbrögð.  Gnostisismi hét stefna þeirra á meðal og taldi hina efnislegu veröld vonda, en heim andans góðan.  Gnostíkar trúðu því, að tilgangur lífsins væri sá, að menn öfluðu sér sérstakrar þekkingar, sem leysti þá úr fjötrum jarðlífsins.  Þeir staðhæfðu, að þessi æðri viska verndaði þá fyrir spilltri veröld. En höfundur Fyrsta Jóhannesarbréfs sýnir fram á, að Guð hafi skapað heiminn, gefið mönnunum anda sinn og sent Jesú til þess að frelsa þá frá illu og því megi þess vegna treysta, að mennirnir séu í Guði og Guð í mönnunum.</p>
<h3>Efnisyfirlit Fyrsta Jóhannesarbréfs:</h3>
<ul>
<li>Líf í ljósi Guðs (1.1-2.17)</li>
<li>Andkristur og börn Guðs (2.18-3.10)</li>
<li>Elskum hvert annað (3.11-4.21)</li>
<li>Trúin, sem sigrað hefur heiminn (5.1-21)</li>
</ul>
<p><strong>* <em> </em></strong><em>Ljós og myrkur: </em> Jesús kallaði sig &#8222;ljós heimsins&#8220; (Jóh 8.12).  Guð er og ljós, enda sagði Jesús:  &#8222;&#8216;Eg og faðirinn erum eitt.&#8220;  Í helgiritum Gyðinga (Gamla testamenti) segir, að Drottinn sé &#8222;ljós&#8220; (Slm 27.1;  139.11,12). Í Biblíunni táknar ljósið Guð og Guðs orðs (Jóh 1.3,4;  Slm 119.105), en jafnframt fólk eða fyrirbæri, sem birta sannleika Guðs (Jes 49.6). Lærisveinar Jesú eru nefndir &#8222;börn ljóssins&#8220; (Ef 5.8) og &#8222;ljós heimsins&#8220; (Matt 5.14).</p>
<p>* Myrkrið táknar þjáningu, eymd (Slm 107.10) og heimsku (Préd 2.14). Andstæðingar Guðs eru kallaðir &#8222;heimsdrottnar myrkursins&#8220; (Ef 6.12) og þeim sem ekki gjöra vilja hans kann að verða &#8222;varpað í ystu myrkur&#8220; (Matt 22.13).  Hér eru þeir, sem segjast eiga samfélag við Guð, en ganga þó í myrkrinu, sagðir lygarar, sem ekki iðka sannleikann (1.6).</p>
<p><em>* djöfullinn: </em> Djöfullinn, öðru nafni Satan, er höfðingi andstæðinga Guðs og lýðs hans.  Orðið &#8222;djöfull&#8220; þýðir rógberi og &#8222;Satan&#8220; ákærandi.  Jesús var af Guði sendur til þess að bera sigurorð af djöflinum og gera að engu öll verk hans ( 3.7,8).</p>

<p>Hver eru börn ljóssins, og hver börn myrkursins?  Fyrsta Jóhannesarbréf <a href="https://biblian.is/fraedsla/ritskyring/fyrsta-johannesarbref-inngangur/"> [&#8230;]</a></p>
