{"id":5010,"date":"2019-04-01T21:11:15","date_gmt":"2019-04-01T21:11:15","guid":{"rendered":"https:\/\/biblian.is\/fraedsla\/?page_id=5010"},"modified":"2022-12-16T13:59:11","modified_gmt":"2022-12-16T13:59:11","slug":"matteusargudspjall-6-kafli","status":"publish","type":"page","link":"https:\/\/biblian.is\/fraedsla\/ritskyring\/matteusargudspjall-6-kafli\/","title":{"rendered":"Matteusargu\u00f0spjall 6. kafli"},"content":{"rendered":"<p><strong>6.1<\/strong><em>i\u00f0ka r\u00e9ttl\u00e6ti:<\/em>\u00a0 H\u00e9r er \u00e1tt vi\u00f0 \u00f6lmusugjafir til f\u00e1t\u00e6kra.\u00a0 Gy\u00f0ingar t\u00f6ldu \u00ferennt skipta mestu:\u00a0 a\u00f0 gefa f\u00e1t\u00e6kum, bi\u00f0ja og fasta (neyta ekki matar \u00ed tiltekinn t\u00edma).\u00a0 \u00cd 6.1.18 minnir Jes\u00fas \u00e1, a\u00f0 ekki skuli i\u00f0ka \u00feetta til \u00feess a\u00f0 st\u00e6ra sig af \u00fev\u00ed.<\/p>\n<p><strong>6.2<\/strong><em>hr\u00e6snarar:<\/em>\u00a0 gr\u00edska or\u00f0i\u00f0 er <em>hypocrites<\/em>, sem \u00e1 \u00edslensku \u00fe\u00fd\u00f0ir skinhelgur ma\u00f0ur, s\u00e1 sem hefur \u00ed frammi uppger\u00f0. Sj\u00e1 og 23.5.<\/p>\n<p><strong>6.3<\/strong>\u00a0 <em>viti vinstri h\u00f6nd \u00fe\u00edn ekki hva\u00f0 s\u00fa h\u00e6gri gerir:<\/em>\u00a0&#8222;l\u00e1ttu engan vita af \u00fev\u00ed.&#8220;<\/p>\n<p><strong>6.6<\/strong><em>bi\u00f0st fyrir:<\/em>\u00a0 Gy\u00f0ingar b\u00e1\u00f0ust yfirleitt fyrir opinberlega \u00ed musterinu e\u00f0a samkunduh\u00fasunum, venjulega f\u00f3rnandi h\u00f6ndum.\u00a0 \u00deeir b\u00e1\u00f0u l\u00edka krj\u00fapandi e\u00f0a \u00fatafliggjandi.\u00a0 Jes\u00fas vildi benda f\u00f3lki \u00e1, a\u00f0 rangt v\u00e6ri a\u00f0 bi\u00f0ja Gu\u00f0 \u00ed \u00fev\u00ed skyni einu a\u00f0 l\u00e1ta a\u00f0ra sj\u00e1 \u00fea\u00f0.\u00a0 Sj\u00e1 og &#8222;B\u00e6n&#8220; \u00e1 bls. 2193.<\/p>\n<p><strong>6.11<\/strong><em>daglegt brau\u00f0:<\/em>\u00a0 E\u00f0a &#8222;matinn sem vi\u00f0 \u00fe\u00f6rfnumst&#8220; e\u00f0a &#8222;matinn fyrir morgundaginn.&#8220;<\/p>\n<p><strong>6.13<\/strong><em>illu<\/em>:\u00a0 E\u00f0a &#8222;hinum vonda&#8220;\u00a0 \u00fe.e. dj\u00f6flinum.\u00a0 Sum handrit b\u00e6ta vi\u00f0:\u00a0 &#8222;\u00dev\u00ed a\u00f0 \u00feitt er r\u00edki\u00f0, m\u00e1tturinn og d\u00fdr\u00f0in a\u00f0 eil\u00edfu, amen.&#8220;<\/p>\n<p><strong>6.29<\/strong><em>Sal\u00f3mon \u00ed allri sinni d\u00fdr\u00f0:<\/em>\u00a0 Sal\u00f3mon, sonur sj\u00e1lfs Dav\u00ed\u00f0s konungs, r\u00edkti \u00ed \u00cdsrael \u00e1 miklum vels\u00e6ldart\u00edmum me\u00f0 \u00fej\u00f3\u00f0inni.\u00a0 Hann heimti skatta af \u00feegnum s\u00ednum til \u00feess a\u00f0 herv\u00e6\u00f0ast, reisa fyrsta musteri\u00f0 \u00ed Jer\u00fasalem og byggja gr\u00ed\u00f0arst\u00f3ra h\u00f6ll handa sj\u00e1lfum s\u00e9r.\u00a0 Hann haf\u00f0i samskipti vi\u00f0 \u00fej\u00f3\u00f0h\u00f6f\u00f0ingja margra af n\u00e1gr\u00f6nnum \u00cdsraels.\u00a0 Gy\u00f0ingar l\u00e9tu svo heita a\u00f0 Sal\u00f3mon hef\u00f0i veri\u00f0 vitrasti og r\u00edkasti ma\u00f0ur sem nokkurn t\u00edma hef\u00f0i veri\u00f0 uppi.\u00a0 Sj\u00e1 1Kon 10.4-7: 2Kron 9.3-6.<\/p>\n","protected":false},"excerpt":{"rendered":"<p>6.1i\u00f0ka r\u00e9ttl\u00e6ti:\u00a0 H\u00e9r er \u00e1tt vi\u00f0 \u00f6lmusugjafir til f\u00e1t\u00e6kra.\u00a0 Gy\u00f0ingar <a href=\"https:\/\/biblian.is\/fraedsla\/ritskyring\/matteusargudspjall-6-kafli\/\"> [&#8230;]<\/a><\/p>\n","protected":false},"author":1,"featured_media":0,"parent":4829,"menu_order":0,"comment_status":"closed","ping_status":"closed","template":"","meta":{"footnotes":""},"class_list":["post-5010","page","type-page","status-publish","hentry"],"_links":{"self":[{"href":"https:\/\/biblian.is\/fraedsla\/wp-json\/wp\/v2\/pages\/5010","targetHints":{"allow":["GET"]}}],"collection":[{"href":"https:\/\/biblian.is\/fraedsla\/wp-json\/wp\/v2\/pages"}],"about":[{"href":"https:\/\/biblian.is\/fraedsla\/wp-json\/wp\/v2\/types\/page"}],"author":[{"embeddable":true,"href":"https:\/\/biblian.is\/fraedsla\/wp-json\/wp\/v2\/users\/1"}],"replies":[{"embeddable":true,"href":"https:\/\/biblian.is\/fraedsla\/wp-json\/wp\/v2\/comments?post=5010"}],"version-history":[{"count":0,"href":"https:\/\/biblian.is\/fraedsla\/wp-json\/wp\/v2\/pages\/5010\/revisions"}],"up":[{"embeddable":true,"href":"https:\/\/biblian.is\/fraedsla\/wp-json\/wp\/v2\/pages\/4829"}],"wp:attachment":[{"href":"https:\/\/biblian.is\/fraedsla\/wp-json\/wp\/v2\/media?parent=5010"}],"curies":[{"name":"wp","href":"https:\/\/api.w.org\/{rel}","templated":true}]}}