{"id":4889,"date":"2019-03-22T20:01:30","date_gmt":"2019-03-22T20:01:30","guid":{"rendered":"https:\/\/biblian.is\/fraedsla\/?page_id=4889"},"modified":"2026-04-17T13:08:41","modified_gmt":"2026-04-17T13:08:41","slug":"kraftaverk-tofrar-og-laeknisdomar","status":"publish","type":"page","link":"https:\/\/biblian.is\/fraedsla\/samtidarsaga-bibliunnar\/kraftaverk-tofrar-og-laeknisdomar\/","title":{"rendered":"Kraftaverk, t\u00f6frar og l\u00e6knisd\u00f3mar"},"content":{"rendered":"<p>Bibl\u00edan er tr\u00faarrit.\u00a0 H\u00fan er sagan af ath\u00f6fnum Gu\u00f0s \u00ed \u00fev\u00ed skyni a\u00f0 verja og frelsa mannkyni\u00f0.\u00a0 Kraftaverk eru fyrirfer\u00f0armikil \u00ed \u00feeirri fr\u00e1s\u00f6gn.\u00a0 \u00deau eru af Gu\u00f0i unnin, sk\u00f6punarverki hans til heilla.\u00a0 Af \u00f3l\u00edkum toga voru tr\u00faarhugmyndir \u00feeirra, sem leitu\u00f0u til annarra gu\u00f0a og reiddu sig \u00e1 t\u00f6fra, l\u00e1su \u00far stj\u00f6rnunum e\u00f0a \u00e1k\u00f6llu\u00f0u anda framli\u00f0inna.\u00a0 \u00cd gj\u00f6rvallri Bibl\u00edunni eru kraftaverk Gu\u00f0s mikil undur.\u00a0Oft eru \u00feau \u00f3\u00fatsk\u00fdranleg og brj\u00f3ta \u00ed b\u00e1ga vi\u00f0 l\u00f6gm\u00e1l n\u00e1tt\u00farunnar, l\u00edka \u00feau sem \u00fe\u00e1 voru \u00feekkt.<\/p>\n<p>F\u00f3lki\u00f0 lofa\u00f0i Gu\u00f0 fyrir \u00feessi alm\u00e6ttisverk, \u00fear me\u00f0 talin \u00feau t\u00e1kn hans og undur, er fr\u00e1 segir \u00ed s\u00f6gu \u00cdsraels (5M\u00f3s. 7:19; 11:1-4; 34:10-12).\u00a0 \u00deeir, sem ortu Dav\u00ed\u00f0ss\u00e1lma og s\u00ed\u00f0ari t\u00edma kennarar \u00ed M\u00f3sel\u00f6gum skynju\u00f0u h\u00f6nd Drottins \u00ed m\u00e1ttarverkunum og a\u00f0 \u00feau v\u00e6ru unnin til \u00feess a\u00f0 vernda \u00edsraelsku \u00fej\u00f3\u00f0ina og umbuna henni, og \u00ed \u00fev\u00ed augnami\u00f0i a\u00f0 halda henni \u00e1 veginum sem Gu\u00f0i er \u00fe\u00f3knanlegur (Slm 105; 107; 136; sj\u00e1 einnig Neh 9).<\/p>\n<p>\u00cd Bibl\u00edunni allri eru kraftaverkin t\u00e1kn, sem benda \u00fat fyrir sj\u00e1lf sig \u00e1 volduga og mikilfenglega merkingu.\u00a0 Gott d\u00e6mi um \u00feetta er fr\u00e1s\u00f6gnin af \u00fev\u00ed sem henti \u00cdsraelsmenn \u00ed S\u00edna\u00ed-ey\u00f0im\u00f6rkinni og birti vilja Drottins og stefnumi\u00f0 \u00fej\u00f3\u00f0inni til handa.\u00a0 \u00dea\u00f0 er ekki einasta a\u00f0 h\u00fan lifi af miklar \u00ferengingar, heldur er h\u00fan leidd inn \u00ed landi\u00f0 sem Gu\u00f0 haf\u00f0i heiti\u00f0 henni svo a\u00f0 h\u00fan myndi \u00fej\u00f3na honum (5M\u00f3s. 4:23-34; 6:21-25; 26:5-11; J\u00f3s 24:17). Kraftaverkin gl\u00e6ddu mj\u00f6g tr\u00fa \u00cdsraelsmanna \u00e1 fyrirheiti Drottins og \u00feeir horf\u00f0u enda \u00e1 \u00feau r\u00e6tast.\u00a0 Meira a\u00f0 segja Bab\u00fdlon\u00edukonungur f\u00e9kk tr\u00fa \u00e1 \u00fev\u00ed a\u00f0 Gu\u00f0 \u00cdsraels ynni undursamleg m\u00e1ttarverk \u00feegar hann s\u00e1 hversu Drottinn bjarga\u00f0i \u00feremur m\u00f6nnum, sem voru honum tr\u00fair, \u00f3sk\u00f6ddu\u00f0um \u00far eldsofninum (Dan 3).<\/p>\n<h3>Kraftaverk Jes\u00fa birta k\u00e6rleika Gu\u00f0s og m\u00e1tt<\/h3>\n<p>\u00cd N\u00fdja testamenti getur a\u00f0 lesa um hin fj\u00f6lm\u00f6rgu kraftaverk Jes\u00fa (sj\u00e1 t\u00f6flu h\u00e9r a\u00f0 ne\u00f0an).\u00a0 \u00de\u00f3 neita\u00f0i hann jafnan a\u00f0 vinna \u00feau \u00feegar andst\u00e6\u00f0ingar hans vildu reyna hann og f\u00e1 hann til \u00feess a\u00f0 sanna a\u00f0 Gu\u00f0 v\u00e6ri \u00ed verki me\u00f0 s\u00e9r me\u00f0 \u00fev\u00ed a\u00f0 s\u00fdna \u00feeim eitthvert t\u00e1kn (Matt 16:1-4; Mark 8;11,12; J\u00f3h 4:48; 6:26-34).\u00a0 \u00de\u00e1 banna\u00f0i hann l\u00edka m\u00f6nnum i\u00f0ulega a\u00f0 segja nokkrum fr\u00e1 kraftaverkum s\u00ednum (Mark 1:44; 5:43), kannski af \u00fev\u00ed a\u00f0 vantr\u00faarmenn myndu hafa \u00e1lykta\u00f0 a\u00f0 Jes\u00fas v\u00e6ri ekki anna\u00f0 en sl\u00e9ttur t\u00f6frama\u00f0ur.\u00a0 \u00d3sjaldan virtist \u00fea\u00f0 vera svo, a\u00f0 kraftaverk Jes\u00fa k\u00e6mu a\u00f0eins \u00feeim a\u00f0 gagni, sem tr\u00fa\u00f0u (Mark 2:5-12; 5:34).\u00a0 Hva\u00f0 sem \u00f6\u00f0ru lei\u00f0, \u00fe\u00e1 st\u00e6r\u00f0i hann sig aldrei af \u00feeim.\u00a0 Kraftaverkunum var \u00e6tla\u00f0 a\u00f0 augl\u00fdsa k\u00e6rleika Gu\u00f0s til \u00fej\u00f3\u00f0arinnar (L\u00fak 4:18-21) og gefa til kynna a\u00f0 Gu\u00f0s r\u00edki v\u00e6ri \u00ed n\u00e1nd.<\/p>\n<h3>Kraftaverk \u00ed frumkirkjunni<\/h3>\n<p>\u00c1 d\u00f6gum frumkirkjunnar voru \u00fdmis kraftaverk unnin fyrir allra augum.\u00a0\u00deau komu f\u00f3lki \u00ed skilning um \u00fea\u00f0, a\u00f0 sj\u00e1lfur Gu\u00f0 v\u00e6ri a\u00f0 verki \u00ed mannheimi (Post 2:19-22, 43; 4:30; 5:12,13; 8:13).\u00a0 En \u00fe\u00e1 \u00e1lykta\u00f0i margur a\u00f0 h\u00e6fnin a\u00f0 l\u00e6kna og gera kraftaverk v\u00e6ri fr\u00e1 einhverjum \u00feeim duldu \u00f6flum komin, er t\u00f6frar fengju kalla\u00f0 fram.\u00a0 \u00cd Postulas\u00f6gunni, 8. kap\u00edtula, versunum 9 til 24 segir fr\u00e1 manni nokkrum sem h\u00e9t S\u00edmon og lag\u00f0i stund \u00e1 t\u00f6fra.\u00a0 Hann sta\u00f0h\u00e6f\u00f0i a\u00f0 hann hef\u00f0i sn\u00faist til kristinnar tr\u00faar, en \u00e1tti \u00fe\u00f3 \u00fe\u00e1 lex\u00edu \u00f3l\u00e6r\u00f0a, a\u00f0 kraftur Gu\u00f0s er gj\u00f6f en ekki einhver t\u00f6fraform\u00fala sem h\u00e6gt er a\u00f0 kaupa s\u00e9r.\u00a0 \u00deannig sag\u00f0i P\u00e1ll postuli, a\u00f0 Gu\u00f0 hj\u00e1lpa\u00f0i honum a\u00f0 vinna kraftaverk til \u00feess a\u00f0 f\u00e6ra s\u00f6nnur \u00e1 fagna\u00f0arerindi\u00f0 um Jes\u00fa og vitna um hlutverk P\u00e1ls sj\u00e1lfs sem postula (2Kor 12:12).\u00a0 Hann sag\u00f0i l\u00edka fr\u00e1 kraftaverkum Jes\u00fa til \u00feess a\u00f0 \u00e1heyrendur k\u00e6must til tr\u00faar \u00e1 frelsarann (R\u00f3m 15:15-19).<\/p>\n<h3>T\u00f6frar, kukl og s\u00e6ringar<\/h3>\n<p>\u00cd forn\u00f6ld h\u00f6f\u00f0u t\u00f6frar, sei\u00f0ur og galdrar \u00f3l\u00edti\u00f0 vald yfir hugum manna.\u00a0\u00cdsraelsmenn st\u00f3\u00f0u \u00e1 \u00fev\u00ed fastar en f\u00f3tunum a\u00f0 kraftaverkin sem sp\u00e1menn \u00feeirra unnu v\u00e6ru alls \u00f3l\u00edk \u00feessum fyrirbrig\u00f0um af \u00fev\u00ed a\u00f0 \u00feau bygg\u00f0ust ekki \u00e1 kukli, heldur \u00e1 krafti Gu\u00f0s.\u00a0 B\u00f3kah\u00f6fundar Bibl\u00edunnar ger\u00f0u sk\u00fdran greinarmun \u00e1 \u00feessum &#8222;\u00f3sviknu&#8220; kraftaverkum annars vegar og \u00fdmsu \u00fev\u00ed \u00f3venjulegu sem sp\u00e1menn og prestar af \u00f6\u00f0rum \u00fej\u00f3\u00f0um og tr\u00faarbr\u00f6g\u00f0um h\u00f6f\u00f0u um h\u00f6nd.\u00a0 J\u00f3sef, svo d\u00e6mi s\u00e9 teki\u00f0, naut li\u00f0sinnis Gu\u00f0s er hann r\u00e9\u00f0i drauma Egyptalandskonungs eftir a\u00f0 vitringar og t\u00f6framenn konungs h\u00f6f\u00f0u or\u00f0i\u00f0 fr\u00e1 a\u00f0 hverfa (1M\u00f3s. 41:1-36).\u00a0\u00a0 \u00deegar t\u00f6framenn Egyptalandskonungs breyttu s\u00ed\u00f0ar st\u00f6fum s\u00ednum \u00ed h\u00f6ggorma, ger\u00f0u M\u00f3se og Aron br\u00f3\u00f0ir hans sl\u00edkt hi\u00f0 sama, en \u00fear skildi \u00e1, a\u00f0 \u00feeir br\u00e6\u00f0ur unnu samkv\u00e6mt \u00fev\u00ed sem Drottinn haf\u00f0i bo\u00f0i\u00f0 \u00feeim, og \u00fev\u00ed f\u00f3r svo a\u00f0 \u00feeirra h\u00f6ggormar gleyptu h\u00f6ggorma Egypta (2M\u00f3s 7:8-13). \u00deetta undur ger\u00f0i a\u00f0 verkum a\u00f0 yfirbur\u00f0ir Drottins \u00cdsraels ur\u00f0u \u00f6llum lj\u00f3sir. \u00a0 \u00a0\u00cd anna\u00f0 skipti s\u00fdndi sp\u00e1ma\u00f0urinn El\u00eda fram \u00e1 a\u00f0 m\u00e1ttur Gu\u00f0s \u00cdsraels v\u00e6ri meiri en gu\u00f0sins Baals \u00feegar hann, me\u00f0 Gu\u00f0s hj\u00e1lp, bar siguror\u00f0 af sp\u00e1m\u00f6nnum Baals \u00ed keppni (1Kon 18:16-40).<\/p>\n<p>L\u00f6gm\u00e1l M\u00f3se banna\u00f0i galdra (3M\u00f3s 19:26); menn skyldu setja allt sitt traust \u00e1 hinn eina, sanna Gu\u00f0, og \u00fea\u00f0 b\u00e6ri vott \u00f3n\u00f3gu gu\u00f0strausti a\u00f0 leita til anda e\u00f0a hvers kyns myrkravalda.\u00a0 Str\u00f6ng vi\u00f0url\u00f6g l\u00e1gu vi\u00f0 broti \u00e1 \u00feessu bo\u00f0i (2M\u00f3s 22:18; 5M\u00f3s 18:10-13).\u00a0 \u00deegar S\u00e1l, fyrsti konungur \u00cdsraelsmanna, \u00f3tta\u00f0ist innr\u00e1s F\u00edlista, \u00e1kalla\u00f0i hann ekki Gu\u00f0 til fulltingis s\u00e9r.\u00a0 \u00deess \u00ed sta\u00f0 braut hann gegn banninu vi\u00f0 g\u00f6ldrum og ba\u00f0 konu eina fr\u00e1 Endor, sem vissi lengra en nef hennar n\u00e1\u00f0i, a\u00f0 vekja upp Sam\u00fael sem \u00fe\u00e1 var d\u00e1inn fyrir nokkru (1Sam 28:4-20).\u00a0 \u00cd \u00f6\u00f0ru d\u00e6mi \u00f3hl\u00fd\u00f0nu\u00f0ust \u00feegnar Nor\u00f0urr\u00edkisins (\u00cdsraels) Gu\u00f0i me\u00f0 \u00fev\u00ed a\u00f0 d\u00fdrka stj\u00f6rnurnar og fara me\u00f0 kukl e\u00f0a tilbi\u00f0ja hj\u00e1gu\u00f0i eins og As\u00e9ru og Baal, og reiddist Drottin \u00feeim \u00fe\u00e1 svo heiftarlega a\u00f0 hann leyf\u00f0i Ass\u00fdringum a\u00f0 gj\u00f6rsigra \u00fe\u00e1 og flytja burt \u00far landi s\u00ednu \u00ed hlekkjum (2Kon 17:16-18).\u00a0 Seinna syndga\u00f0i Manasse konungur Su\u00f0urr\u00edkisins (J\u00fada) gegn Gu\u00f0i me\u00f0 \u00fev\u00ed a\u00f0 tigna himinhnettina, i\u00f0ka s\u00e6ringar og galdur og leita til sp\u00e1sagnamanna um heilr\u00e6\u00f0i.\u00a0 Ekki er anna\u00f0 a\u00f0 sj\u00e1 en a\u00f0 honum hafi me\u00f0al annars veri\u00f0 r\u00e1\u00f0lagt a\u00f0 f\u00e6ra eigi\u00f0 barn sitt a\u00f0 f\u00f3rn (2Kon. 21:4-7).\u00a0 Vegna st\u00f3rsynda Manasse m\u00e1tti \u00fej\u00f3\u00f0in \u00f6ll \u00feola \u00e1fellisd\u00f3m Gu\u00f0s og tyftun hans (2Kon 21:8-16).\u00a0\u00cd enn \u00f6\u00f0ru\u00a0 d\u00e6mi vildi Balak, konungur \u00ed M\u00f3ab, kaupa Balaam til \u00feess a\u00f0 b\u00f6lva \u00cdsraelsm\u00f6nnum og senda \u00feeim sendingu til ills, en Balaam f\u00e6r\u00f0ist undan.\u00a0(4M\u00f3s 22-24).\u00a0 Synjun s\u00edna \u00fatsk\u00fdr\u00f0i hann me\u00f0 \u00fev\u00ed a\u00f0 segja, a\u00f0 enginn galdur e\u00f0a fj\u00f6lkynngi biti \u00e1 \u00cdsraelsmenn, enda hef\u00f0i\u00a0 sj\u00e1lfur Gu\u00f0 gj\u00f6rt mikla hluti fyrir \u00fe\u00e1 (4M\u00f3s\u00a0 23:23).<\/p>\n<p>\u00dea\u00f0 leikur ekki \u00e1 tveim tungum, a\u00f0 sums sta\u00f0ar \u00ed N\u00fdja testamenti eru galdrar og s\u00fa g\u00e1fa a\u00f0 segja fyrir \u00f3or\u00f0na hluti tali\u00f0 af hinum illa.\u00a0 \u00c1 einum sta\u00f0 lesum vi\u00f0, a\u00f0 P\u00e1ll hafi reki\u00f0 \u00f3hreinan anda \u00fat af amb\u00e1tt nokkurri og vi\u00f0 \u00fea\u00f0 hafi h\u00fan glata\u00f0 h\u00e6fileikanum til \u00feess a\u00f0 sp\u00e1 fyrir um framt\u00ed\u00f0ina.\u00a0 Eigendur st\u00falkunnar ur\u00f0u fokrei\u00f0ir af \u00fev\u00ed a\u00f0 n\u00fa gat h\u00fan ekki lengur haft upp \u00far s\u00e9r fyrir \u00fe\u00e1 me\u00f0 sp\u00e1d\u00f3mum s\u00ednum (Post 16:16-19).\u00a0 \u00cd Galatabr\u00e9finunefnir P\u00e1ll postuli fj\u00f6lkynngi \u00ed upptalningu \u00e1 \u00feeim &#8222;verkum holdsins&#8220; er \u00feeir dr\u00fdgja sem \u00fej\u00f3nka eigingj\u00f6rnum hv\u00f6tum \u00ed \u00feess a\u00f0 lei\u00f0ast af anda Gu\u00f0s (Gal 5:20).\u00a0Og \u00ed Opinberun J\u00f3hannesar segir fr\u00e1 \u00f6\u00f0ru d\u00fdrinu fr\u00e1, sem ginnti f\u00f3lk til \u00feess a\u00f0 tr\u00faa \u00e1 d\u00fdri\u00f0, sem reis \u00ed gegn Gu\u00f0i me\u00f0 \u00fev\u00ed a\u00f0 gj\u00f6ra mikil t\u00e1kn eins og a\u00f0 l\u00e1ta l\u00edkneski tala sem lifandi ma\u00f0ur v\u00e6ri (Opb 13:11-15).<\/p>\n<h3>Kraftaverkin \u00ed hendi Gu\u00f0s<\/h3>\n<table>\n<tbody>\n<tr>\n<td>Kraftaverk:<\/td>\n<td>Ritningarsta\u00f0ir:<\/td>\n<\/tr>\n<tr>\n<td>Gu\u00f0 birtir f\u00f3lkinu m\u00e1tt sinn<\/td>\n<td>1M\u00f3s 15:17; 2 M\u00f3s 3:1-6; J\u00f3s 3:14-17; 1Kon 18:16-39; L\u00fakas 8:22-25; J\u00f3h 2:1-12; J\u00f3h 6:16-21; Post 2.<\/td>\n<\/tr>\n<tr>\n<td>Gu\u00f0 hj\u00e1lpar \u00f3byrjum<\/td>\n<td>1M\u00f3s 17:1-21; D\u00f3m 13; 1Sam 1; L\u00fakas 1:5-25<\/td>\n<\/tr>\n<tr>\n<td>Gu\u00f0 d\u00e6mir illvirkja og uppreisnarmenn<\/td>\n<td>1M\u00f3s 6-9; 19:23-29; 2M\u00f3s 7:14-12:30;\u00a0 2Sam 12:1-23; 1Kon 18:1-40; Jer 18; Post 5:1-11<\/td>\n<\/tr>\n<tr>\n<td>Gu\u00f0 stendur me\u00f0 \u00cdsraelsm\u00f6nnum \u00ed str\u00ed\u00f0i<\/td>\n<td>J\u00f3s 5:13-6:27; 10:1-15; D\u00f3m 6:33-8:3; 1Sam 17:41-54<\/td>\n<\/tr>\n<tr>\n<td>Gu\u00f0 bjargar \u00far nau\u00f0<\/td>\n<td>2M\u00f3s 14; Dan 3:6; Post 12:6-12; 16:16-34<\/td>\n<\/tr>\n<tr>\n<td>Gu\u00f0 gefur vistir og a\u00f0rar \u00e1stgjafir<\/td>\n<td>2M\u00f3s 16:1-17:7; 2Kon 4:1-7; L\u00fakas 5:1-11; J\u00f3h 6:5-15; 21:1-14<\/td>\n<\/tr>\n<tr>\n<td>Gu\u00f0 l\u00e6knar<\/td>\n<td>4M\u00f3s 21:4-9; 2Kon 5:1-19; Mark 5:21-43; L\u00fakas 18:35-43; Post 3:1-10<\/td>\n<\/tr>\n<tr>\n<td>D\u00fdr\u00f0 Gu\u00f0s og fyrir\u00e6tlanir hans birtar \u00ed s\u00fdn<\/td>\n<td>Jes 6; Es 1; Sak 1:7-5:11; Post 9:1-19; 10:1-48<\/td>\n<\/tr>\n<tr>\n<td>Gu\u00f0 sigrar dau\u00f0ann<\/td>\n<td>2Kon 4:18-37; Matt 28:1-7; L\u00fakas 7:11-17; J\u00f3h 11:1-44; Post 9:36-43<\/td>\n<\/tr>\n<tr>\n<td>Gu\u00f0 \u00fatvelur \u00fej\u00f3na og g\u00e6\u00f0ir \u00fe\u00e1 h\u00e6fni<\/td>\n<td>1M\u00f3s 41; 2M\u00f3s 4:1-12; D\u00f3m 6:11-24; 1Sam 3:1-18; Dan 2; L\u00fakas 1:26-38; Post 2:1-13; 1Kor 12:1-11<\/td>\n<\/tr>\n<\/tbody>\n<\/table>\n<h3>Fr\u00e6gustu kraftaverk Jes\u00fa<\/h3>\n<table>\n<tbody>\n<tr>\n<td>Kraftaverk:<\/td>\n<td>Ritningarsta\u00f0ur:<\/td>\n<\/tr>\n<tr>\n<td>Breytir vatni \u00ed v\u00edn \u00ed Kana<\/td>\n<td>J\u00f3h 2:1-11<\/td>\n<\/tr>\n<tr>\n<td>Hastar \u00e1 vind og vatn<\/td>\n<td>Mark 4:35-41<\/td>\n<\/tr>\n<tr>\n<td>Gengur \u00e1 Gal\u00edleuvatni<\/td>\n<td>Matt 14:22-33<\/td>\n<\/tr>\n<tr>\n<td>Mettar meira en 5000 manns me\u00f0 fimm brau\u00f0um og tveimur fiskum<\/td>\n<td>Matt 14:13-21<\/td>\n<\/tr>\n<tr>\n<td>Reisir Lasarus, vin sinn, upp fr\u00e1 dau\u00f0um<\/td>\n<td>J\u00f3h 11:17-44<\/td>\n<\/tr>\n<tr>\n<td>Reisir st\u00falku upp fr\u00e1 dau\u00f0um<\/td>\n<td>Matt 9:18-26<\/td>\n<\/tr>\n<tr>\n<td>Gefur blindf\u00e6ddum manni s\u00fdn<\/td>\n<td>J\u00f3h 9:1-41<\/td>\n<\/tr>\n<tr>\n<td>L\u00e6knar konu, sem haf\u00f0i haft bl\u00f3\u00f0l\u00e1t \u00ed 12 \u00e1r<\/td>\n<td>Matt 9:20-22<\/td>\n<\/tr>\n<tr>\n<td>Rekur \u00f3hreina anda \u00far manni og sendir \u00fe\u00e1 \u00ed sv\u00ednahj\u00f6r\u00f0<\/td>\n<td>Mark 5:1-20<\/td>\n<\/tr>\n<tr>\n<td>L\u00e6knar t\u00edu l\u00edk\u00fer\u00e1a menn<\/td>\n<td>L\u00fakas 17:11-19<\/td>\n<\/tr>\n<tr>\n<td>L\u00e6knar lama mann \u00ed Kapernaum<\/td>\n<td>Mark 2:1-12<\/td>\n<\/tr>\n<tr>\n<td>L\u00e6knar daufan og m\u00e1lhaltan mann<\/td>\n<td>Mark 7:31-37<\/td>\n<\/tr>\n<tr>\n<td>Gr\u00e6\u00f0ir afh\u00f6ggvi\u00f0 eyra\u00f0 \u00e1 \u00fej\u00f3n \u00e6\u00f0sta prestsins<\/td>\n<td>L\u00fakas 22:49-52<\/td>\n<\/tr>\n<\/tbody>\n<\/table>\n<h3>Kraftaverk, t\u00f6frar og l\u00e6knisd\u00f3mar<\/h3>\n<p>Hva\u00f0 segir Bibl\u00edan um l\u00e6kna \u00ed fyrndinni?\u00a0 \u00cd 2. kap\u00edtula S\u00ed\u00f0ari kron\u00edkub\u00f3kar, versunum 12 til 13, hermir fr\u00e1 miklum veikindum Asa konungs er ur\u00f0u honum a\u00f0 aldurtila.\u00a0 L\u00e1ti\u00f0 er a\u00f0 \u00fev\u00ed liggja, a\u00f0 dau\u00f0i hans hafi veri\u00f0 \u00fev\u00ed a\u00f0 kenna a\u00f0 hann leita\u00f0i til l\u00e6kna \u00ed sta\u00f0inn fyrir a\u00f0 bi\u00f0ja til Drottins.\u00a0 Og Jerem\u00eda sp\u00e1ma\u00f0ur spyr \u00e1 einum sta\u00f0, hvort l\u00e6knar og l\u00e6knislyf komi \u00ed raun a\u00f0 li\u00f0i, \u00feegar \u00f6llu er \u00e1 botninn hvolft (Jer 8:22).\u00a0Sannleikurinn er s\u00e1, a\u00f0 \u00fea\u00f0 er sj\u00e1lfur Drottinn Gu\u00f0 sem \u00ed Gamla testamenti er \u00e1litinn mestur l\u00e6kna (2M\u00f3s 15:26; Slm 41:14; Jer 17:14; H\u00f3s 6:1).\u00a0 \u00a0Reyndar var gjarnan liti\u00f0 \u00e1 prestana sem l\u00e6kna \u00ed umbo\u00f0i Drottins (3M\u00f3s 13:1-3; 14:1-20).\u00a0\u00a0 \u00dev\u00ed var \u00fea\u00f0, a\u00f0 Hanna f\u00f3r upp til musterisins a\u00f0 \u00e1kalla gu\u00f0 um hj\u00e1lp, \u00feegar lj\u00f3st var\u00f0 a\u00f0 h\u00fan var \u00f3byrja (1Sam 1:1-18).\u00a0 (\u00cd \u00fe\u00e1 daga var \u00f3frj\u00f3semi talin sj\u00fakd\u00f3mur.)<\/p>\n<p>Sums sta\u00f0ar \u00ed Bibl\u00edunni ver\u00f0ur vart \u00feeirrar tr\u00faar, a\u00f0 krankleiki og mannamein stafi af \u00fev\u00ed a\u00f0 hinn vanheili hafi l\u00e1ti\u00f0 undir h\u00f6fu\u00f0 leggjast a\u00f0 lifa \u00ed samhlj\u00f3\u00f0an vi\u00f0 l\u00f6gm\u00e1l Drottins (5M\u00f3s 28:21-23; 27-29; 34,35), en hreysti og heilbrig\u00f0i s\u00e9u umbun fyrir \u00fea\u00f0 a\u00f0 hl\u00fd\u00f0a raust hans (2.M\u00f3s 15:26; 5M\u00f3s 7:12-15).\u00a0Annars sta\u00f0ar \u00ed Ritningunni er \u00feetta dregi\u00f0 \u00ed efa (Job 2, 42:7;\u00a0 Pr\u00e9d 8:10-13, 9:2; J\u00f3h 9:1-7).\u00a0 F\u00f3lki, sem var veikt af vissum sj\u00fakd\u00f3mum, var haldi\u00f0 \u00ed h\u00e6filegri fjarl\u00e6g\u00f0 fr\u00e1 mannf\u00e9laginu af \u00fev\u00ed \u00fea\u00f0 var tali\u00f0 \u00f3hreint (3M\u00f3s 13; 4M\u00f3s 12:9-14).\u00a0 \u00de\u00f3tt \u00feetta v\u00e6ri gert af tr\u00faarlegum \u00e1st\u00e6\u00f0um einkum, var \u00feeim sem \u00fej\u00e1\u00f0ust af \u00feessum sj\u00fakd\u00f3mum ekki leyft a\u00f0 taka \u00fe\u00e1tt \u00ed helgihaldinu e\u00f0a umgangast n\u00e1granna og vini fyrr en \u00feeim var batna\u00f0 og \u00feeir h\u00f6f\u00f0u gengist undir hreinsunarath\u00f6fn samkv\u00e6mt \u00e1kve\u00f0nu rit\u00faali (3M\u00f3s 14).<\/p>\n<p>Jes\u00fas \u00feekkti \u00feessar reglur um sj\u00fakd\u00f3ma og hreinsanir og sj\u00e1lfur var hann\u00a0l\u00e6knir.\u00a0 Hann l\u00e6kna\u00f0i me\u00f0 undursamlegum h\u00e6tti marga sj\u00faka, er \u00e1litnir voru \u00f3hreinir (sj\u00e1 t\u00f6flu \u00e1 bla\u00f0s\u00ed\u00f0unni h\u00e9r \u00e1 undan).\u00a0 Hann sag\u00f0i l\u00edk\u00fer\u00e1u m\u00f6nnunum t\u00edu, sem hann kom til heilsu, a\u00f0 fara og s\u00fdna sig prestunum, \u00e1rei\u00f0anlega til \u00feess a\u00f0 \u00feeir f\u00e6ru a\u00f0 helgum si\u00f0 um hreinsun og v\u00e6ru eftir \u00fea\u00f0 velkomnir aftur \u00ed samf\u00e9lag Gu\u00f0s l\u00fd\u00f0s (L\u00fak 17:1-16).\u00a0 \u00d6\u00f0ru sinni l\u00e6kna\u00f0i hann konu sem gengi\u00f0 haf\u00f0i \u00e1 milli l\u00e6kna og kosta\u00f0 til miklum fj\u00e1rmunum \u00e1n \u00feess a\u00f0 hlj\u00f3ta neina b\u00f3t meina sinna (Mark 5:25-34).\u00a0 Jes\u00fas l\u00e6kna\u00f0i l\u00edka \u00fe\u00e1 sem ekki voru \u00cdsraelsmenn (L\u00fak 4:23-29), alveg eins og sp\u00e1mennirnir h\u00f6f\u00f0u gert \u00e1 undan honum (1Kon 17:1-24; 2Kon 5:14).\u00a0 Marga fur\u00f0a\u00f0i \u00e1 \u00feessu, en \u00fea\u00f0 s\u00fdndi svo ekki var um a\u00f0 villast a\u00f0 Gu\u00f0 elskar alla menn.<\/p>\n<p>\u00c1 t\u00edmum Jes\u00fa s\u00f3ttu Grikkir og R\u00f3mverjar helgista\u00f0i l\u00e6kningagu\u00f0s \u00ed von um heilsub\u00f3t.\u00a0 \u00dear ur\u00f0u til fyrstu r\u00e6tur l\u00e6knisfr\u00e6\u00f0innar.\u00a0 En \u00fdmsar l\u00e6knisd\u00f3mar sem \u00fearna voru um h\u00f6nd haf\u00f0ir voru \u00ed engum s\u00fdnilegum tengslum vi\u00f0 orsakir sj\u00fakd\u00f3manna, eins og tila\u00f0mynda \u00feegar r\u00e1\u00f0lagt var a\u00f0 eta refalifur e\u00f0a drekka sei\u00f0i af sver\u00f0lilju.<\/p>\n<p>Vi\u00f0 \u00fe\u00e1, sem annt er um heilsu s\u00edna, m\u00e6lir Bibl\u00edan frekar me\u00f0 gu\u00f0strausti, b\u00e6n og f\u00f6stu heldur en a\u00f0 rei\u00f0a sig \u00e1 l\u00e6kna.\u00a0 Ekki \u00fe\u00f3 svo a\u00f0 skilja, a\u00f0 skoti\u00f0 s\u00e9 hornaugum \u00e1 l\u00e6kna og l\u00e6knislyf \u00e1 bla\u00f0s\u00ed\u00f0um helgrar b\u00f3kar, en \u00feeim sem \u00fear h\u00e9ldu \u00e1 penna var au\u00f0vita\u00f0 \u00f3kunnugt um t\u00e6kniframfarir og afrek n\u00fat\u00edmans \u00e1 \u00fev\u00ed svi\u00f0i.\u00a0 L\u00fakas, fer\u00f0af\u00e9lagi P\u00e1ls postula, er sag\u00f0ur hafa veri\u00f0 l\u00e6knir (Kol 4:14). Vafalaust m\u00e1 telja bo\u00f0or\u00f0i\u00f0 um n\u00e1ungak\u00e6rleika framhrundingarafl l\u00e6knav\u00edsinda, heilbrig\u00f0is\u00fej\u00f3nustu og l\u00edknarstarfs \u00e1 okkar d\u00f6gum (3M\u00f3s 19:18; L\u00fakas 10:25-37). Jes\u00fas m\u00e6lti enda svo fyrir, a\u00f0 l\u00e6risveinar hans skyldu l\u00e6kna sj\u00faka (L\u00fakas 10:9).\u00a0Bibl\u00edan minnir l\u00e1tlaust \u00e1 \u00fea\u00f0, hve l\u00edf mannsins er d\u00fdrm\u00e6tt og heilagt, af \u00fev\u00ed a\u00f0 hver ma\u00f0ur s\u00e9 skapa\u00f0ur af Gu\u00f0i og \u00ed hans mynd (Gen 1:26-27).\u00a0 Ekki er a\u00f0 efa a\u00f0 \u00feetta vi\u00f0horf hefur m\u00f3ta\u00f0 si\u00f0fr\u00e6\u00f0i l\u00e6knast\u00e9ttarinnar eins og vi\u00f0 \u00feekkjum hana n\u00fa \u00e1 d\u00f6gum.<\/p>\n<p>Gleymum \u00fev\u00ed ekki, a\u00f0 rau\u00f0i \u00fer\u00e1\u00f0urinn \u00ed f\u00e1s\u00f6gnum Bibl\u00edunnar af kraftaverkum og undursamlegum l\u00e6kningum er lotningin fyrir m\u00e6tti Gu\u00f0s og k\u00e6rleika hans.\u00a0 \u00de\u00e6r eru ekki tilraunir til a\u00f0 sk\u00fdra yfirn\u00e1tt\u00farulega vi\u00f0bur\u00f0i me\u00f0 v\u00edsindar\u00f6kum, heldur einl\u00e6gur vitnisbur\u00f0ur um alm\u00e6tti Skaparans.<\/p>\n","protected":false},"excerpt":{"rendered":"<p>Bibl\u00edan er tr\u00faarrit.\u00a0 H\u00fan er sagan af ath\u00f6fnum Gu\u00f0s \u00ed <a href=\"https:\/\/biblian.is\/fraedsla\/samtidarsaga-bibliunnar\/kraftaverk-tofrar-og-laeknisdomar\/\"> [&#8230;]<\/a><\/p>\n","protected":false},"author":1,"featured_media":0,"parent":4858,"menu_order":0,"comment_status":"closed","ping_status":"closed","template":"","meta":{"footnotes":""},"class_list":["post-4889","page","type-page","status-publish","hentry"],"_links":{"self":[{"href":"https:\/\/biblian.is\/fraedsla\/wp-json\/wp\/v2\/pages\/4889","targetHints":{"allow":["GET"]}}],"collection":[{"href":"https:\/\/biblian.is\/fraedsla\/wp-json\/wp\/v2\/pages"}],"about":[{"href":"https:\/\/biblian.is\/fraedsla\/wp-json\/wp\/v2\/types\/page"}],"author":[{"embeddable":true,"href":"https:\/\/biblian.is\/fraedsla\/wp-json\/wp\/v2\/users\/1"}],"replies":[{"embeddable":true,"href":"https:\/\/biblian.is\/fraedsla\/wp-json\/wp\/v2\/comments?post=4889"}],"version-history":[{"count":0,"href":"https:\/\/biblian.is\/fraedsla\/wp-json\/wp\/v2\/pages\/4889\/revisions"}],"up":[{"embeddable":true,"href":"https:\/\/biblian.is\/fraedsla\/wp-json\/wp\/v2\/pages\/4858"}],"wp:attachment":[{"href":"https:\/\/biblian.is\/fraedsla\/wp-json\/wp\/v2\/media?parent=4889"}],"curies":[{"name":"wp","href":"https:\/\/api.w.org\/{rel}","templated":true}]}}