{"id":4849,"date":"2019-03-22T17:57:21","date_gmt":"2019-03-22T17:57:21","guid":{"rendered":"https:\/\/biblian.is\/fraedsla\/?page_id=4849"},"modified":"2026-04-17T13:01:06","modified_gmt":"2026-04-17T13:01:06","slug":"kornraekt","status":"publish","type":"page","link":"https:\/\/biblian.is\/fraedsla\/ordtakasafn\/kornraekt\/","title":{"rendered":"Kornr\u00e6kt"},"content":{"rendered":"<p><span lang=\"SQ\">Hveiti- og byggbrau\u00f0 var daglegur kostur f\u00f3lks \u00e1 t\u00edmum Jes\u00fa.\u00a0 Til \u00feess a\u00f0 r\u00e6kta korn pl\u00e6g\u00f0u b\u00e6ndur j\u00f6r\u00f0ina \u00e1\u00f0ur en \u00feeir s\u00e1\u00f0u.\u00a0 H\u00e9r hefur veri\u00f0 lagt ok \u00e1 tvo uxa sem draga pl\u00f3ginn en b\u00f3ndi gengur \u00e1 eftir og hefur lagt h\u00f6nd \u00e1 hann.\u00a0 Eftir \u00feetta var s\u00e1\u00f0 ni\u00f0ur korninu, \u00fe\u00f3tt \u00fea\u00f0 v\u00e6ri raunar stundum gert \u00e1\u00f0ur en pl\u00e6gt var.\u00a0 S\u00e1\u00f0 var eftir fyrstu rigningar \u00e1 haustin.\u00a0 Bygguppskeru m\u00e1tti v\u00e6nta kringum m\u00e1na\u00f0arm\u00f3t apr\u00edl og ma\u00ed, en hveitisins um m\u00e1nu\u00f0i seinna.\u00a0\u00deegar uppskori\u00f0 var, voru stilkarnir slegnir me\u00f0 sig\u00f0 af tinnusteini e\u00f0a j\u00e1rni, en svo bundu menn korni\u00f0 \u00ed bundin svo au\u00f0veldara v\u00e6ri a\u00f0 bera \u00fea\u00f0 heim \u00e1 \u00fereskiv\u00f6llinn.\u00a0 <\/span><\/p>\n","protected":false},"excerpt":{"rendered":"<p>Hveiti- og byggbrau\u00f0 var daglegur kostur f\u00f3lks \u00e1 t\u00edmum Jes\u00fa.\u00a0 <a href=\"https:\/\/biblian.is\/fraedsla\/ordtakasafn\/kornraekt\/\"> [&#8230;]<\/a><\/p>\n","protected":false},"author":1,"featured_media":0,"parent":4827,"menu_order":0,"comment_status":"closed","ping_status":"closed","template":"","meta":{"footnotes":""},"class_list":["post-4849","page","type-page","status-publish","hentry"],"_links":{"self":[{"href":"https:\/\/biblian.is\/fraedsla\/wp-json\/wp\/v2\/pages\/4849","targetHints":{"allow":["GET"]}}],"collection":[{"href":"https:\/\/biblian.is\/fraedsla\/wp-json\/wp\/v2\/pages"}],"about":[{"href":"https:\/\/biblian.is\/fraedsla\/wp-json\/wp\/v2\/types\/page"}],"author":[{"embeddable":true,"href":"https:\/\/biblian.is\/fraedsla\/wp-json\/wp\/v2\/users\/1"}],"replies":[{"embeddable":true,"href":"https:\/\/biblian.is\/fraedsla\/wp-json\/wp\/v2\/comments?post=4849"}],"version-history":[{"count":0,"href":"https:\/\/biblian.is\/fraedsla\/wp-json\/wp\/v2\/pages\/4849\/revisions"}],"up":[{"embeddable":true,"href":"https:\/\/biblian.is\/fraedsla\/wp-json\/wp\/v2\/pages\/4827"}],"wp:attachment":[{"href":"https:\/\/biblian.is\/fraedsla\/wp-json\/wp\/v2\/media?parent=4849"}],"curies":[{"name":"wp","href":"https:\/\/api.w.org\/{rel}","templated":true}]}}