{"id":4842,"date":"2019-03-22T17:53:06","date_gmt":"2019-03-22T17:53:06","guid":{"rendered":"https:\/\/biblian.is\/fraedsla\/?page_id=4842"},"modified":"2026-04-17T13:01:05","modified_gmt":"2026-04-17T13:01:05","slug":"essenar","status":"publish","type":"page","link":"https:\/\/biblian.is\/fraedsla\/ordtakasafn\/essenar\/","title":{"rendered":"Essenar"},"content":{"rendered":"<p>Tr\u00faarh\u00f3pur Essena hefur sennilega or\u00f0i\u00f0 til um l\u00edkt leyti og flokkur <a href=\"https:\/\/biblian.is\/fraedsla\/ordtakasafn\/saddukear\/\">Sadd\u00fakea<\/a>.\u00a0 \u00deeir ger\u00f0u enga tilraun til \u00feess a\u00f0 ver\u00f0a r\u00e1\u00f0andi \u00ed tr\u00fam\u00e1lum e\u00f0a innan prestast\u00e9ttar \u00cdsraels. \u00deess \u00ed sta\u00f0 h\u00f6fnu\u00f0u \u00feeir mannf\u00e9lagi gy\u00f0inga, ranns\u00f6ku\u00f0u ritningarnar \u00e1 leynifundum og sk\u00fdr\u00f0u \u00fe\u00e6r \u00f6\u00f0ru v\u00edsi en a\u00f0rir.\u00a0Essenum var \u00fev\u00ed mj\u00f6g uppsiga\u00f0 vi\u00f0 prestana og a\u00f0ra lei\u00f0toga \u00fej\u00f3\u00f0arinnar.\u00a0 En eins og far\u00edsear tr\u00fa\u00f0u \u00feeir \u00e1 l\u00edf a\u00f0 loknu \u00feessu.<\/p>\n<p>Essenar bjuggu vi\u00f0 gr\u00ed\u00f0arlega reglufestu.\u00a0 Hver h\u00f3pur \u00feeirra haf\u00f0i yfir s\u00e9r foringja\u00a0sem \u00e1kva\u00f0 hverjir v\u00e6ru t\u00e6kir \u00ed flokkinn.\u00a0 \u00deessi fork\u00f3lfur sag\u00f0i l\u00edka fyrir um hversu skipta skyldi fasteignum og lausf\u00e9 \u00e1 milli f\u00e9laganna og kva\u00f0 upp \u00farskur\u00f0i ef risu greinir me\u00f0 m\u00f6nnum um merkingu l\u00f6gm\u00e1lsins.\u00a0Sumir fr\u00e6\u00f0imenn hafa fyrir satt a\u00f0 br\u00e6\u00f0ralagi\u00f0 vi\u00f0 Dau\u00f0ahafi\u00f0 hafi veri\u00f0 Essenar.\u00a0 Hva\u00f0 sem um \u00fea\u00f0 er \u00fe\u00e1 eru sko\u00f0anir Essena til vitnis um \u00fea\u00f0 hve mj\u00f6g Gy\u00f0ingar margir voru \u00f3s\u00e1ttir vi\u00f0 tr\u00faarlei\u00f0toga s\u00edna.\u00a0 Br\u00e6\u00f0urnir \u00ed fjalllendinu vi\u00f0 Dau\u00f0ahafi\u00f0 bjuggu fjarri \u00f6\u00f0ru f\u00f3lki og sneru baki vi\u00f0 mannf\u00e9lagi Gy\u00f0inga.\u00a0 \u00c1ri\u00f0 66 e. Kr. \u00feramma\u00f0i r\u00f3mverski herinn inn \u00ed landi\u00f0 til \u00feess a\u00f0 st\u00f6\u00f0va upphlaup heimamanna og lag\u00f0i um lei\u00f0 byggingarnar vi\u00f0 Dau\u00f0ahafi\u00f0 \u00ed r\u00fast.\u00a0 H\u00e6gt er a\u00f0 lesa n\u00e1nar um \u00fea\u00f0 \u00ed fr\u00e6\u00f0slukaflanum &#8222;Fornleifafr\u00e6\u00f0in og Bibl\u00edan&#8220;.<\/p>\n","protected":false},"excerpt":{"rendered":"<p>Tr\u00faarh\u00f3pur Essena hefur sennilega or\u00f0i\u00f0 til um l\u00edkt leyti og <a href=\"https:\/\/biblian.is\/fraedsla\/ordtakasafn\/essenar\/\"> [&#8230;]<\/a><\/p>\n","protected":false},"author":1,"featured_media":0,"parent":4827,"menu_order":0,"comment_status":"closed","ping_status":"closed","template":"","meta":{"footnotes":""},"class_list":["post-4842","page","type-page","status-publish","hentry"],"_links":{"self":[{"href":"https:\/\/biblian.is\/fraedsla\/wp-json\/wp\/v2\/pages\/4842","targetHints":{"allow":["GET"]}}],"collection":[{"href":"https:\/\/biblian.is\/fraedsla\/wp-json\/wp\/v2\/pages"}],"about":[{"href":"https:\/\/biblian.is\/fraedsla\/wp-json\/wp\/v2\/types\/page"}],"author":[{"embeddable":true,"href":"https:\/\/biblian.is\/fraedsla\/wp-json\/wp\/v2\/users\/1"}],"replies":[{"embeddable":true,"href":"https:\/\/biblian.is\/fraedsla\/wp-json\/wp\/v2\/comments?post=4842"}],"version-history":[{"count":0,"href":"https:\/\/biblian.is\/fraedsla\/wp-json\/wp\/v2\/pages\/4842\/revisions"}],"up":[{"embeddable":true,"href":"https:\/\/biblian.is\/fraedsla\/wp-json\/wp\/v2\/pages\/4827"}],"wp:attachment":[{"href":"https:\/\/biblian.is\/fraedsla\/wp-json\/wp\/v2\/media?parent=4842"}],"curies":[{"name":"wp","href":"https:\/\/api.w.org\/{rel}","templated":true}]}}