{"id":4827,"date":"2019-03-22T17:32:00","date_gmt":"2019-03-22T17:32:00","guid":{"rendered":"https:\/\/biblian.is\/fraedsla\/?page_id=4827"},"modified":"2026-04-17T13:01:04","modified_gmt":"2026-04-17T13:01:04","slug":"ordtakasafn","status":"publish","type":"page","link":"https:\/\/biblian.is\/fraedsla\/ordtakasafn\/","title":{"rendered":"Or\u00f0takasafn"},"content":{"rendered":"<div class=\"fusion-fullwidth fullwidth-box fusion-builder-row-1 nonhundred-percent-fullwidth non-hundred-percent-height-scrolling\" style=\"--awb-border-radius-top-left:0px;--awb-border-radius-top-right:0px;--awb-border-radius-bottom-right:0px;--awb-border-radius-bottom-left:0px;--awb-flex-wrap:wrap;\" ><div class=\"fusion-builder-row fusion-row\"><div class=\"fusion-layout-column fusion_builder_column fusion-builder-column-0 fusion_builder_column_1_1 1_1 fusion-one-full fusion-column-first fusion-column-last\" style=\"--awb-padding-top:20px;--awb-padding-right:20px;--awb-padding-bottom:20px;--awb-padding-left:20px;--awb-bg-size:cover;\"><div class=\"fusion-column-wrapper fusion-flex-column-wrapper-legacy\"><div class=\"fusion-text fusion-text-1\"><div class=\"ordtakalisti\">\n<!-- Page-list plugin v.5.9 wordpress.org\/plugins\/page-list\/ -->\n<ul class=\"page-list subpages-page-list \">\n<li class=\"page_item page-item-4952\"><a href=\"https:\/\/biblian.is\/fraedsla\/ordtakasafn\/abraham\/\">Abraham<\/a><\/li>\n<li class=\"page_item page-item-4854\"><a href=\"https:\/\/biblian.is\/fraedsla\/ordtakasafn\/aristoteles\/\">Arist\u00f3teles<\/a><\/li>\n<li class=\"page_item page-item-4913\"><a href=\"https:\/\/biblian.is\/fraedsla\/ordtakasafn\/artol-fyrir-og-eftir-krist\/\">\u00c1rt\u00f6l fyrir og eftir Krist<\/a><\/li>\n<li class=\"page_item page-item-5108\"><a href=\"https:\/\/biblian.is\/fraedsla\/ordtakasafn\/baen\/\">B\u00e6n<\/a><\/li>\n<li class=\"page_item page-item-5079\"><a href=\"https:\/\/biblian.is\/fraedsla\/ordtakasafn\/braud\/\">Brau\u00f0<\/a><\/li>\n<li class=\"page_item page-item-4931\"><a href=\"https:\/\/biblian.is\/fraedsla\/ordtakasafn\/dekapolis\/\">Dekap\u00f3lis<\/a><\/li>\n<li class=\"page_item page-item-5014\"><a href=\"https:\/\/biblian.is\/fraedsla\/ordtakasafn\/drottinn-eitt-af-virdingarnofnum-jesu\/\">Drottinn (Eitt af vir\u00f0ingarn\u00f6fnum Jes\u00fa)<\/a><\/li>\n<li class=\"page_item page-item-4997\"><a href=\"https:\/\/biblian.is\/fraedsla\/ordtakasafn\/efesus\/\">Efesus<\/a><\/li>\n<li class=\"page_item page-item-5075\"><a href=\"https:\/\/biblian.is\/fraedsla\/ordtakasafn\/efstu-dagar\/\">Efstu dagar<\/a><\/li>\n<li class=\"page_item page-item-5254\"><a href=\"https:\/\/biblian.is\/fraedsla\/ordtakasafn\/eg-er\/\">\u00c9g er<\/a><\/li>\n<li class=\"page_item page-item-5045\"><a href=\"https:\/\/biblian.is\/fraedsla\/ordtakasafn\/eilift-lif\/\">Eil\u00edft l\u00edf<\/a><\/li>\n<li class=\"page_item page-item-4963\"><a href=\"https:\/\/biblian.is\/fraedsla\/ordtakasafn\/eldur\/\">Eldur<\/a><\/li>\n<li class=\"page_item page-item-4956\"><a href=\"https:\/\/biblian.is\/fraedsla\/ordtakasafn\/endurkoma-drottins-jesu\/\">Endurkoma Drottins Jes\u00fa<\/a><\/li>\n<li class=\"page_item page-item-4842\"><a href=\"https:\/\/biblian.is\/fraedsla\/ordtakasafn\/essenar\/\">Essenar<\/a><\/li>\n<li class=\"page_item page-item-4837\"><a href=\"https:\/\/biblian.is\/fraedsla\/ordtakasafn\/farisear\/\">Far\u00edsear<\/a><\/li>\n<li class=\"page_item page-item-4873\"><a href=\"https:\/\/biblian.is\/fraedsla\/ordtakasafn\/fiskur-og-fiskveidar\/\">Fiskur og fiskvei\u00f0ar<\/a><\/li>\n<li class=\"page_item page-item-4868\"><a href=\"https:\/\/biblian.is\/fraedsla\/ordtakasafn\/fjarhirdar\/\">Fj\u00e1rhir\u00f0ar<\/a><\/li>\n<li class=\"page_item page-item-5262\"><a href=\"https:\/\/biblian.is\/fraedsla\/ordtakasafn\/forn-kristin-takn\/\">Forn kristin t\u00e1kn<\/a><\/li>\n<li class=\"page_item page-item-5248\"><a href=\"https:\/\/biblian.is\/fraedsla\/ordtakasafn\/fornir-i-musterinu\/\">F\u00f3rnir \u00ed musterinu<\/a><\/li>\n<li class=\"page_item page-item-4844\"><a href=\"https:\/\/biblian.is\/fraedsla\/ordtakasafn\/fraedimennirnir\/\">Fr\u00e6\u00f0imennirnir<\/a><\/li>\n<li class=\"page_item page-item-5102\"><a href=\"https:\/\/biblian.is\/fraedsla\/ordtakasafn\/gafur-andans\/\">G\u00e1fur andans<\/a><\/li>\n<li class=\"page_item page-item-4993\"><a href=\"https:\/\/biblian.is\/fraedsla\/ordtakasafn\/greftrun\/\">Greftrun<\/a><\/li>\n<li class=\"page_item page-item-4825\"><a href=\"https:\/\/biblian.is\/fraedsla\/ordtakasafn\/guds-sonur\/\">Gu\u00f0s sonur<\/a><\/li>\n<li class=\"page_item page-item-5091\"><a href=\"https:\/\/biblian.is\/fraedsla\/ordtakasafn\/heidingjarnir\/\">Hei\u00f0ingjarnir<\/a><\/li>\n<li class=\"page_item page-item-4908\"><a href=\"https:\/\/biblian.is\/fraedsla\/ordtakasafn\/heilagur-andi\/\">Heilagur andi<\/a><\/li>\n<li class=\"page_item page-item-4949\"><a href=\"https:\/\/biblian.is\/fraedsla\/ordtakasafn\/helviti\/\">Helv\u00edti<\/a><\/li>\n<li class=\"page_item page-item-4967\"><a href=\"https:\/\/biblian.is\/fraedsla\/ordtakasafn\/hin-fataeku\/\">Hin f\u00e1t\u00e6ku<\/a><\/li>\n<li class=\"page_item page-item-5081\"><a href=\"https:\/\/biblian.is\/fraedsla\/ordtakasafn\/hjalpraedi\/\">Hj\u00e1lpr\u00e6\u00f0i<\/a><\/li>\n<li class=\"page_item page-item-5131\"><a href=\"https:\/\/biblian.is\/fraedsla\/ordtakasafn\/hreinsanir-hreint-og-ohreint\/\">Hreinsanir (hreint og \u00f3hreint)<\/a><\/li>\n<li class=\"page_item page-item-4901\"><a href=\"https:\/\/biblian.is\/fraedsla\/ordtakasafn\/johannes-skirari\/\">J\u00f3hannes sk\u00edrari<\/a><\/li>\n<li class=\"page_item page-item-4960\"><a href=\"https:\/\/biblian.is\/fraedsla\/ordtakasafn\/kaerleikurinn\/\">K\u00e6rleikurinn<\/a><\/li>\n<li class=\"page_item page-item-4954\"><a href=\"https:\/\/biblian.is\/fraedsla\/ordtakasafn\/kirkjan\/\">Kirkjan<\/a><\/li>\n<li class=\"page_item page-item-4849\"><a href=\"https:\/\/biblian.is\/fraedsla\/ordtakasafn\/kornraekt\/\">Kornr\u00e6kt<\/a><\/li>\n<li class=\"page_item page-item-4945\"><a href=\"https:\/\/biblian.is\/fraedsla\/ordtakasafn\/krossfesting\/\">Krossfesting<\/a><\/li>\n<li class=\"page_item page-item-5927\"><a href=\"https:\/\/biblian.is\/fraedsla\/ordtakasafn\/krossfestingar-sogulegt\/\">Krossfestingar (s\u00f6gulegt)<\/a><\/li>\n<li class=\"page_item page-item-4856\"><a href=\"https:\/\/biblian.is\/fraedsla\/ordtakasafn\/kynikarnir\/\">K\u00fdn\u00edkarnir<\/a><\/li>\n<li class=\"page_item page-item-4933\"><a href=\"https:\/\/biblian.is\/fraedsla\/ordtakasafn\/mannssonurinn\/\">Mannssonurinn<\/a><\/li>\n<li class=\"page_item page-item-4940\"><a href=\"https:\/\/biblian.is\/fraedsla\/ordtakasafn\/markadstorgid\/\">Marka\u00f0storgi\u00f0<\/a><\/li>\n<li class=\"page_item page-item-4973\"><a href=\"https:\/\/biblian.is\/fraedsla\/ordtakasafn\/mose\/\">M\u00f3se<\/a><\/li>\n<li class=\"page_item page-item-5098\"><a href=\"https:\/\/biblian.is\/fraedsla\/ordtakasafn\/pall-sal-fra-tarsus\/\">P\u00e1ll (S\u00e1l) fr\u00e1 Tarsus<\/a><\/li>\n<li class=\"page_item page-item-5104\"><a href=\"https:\/\/biblian.is\/fraedsla\/ordtakasafn\/paradis\/\">Parad\u00eds<\/a><\/li>\n<li class=\"page_item page-item-5175\"><a href=\"https:\/\/biblian.is\/fraedsla\/ordtakasafn\/paskar-og-hatid-osyrdu-braudanna\/\">P\u00e1skar og h\u00e1t\u00ed\u00f0 \u00f3s\u00fdr\u00f0u brau\u00f0anna<\/a><\/li>\n<li class=\"page_item page-item-4851\"><a href=\"https:\/\/biblian.is\/fraedsla\/ordtakasafn\/platon\/\">Plat\u00f3n<\/a><\/li>\n<li class=\"page_item page-item-5089\"><a href=\"https:\/\/biblian.is\/fraedsla\/ordtakasafn\/pontius-pilatus\/\">Pont\u00edus P\u00edlatus<\/a><\/li>\n<li class=\"page_item page-item-4971\"><a href=\"https:\/\/biblian.is\/fraedsla\/ordtakasafn\/prestarnir-i-israel\/\">Prestarnir \u00ed \u00cdsrael<\/a><\/li>\n<li class=\"page_item page-item-4839\"><a href=\"https:\/\/biblian.is\/fraedsla\/ordtakasafn\/saddukear\/\">Sadd\u00fakear<\/a><\/li>\n<li class=\"page_item page-item-4969\"><a href=\"https:\/\/biblian.is\/fraedsla\/ordtakasafn\/samfundatjaldid\/\">Samfundatjaldi\u00f0<\/a><\/li>\n<li class=\"page_item page-item-4929\"><a href=\"https:\/\/biblian.is\/fraedsla\/ordtakasafn\/samkundurnar\/\">Samkundurnar<\/a><\/li>\n<li class=\"page_item page-item-4846\"><a href=\"https:\/\/biblian.is\/fraedsla\/ordtakasafn\/samverjar\/\">Samverjar<\/a><\/li>\n<li class=\"page_item page-item-5087\"><a href=\"https:\/\/biblian.is\/fraedsla\/ordtakasafn\/sannleikur\/\">Sannleikur<\/a><\/li>\n<li class=\"page_item page-item-4834\"><a href=\"https:\/\/biblian.is\/fraedsla\/ordtakasafn\/selotar\/\">Sel\u00f3tar<\/a><\/li>\n<li class=\"page_item page-item-4922\"><a href=\"https:\/\/biblian.is\/fraedsla\/ordtakasafn\/skirn\/\">Sk\u00edrn<\/a><\/li>\n<li class=\"page_item page-item-5110\"><a href=\"https:\/\/biblian.is\/fraedsla\/ordtakasafn\/sofnudir-i-frumkristni\/\">S\u00f6fnu\u00f0ir \u00ed frumkristni<\/a><\/li>\n<li class=\"page_item page-item-4938\"><a href=\"https:\/\/biblian.is\/fraedsla\/ordtakasafn\/sogur-daemisogur\/\">S\u00f6gur (d\u00e6mis\u00f6gur)<\/a><\/li>\n<li class=\"page_item page-item-4886\"><a href=\"https:\/\/biblian.is\/fraedsla\/ordtakasafn\/sokrates\/\">S\u00f3krates<\/a><\/li>\n<li class=\"page_item page-item-5224\"><a href=\"https:\/\/biblian.is\/fraedsla\/ordtakasafn\/spekin\/\">Spekin<\/a><\/li>\n<li class=\"page_item page-item-5096\"><a href=\"https:\/\/biblian.is\/fraedsla\/ordtakasafn\/stouspekin\/\">St\u00f3uspekin<\/a><\/li>\n<li class=\"page_item page-item-5083\"><a href=\"https:\/\/biblian.is\/fraedsla\/ordtakasafn\/synd\/\">Synd<\/a><\/li>\n<li class=\"page_item page-item-4935\"><a href=\"https:\/\/biblian.is\/fraedsla\/ordtakasafn\/tolf-laerisveinar-jesu\/\">T\u00f3lf l\u00e6risveinar Jes\u00fa<\/a><\/li>\n<li class=\"page_item page-item-4958\"><a href=\"https:\/\/biblian.is\/fraedsla\/ordtakasafn\/tolur-i-bibliunni\/\">T\u00f6lur \u00ed Bibl\u00edunni<\/a><\/li>\n<li class=\"page_item page-item-4947\"><a href=\"https:\/\/biblian.is\/fraedsla\/ordtakasafn\/tru\/\">Tr\u00fa<\/a><\/li>\n<li class=\"page_item page-item-5106\"><a href=\"https:\/\/biblian.is\/fraedsla\/ordtakasafn\/umskurn\/\">Umskurn<\/a><\/li>\n<li class=\"page_item page-item-5100\"><a href=\"https:\/\/biblian.is\/fraedsla\/ordtakasafn\/upprisa\/\">Upprisa<\/a><\/li>\n<li class=\"page_item page-item-4861\"><a href=\"https:\/\/biblian.is\/fraedsla\/ordtakasafn\/vefnadur\/\">Vefna\u00f0ur<\/a><\/li>\n<li class=\"page_item page-item-5085\"><a href=\"https:\/\/biblian.is\/fraedsla\/ordtakasafn\/vin\/\">V\u00edn<\/a><\/li>\n<li class=\"page_item page-item-4942\"><a href=\"https:\/\/biblian.is\/fraedsla\/ordtakasafn\/vixlararnir-i-musterinu\/\">V\u00edxlararnir \u00ed musterinu<\/a><\/li>\n<li class=\"page_item page-item-4965\"><a href=\"https:\/\/biblian.is\/fraedsla\/ordtakasafn\/von\/\">Von<\/a><\/li>\n\n<\/ul><\/div>\n<\/div><div class=\"fusion-clearfix\"><\/div><\/div><\/div><\/div><\/div>\n","protected":false},"excerpt":{"rendered":"","protected":false},"author":1,"featured_media":0,"parent":0,"menu_order":0,"comment_status":"closed","ping_status":"closed","template":"","meta":{"footnotes":""},"class_list":["post-4827","page","type-page","status-publish","hentry"],"_links":{"self":[{"href":"https:\/\/biblian.is\/fraedsla\/wp-json\/wp\/v2\/pages\/4827","targetHints":{"allow":["GET"]}}],"collection":[{"href":"https:\/\/biblian.is\/fraedsla\/wp-json\/wp\/v2\/pages"}],"about":[{"href":"https:\/\/biblian.is\/fraedsla\/wp-json\/wp\/v2\/types\/page"}],"author":[{"embeddable":true,"href":"https:\/\/biblian.is\/fraedsla\/wp-json\/wp\/v2\/users\/1"}],"replies":[{"embeddable":true,"href":"https:\/\/biblian.is\/fraedsla\/wp-json\/wp\/v2\/comments?post=4827"}],"version-history":[{"count":0,"href":"https:\/\/biblian.is\/fraedsla\/wp-json\/wp\/v2\/pages\/4827\/revisions"}],"wp:attachment":[{"href":"https:\/\/biblian.is\/fraedsla\/wp-json\/wp\/v2\/media?parent=4827"}],"curies":[{"name":"wp","href":"https:\/\/api.w.org\/{rel}","templated":true}]}}