{"id":2952,"date":"2017-12-30T21:05:19","date_gmt":"2017-12-30T21:05:19","guid":{"rendered":"http:\/\/biblian.is\/biblian\/%c2%85nnur-makkabeab%c2%97k-13-kafli\/"},"modified":"2018-01-02T03:22:10","modified_gmt":"2018-01-02T03:22:10","slug":"onnur-makkabeabok-13-kafli","status":"publish","type":"page","link":"https:\/\/biblian.is\/biblian\/onnur-makkabeabok-13-kafli\/","title":{"rendered":"\u00d6nnur Makkabeab\u00f3k 13. kafli"},"content":{"rendered":"<h3 class=\"millifyrirsogn_2007\"> Menelaus l\u00edfl\u00e1tinn<\/h3>\n<p><a name=\"1\"><span class=\"versanumer_2007\">1<\/span><\/a> \u00c1ri\u00f0 eitt hundra\u00f0 fj\u00f6rut\u00edu og n\u00edu fengu J\u00fadas og menn hans fregnir af \u00fev\u00ed a\u00f0 Ant\u00edokkus Evpator s\u00e6kti fram gegn J\u00fadeu me\u00f0 mikinn her. <a name=\"2\"><span class=\"versanumer_2007\">2<\/span><\/a> Me\u00f0 honum var L\u00fds\u00edas, forr\u00e1\u00f0ama\u00f0ur hans og r\u00e1\u00f0sherra. Hvor um sig leiddi gr\u00edskan her, um eitt hundra\u00f0 og t\u00edu \u00fe\u00fasund manna f\u00f3tg\u00f6nguli\u00f0, fimm \u00fe\u00fasund og \u00ferj\u00fa hundru\u00f0 riddara, tuttugu og tvo f\u00edla og \u00ferj\u00fa hundru\u00f0 sig\u00f0vagna.<br \/> <a name=\"3\"><span class=\"versanumer_2007\">3<\/span><\/a> Menelaus gekk og til li\u00f0s vi\u00f0 \u00fe\u00e1 og eggja\u00f0i Ant\u00edokkus af mikilli undirhyggju, ekki til a\u00f0 bjarga f\u00f6\u00f0urlandinu heldur \u00ed von um a\u00f0 hlj\u00f3ta \u00e6\u00f0sta emb\u00e6tti. <a name=\"4\"><span class=\"versanumer_2007\">4<\/span><\/a> En Konungur konunganna ger\u00f0i Ant\u00edokkus rei\u00f0an \u00feessu varmenni enda ger\u00f0i L\u00fds\u00edas honum lj\u00f3st a\u00f0 Menelaus v\u00e6ri valdur a\u00f0 allri \u00f3g\u00e6funni. Skipa\u00f0i konungur a\u00f0 fari\u00f0 skyldi me\u00f0 hann til Ber\u00f6u og hann l\u00edfl\u00e1tinn eins og \u00fear var si\u00f0ur. <br \/> <a name=\"5\"><span class=\"versanumer_2007\">5<\/span><\/a> \u00dear er fimmt\u00edu \u00e1lna h\u00e1r turn, fullur \u00f6sku. Er hann b\u00fainn hringlaga b\u00fana\u00f0i a\u00f0 innanver\u00f0u sem hvarvetna hallar inn a\u00f0 \u00f6skunni. <a name=\"6\"><span class=\"versanumer_2007\">6<\/span><\/a> \u00deeir sem gerst hafa sekir um r\u00e1n \u00ed helgid\u00f3mum e\u00f0a a\u00f0ra st\u00f3rgl\u00e6pi eru f\u00e6r\u00f0ir \u00feanga\u00f0 og \u00feeim hrundi\u00f0 ofan svo a\u00f0 \u00feeir tort\u00edmist. <a name=\"7\"><span class=\"versanumer_2007\">7<\/span><\/a> \u00c1 \u00feennan h\u00e1tt bei\u00f0 l\u00f6gm\u00e1lsbrj\u00f3turinn bana og hlaut ekki einu sinni greftrun. <a name=\"8\"><span class=\"versanumer_2007\">8<\/span><\/a> \u00dea\u00f0 var maklegt, svo oft sem hann haf\u00f0i sv\u00edvirt altari\u00f0 sem ber heilagan eld og \u00f6sku, a\u00f0 hann skyldi n\u00fa ver\u00f0a a\u00f0 m\u00e6ta dau\u00f0a s\u00ednum \u00ed \u00f6sku.<\/p>\n<h3 class=\"millifyrirsogn_2007\">Orrustan vi\u00f0 M\u00f3dein<\/h3>\n<p><a name=\"9\"><span class=\"versanumer_2007\">9<\/span><\/a> En konungurinn var kominn me\u00f0 \u00feeim villimannlega \u00e1setningi a\u00f0 l\u00e1ta Gy\u00f0inga l\u00ed\u00f0a enn meira en \u00feeir h\u00f6f\u00f0u li\u00f0i\u00f0 \u00ed stj\u00f3rnart\u00ed\u00f0 f\u00f6\u00f0ur hans. <a name=\"10\"><span class=\"versanumer_2007\">10<\/span><\/a> \u00deegar J\u00fadas var\u00f0 \u00feessa \u00e1skynja hvatti hann f\u00f3lki\u00f0 til a\u00f0 \u00e1kalla Drottin dag og n\u00f3tt um a\u00f0 li\u00f0sinna \u00feeim n\u00fa fremur en nokkru sinni. <a name=\"11\"><span class=\"versanumer_2007\">11<\/span><\/a> N\u00fa \u00e6tti a\u00f0 svipta \u00fe\u00e1 l\u00f6gm\u00e1linu, f\u00f6\u00f0urlandinu og musterinu helga. \u00dev\u00ed skyldi Drottinn innilega be\u00f0inn um a\u00f0 l\u00e1ta ekki f\u00f3lki\u00f0, sem svo sk\u00f6mmu \u00e1\u00f0ur haf\u00f0i \u00f6\u00f0last n\u00fdja l\u00edfsvon, falla \u00ed hendur gu\u00f0lausra hei\u00f0ingja.<br \/> <a name=\"12\"><span class=\"versanumer_2007\">12<\/span><\/a> \u00deetta ger\u00f0u allir einum huga. \u00cd \u00ferj\u00e1 daga f\u00e9llu \u00feeir fram og \u00e1k\u00f6llu\u00f0u miskunnsaman Drottin um hj\u00e1lp, f\u00f6stu\u00f0u og gr\u00e9tu \u00e1n afl\u00e1ts. S\u00ed\u00f0an stefndi J\u00fadas \u00feeim saman og hvatti menn s\u00edna til a\u00f0 vera vi\u00f0b\u00fana.<br \/> <a name=\"13\"><span class=\"versanumer_2007\">13<\/span><\/a> J\u00fadas r\u00e6ddi vi\u00f0 \u00f6ldungana \u00ed einr\u00fami og afr\u00e9\u00f0 eftir \u00fea\u00f0 a\u00f0 leggja af sta\u00f0 me\u00f0 Gu\u00f0s hj\u00e1lp og l\u00e1ta sverfa til st\u00e1ls \u00e1\u00f0ur en her konungsins h\u00e9ldi inn \u00ed J\u00fadeu og ynni borgina. <a name=\"14\"><span class=\"versanumer_2007\">14<\/span><\/a> Hann f\u00f3l skapara heimsins a\u00f0 r\u00e1\u00f0a \u00farslitum og hvatti menn s\u00edna til a\u00f0 berjast hraustlega fram \u00ed dau\u00f0ann fyrir l\u00f6gm\u00e1li\u00f0, musteri\u00f0, borgina, f\u00f6\u00f0urlandi\u00f0 og almannaheill. Sl\u00f3 hann s\u00ed\u00f0an upp herb\u00fa\u00f0um hj\u00e1 M\u00f3dein. <a name=\"15\"><span class=\"versanumer_2007\">15<\/span><\/a> Hann gaf m\u00f6nnum s\u00ednum her\u00f3pi\u00f0: \u201eSigur fr\u00e1 Gu\u00f0i\u201c, og um n\u00f3ttina r\u00e9\u00f0st hann \u00e1 tjald konungs me\u00f0 vali\u00f0 li\u00f0 hraustustu ungra manna. \u00cd herb\u00fa\u00f0unum felldi hann n\u00e6r tv\u00f6 \u00fe\u00fasund manns og lag\u00f0i auk \u00feess a\u00f0 velli besta f\u00edlinn og stj\u00f3rnanda hans. <a name=\"16\"><span class=\"versanumer_2007\">16<\/span><\/a> Fylltu \u00feeir loks herb\u00fa\u00f0irnar \u00f3tta og ofbo\u00f0i og h\u00e9ldu \u00fea\u00f0an sigri hr\u00f3sandi <a name=\"17\"><span class=\"versanumer_2007\">17<\/span><\/a> r\u00e9tt fyrir d\u00f6gun. \u00deetta l\u00e1na\u00f0ist vegna \u00feess a\u00f0 Drottinn vernda\u00f0i J\u00fadas og studdi.<\/p>\n<h3 class=\"millifyrirsogn_2007\">Fri\u00f0arsamningar Ant\u00edokkusar V vi\u00f0 Gy\u00f0inga<\/h3>\n<p><a name=\"18\"><span class=\"versanumer_2007\">18<\/span><\/a> \u00deegar konungur haf\u00f0i fengi\u00f0 a\u00f0 kenna \u00e1 dirfsku Gy\u00f0inga \u00e1 \u00feennan h\u00e1tt freista\u00f0i hann \u00feess a\u00f0 n\u00e1 borgunum \u00e1 sitt vald me\u00f0 br\u00f6g\u00f0um. <a name=\"19\"><span class=\"versanumer_2007\">19<\/span><\/a> Hann s\u00f3tti a\u00f0 Bet S\u00far, sem var \u00f6flugt v\u00edgi Gy\u00f0inga, en var \u00edtreka\u00f0 hrakinn aftur og bei\u00f0 algj\u00f6ran \u00f3sigur. <a name=\"20\"><span class=\"versanumer_2007\">20<\/span><\/a> J\u00fadas sendi nau\u00f0\u00feurftir til \u00feeirra sem umsetnir voru.<br \/> <a name=\"21\"><span class=\"versanumer_2007\">21<\/span><\/a> R\u00f3d\u00f3kus, sem var \u00ed li\u00f0i Gy\u00f0inga, lj\u00f3stra\u00f0i \u00feessu upp vi\u00f0 \u00f3vinina. En \u00fea\u00f0 komst upp um hann og var hann tekinn h\u00f6ndum og fangelsa\u00f0ur.<br \/> <a name=\"22\"><span class=\"versanumer_2007\">22<\/span><\/a> Konungur ger\u00f0i a\u00f0 n\u00fdju samkomulag vi\u00f0 \u00edb\u00faa Bet S\u00far. Handsala\u00f0i hann \u00feeim fyrirheit um fri\u00f0, h\u00e9lt \u00e1 braut, <a name=\"23\"><span class=\"versanumer_2007\">23<\/span><\/a> r\u00e9\u00f0st \u00e1 menn J\u00fadasar og bar l\u00e6gri hlut. Hann fr\u00e9tti a\u00f0 Filippus, sem or\u00f0i\u00f0 haf\u00f0i eftir \u00ed Ant\u00edokk\u00edu til a\u00f0 st\u00fdra m\u00e1lum r\u00edkisins, v\u00e6ri or\u00f0inn \u00f3\u00f0ur. Hraus konungi hugur vi\u00f0 og kalla\u00f0i Gy\u00f0inga til s\u00edn og gekk a\u00f0 kr\u00f6fum \u00feeirra og vann ei\u00f0 a\u00f0 \u00fev\u00ed a\u00f0 breyta r\u00e9ttl\u00e1tlega vi\u00f0 \u00fe\u00e1. Eftir s\u00e6ttirnar f\u00e6r\u00f0i hann f\u00f3rn og au\u00f0s\u00fdndi musterinu vir\u00f0ingu og \u00f6rl\u00e6ti. <a name=\"24\"><span class=\"versanumer_2007\">24<\/span><\/a> Hann t\u00f3k hl\u00fdlega \u00e1 m\u00f3ti Makkabeusi og skipa\u00f0i Hegemon\u00eddes herstj\u00f3ra yfir landi\u00f0 fr\u00e1 Pt\u00f3lemais til Gerra. <br \/> <a name=\"25\"><span class=\"versanumer_2007\">25<\/span><\/a> \u00de\u00e1 h\u00e9lt hann til Pt\u00f3lemais. \u00cdb\u00faarnir \u00fear l\u00e9tu \u00ed lj\u00f3s \u00f3\u00e1n\u00e6gju s\u00edna yfir samkomulaginu. Voru \u00feeir \u00ed sl\u00edku uppn\u00e1mi a\u00f0 \u00feeir vildu f\u00e1 samninginn \u00f3giltan. <a name=\"26\"><span class=\"versanumer_2007\">26<\/span><\/a> \u00de\u00e1 kvaddi L\u00fds\u00edas s\u00e9r hlj\u00f3\u00f0s og bar fram varnir eftir bestu getu. Hann sannf\u00e6r\u00f0i \u00fe\u00e1 og sefa\u00f0i og ger\u00f0i \u00fe\u00e1 sam\u00feykka. H\u00e9lt hann s\u00ed\u00f0an aftur til Ant\u00edokk\u00edu. \u00deannig f\u00f3r um herf\u00f6r konungs og undanhald.<\/p>\n","protected":false},"excerpt":{"rendered":"<p>Menelaus l\u00edfl\u00e1tinn 1 \u00c1ri\u00f0 eitt hundra\u00f0 fj\u00f6rut\u00edu og n\u00edu fengu J\u00fadas og menn hans fregnir af \u00fev\u00ed a\u00f0 Ant\u00edokkus Evpator s\u00e6kti fram gegn J\u00fadeu me\u00f0 mikinn her. 2 Me\u00f0 honum var L\u00fds\u00edas, forr\u00e1\u00f0ama\u00f0ur hans og r\u00e1\u00f0sherra. Hvor um sig leiddi gr\u00edskan her, um eitt hundra\u00f0 og t\u00edu \u00fe\u00fasund manna f\u00f3tg\u00f6nguli\u00f0, fimm \u00fe\u00fasund og \u00ferj\u00fa hundru\u00f0 riddara, tuttugu og tvo f\u00edla og \u00ferj\u00fa hundru\u00f0 sig\u00f0vagna. 3 Menelaus gekk og til li\u00f0s vi\u00f0 \u00fe\u00e1 og eggja\u00f0i Ant\u00edokkus af mikilli undirhyggju, ekki til a\u00f0 bjarga f\u00f6\u00f0urlandinu heldur \u00ed von um a\u00f0 hlj\u00f3ta \u00e6\u00f0sta emb\u00e6tti. 4 En Konungur konunganna ger\u00f0i Ant\u00edokkus rei\u00f0an \u00feessu varmenni <a href=\"https:\/\/biblian.is\/biblian\/onnur-makkabeabok-13-kafli\/\"> [&#8230;]<\/a><\/p>\n","protected":false},"author":1,"featured_media":0,"parent":0,"menu_order":0,"comment_status":"open","ping_status":"open","template":"bibliukaflar.php","meta":{"footnotes":""},"class_list":["post-2952","page","type-page","status-publish","hentry"],"_links":{"self":[{"href":"https:\/\/biblian.is\/biblian\/wp-json\/wp\/v2\/pages\/2952","targetHints":{"allow":["GET"]}}],"collection":[{"href":"https:\/\/biblian.is\/biblian\/wp-json\/wp\/v2\/pages"}],"about":[{"href":"https:\/\/biblian.is\/biblian\/wp-json\/wp\/v2\/types\/page"}],"author":[{"embeddable":true,"href":"https:\/\/biblian.is\/biblian\/wp-json\/wp\/v2\/users\/1"}],"replies":[{"embeddable":true,"href":"https:\/\/biblian.is\/biblian\/wp-json\/wp\/v2\/comments?post=2952"}],"version-history":[{"count":0,"href":"https:\/\/biblian.is\/biblian\/wp-json\/wp\/v2\/pages\/2952\/revisions"}],"wp:attachment":[{"href":"https:\/\/biblian.is\/biblian\/wp-json\/wp\/v2\/media?parent=2952"}],"curies":[{"name":"wp","href":"https:\/\/api.w.org\/{rel}","templated":true}]}}