{"id":2949,"date":"2017-12-30T21:05:19","date_gmt":"2017-12-30T21:05:19","guid":{"rendered":"http:\/\/biblian.is\/biblian\/%c2%85nnur-makkabeab%c2%97k-10-kafli\/"},"modified":"2018-01-11T19:48:29","modified_gmt":"2018-01-11T19:48:29","slug":"onnur-makkabeabok-10-kafli","status":"publish","type":"page","link":"https:\/\/biblian.is\/biblian\/onnur-makkabeabok-10-kafli\/","title":{"rendered":"\u00d6nnur Makkabeab\u00f3k 10. kafli"},"content":{"rendered":"<h3 class=\"millifyrirsogn_2007\"> Musteri\u00f0 endurv\u00edgt<\/h3>\n<p><a name=\"1\"><span class=\"versanumer_2007\">1<\/span><\/a> Makkabeusi og m\u00f6nnum hans au\u00f0na\u00f0ist me\u00f0 Gu\u00f0s hj\u00e1lp a\u00f0 n\u00e1 musterinu og borginni \u00e1 sitt vald. <a name=\"2\"><span class=\"versanumer_2007\">2<\/span><\/a> \u00deeir rifu ni\u00f0ur \u00f6lturun, sem \u00fatlendingarnir h\u00f6f\u00f0u reist \u00e1 torginu, og a\u00f0ra helgid\u00f3ma \u00feeirra. <a name=\"3\"><span class=\"versanumer_2007\">3<\/span><\/a> Eftir a\u00f0 hafa hreinsa\u00f0 musteri\u00f0 reistu \u00feeir \u00fear n\u00fdtt altari. Me\u00f0 \u00fev\u00ed a\u00f0 lj\u00f3sta saman steinum tendru\u00f0u \u00feeir eld til a\u00f0 nota er \u00feeir f\u00e6r\u00f0u f\u00f3rnir eftir tveggja \u00e1ra hl\u00e9. \u00deeir brenndu og reykelsi, tendru\u00f0u lampana og l\u00f6g\u00f0u sko\u00f0unarbrau\u00f0in fram.<br \/> <a name=\"4\"><span class=\"versanumer_2007\">4<\/span><\/a> A\u00f0 \u00feessu loknu f\u00e9llu \u00feeir fram \u00e1 j\u00f6r\u00f0ina og b\u00e1\u00f0u Gu\u00f0 a\u00f0 \u00feyrma \u00feeim vi\u00f0 sl\u00edkri \u00f3g\u00e6fu sem \u00feeir h\u00f6f\u00f0u m\u00e1tt \u00feola en aga \u00fe\u00e1 v\u00e6gilega ef \u00feeir brytu af s\u00e9r \u00e1 n\u00fd og gefa \u00fe\u00e1 ekki grimmum og gu\u00f0lastandi hei\u00f0ingjum \u00e1 vald.<br \/> <a name=\"5\"><span class=\"versanumer_2007\">5<\/span><\/a> Daginn sem \u00feeir hreinsu\u00f0u musteri\u00f0 bar upp \u00e1 sama dag og \u00fatlendingarnir h\u00f6f\u00f0u saurga\u00f0 \u00fea\u00f0, tuttugasta og fimmta dag sama m\u00e1na\u00f0ar sem er k\u00edslevm\u00e1nu\u00f0ur. <a name=\"6\"><span class=\"versanumer_2007\">6<\/span><\/a> \u00deeir h\u00e9ldu fagna\u00f0arh\u00e1t\u00ed\u00f0 \u00ed \u00e1tta daga sem l\u00edktist laufsk\u00e1lah\u00e1t\u00ed\u00f0inni og minntust \u00feess a\u00f0 \u00feeir h\u00f6f\u00f0u n\u00fdveri\u00f0 haldi\u00f0 \u00fe\u00e1 h\u00e1t\u00ed\u00f0 \u00ed hellum \u00e1 fj\u00f6llum uppi eins og villid\u00fdr. <a name=\"7\"><span class=\"versanumer_2007\">7<\/span><\/a> \u00deess vegna b\u00e1ru \u00feeir laufstafi og laufga\u00f0a kvisti og p\u00e1lmagreinar og lofsungu honum sem veitti \u00feeim a\u00f0 hreinsa musteri\u00f0 sem honum var helga\u00f0. <a name=\"8\"><span class=\"versanumer_2007\">8<\/span><\/a> \u00cd almennum kosningum var sam\u00feykkt a\u00f0 \u00e1rlega skyldu allir Gy\u00f0ingar halda \u00feessa h\u00e1t\u00ed\u00f0. <br \/> <a name=\"9\"><span class=\"versanumer_2007\">9<\/span><\/a> Ant\u00edokkus, sem nefndur var Ep\u00edfanes, haf\u00f0i loki\u00f0 l\u00edfi s\u00ednu svo sem fr\u00e1 var sagt.<br \/> <a name=\"10\"><span class=\"versanumer_2007\">10<\/span><\/a> N\u00fa segir fr\u00e1 \u00fev\u00ed sem vi\u00f0 kemur Ant\u00edokkusi Evpator, syni hins \u00f3gu\u00f0lega, og \u00ed stuttu m\u00e1li ver\u00f0ur greint fr\u00e1 \u00f3g\u00e6funni sem styrjaldir hans b\u00f6ku\u00f0u.<br \/> <a name=\"11\"><span class=\"versanumer_2007\">11<\/span><\/a> \u00deegar hann var sestur a\u00f0 r\u00edkjum skipa\u00f0i hann mann nokkurn, L\u00fds\u00edas a\u00f0 nafni, r\u00e1\u00f0sherra og ger\u00f0i hann landstj\u00f3ra \u00ed Nor\u00f0ur-S\u00fdrlandi og F\u00f6nik\u00edu.<\/p>\n<h3 class=\"millifyrirsogn_2007\">Pt\u00f3lemeus Makron styttir s\u00e9r aldur<\/h3>\n<p><a name=\"12\"><span class=\"versanumer_2007\">12<\/span><\/a> Pt\u00f3lemeus, sem kalla\u00f0ur var Makron, kom fram vi\u00f0 Gy\u00f0inga af sl\u00edkri sanngirni a\u00f0 til fyrirmyndar var, eftir alla \u00fe\u00e1 rangsleitni sem \u00feeir m\u00e1ttu \u00feola. Hann lag\u00f0i sig fram um a\u00f0 koma \u00e1 fri\u00f0samlegum samskiptum vi\u00f0 \u00fe\u00e1. <a name=\"13\"><span class=\"versanumer_2007\">13<\/span><\/a> Vegna \u00feessa r\u00e6g\u00f0u vinir konungsins hann vi\u00f0 Evpator. \u00deeir notu\u00f0u hvert t\u00e6kif\u00e6ri til a\u00f0 kalla hann landr\u00e1\u00f0amann fyrir \u00fea\u00f0 a\u00f0 hann f\u00f3r fr\u00e1 K\u00fdpur, sem F\u00edlometor f\u00f3l honum stj\u00f3rn \u00e1, og gekk Ant\u00edokkusi Ep\u00edfanes \u00e1 h\u00f6nd. Hann gat ekki lengur sinnt emb\u00e6tti s\u00ednu me\u00f0 s\u00f3ma og stytti s\u00e9r aldur me\u00f0 \u00fev\u00ed a\u00f0 taka inn eitur.<\/p>\n<h3 class=\"millifyrirsogn_2007\">J\u00fadas sigrar \u00cdd\u00famea<\/h3>\n<p><a name=\"14\"><span class=\"versanumer_2007\">14<\/span><\/a> \u00deegar Gorg\u00edas var or\u00f0inn landstj\u00f3ri haf\u00f0i hann um sig fj\u00f6lmennan her m\u00e1lali\u00f0a og \u00f3l st\u00f6\u00f0ugt \u00e1 \u00f3fri\u00f0i vi\u00f0 Gy\u00f0inga. <a name=\"15\"><span class=\"versanumer_2007\">15<\/span><\/a> Enn fremur l\u00e9tu \u00cdd\u00famear Gy\u00f0inga hafa fullt \u00ed fangi en \u00feeir r\u00e9\u00f0u nokkrum herna\u00f0arlega mikilv\u00e6gum virkjum. \u00cdd\u00famear t\u00f3ku \u00feeim opnum \u00f6rmum sem fl\u00fai\u00f0 h\u00f6f\u00f0u fr\u00e1 Jer\u00fasalem og ger\u00f0u sitt til a\u00f0 ala \u00e1 \u00f3fri\u00f0num.<br \/> <a name=\"16\"><span class=\"versanumer_2007\">16<\/span><\/a> En menn Makkabeusar \u00e1k\u00f6llu\u00f0u Gu\u00f0 og b\u00e1\u00f0u hann a\u00f0 veita s\u00e9r fulltingi \u00ed bar\u00e1ttunni. S\u00ed\u00f0an ger\u00f0u \u00feeir \u00e1r\u00e1s \u00e1 virki \u00cdd\u00famea <a name=\"17\"><span class=\"versanumer_2007\">17<\/span><\/a> og n\u00e1\u00f0u \u00fev\u00ed \u00e1 sitt vald eftir snarpa atl\u00f6gu. \u00deeir brutu \u00fe\u00e1 \u00e1 bak aftur sem voru til varnar \u00e1 virkism\u00farunum, str\u00e1felldu alla sem fyrir \u00feeim ur\u00f0u og gr\u00f6ndu\u00f0u ekki f\u00e6rri en tuttugu \u00fe\u00fasundum. <a name=\"18\"><span class=\"versanumer_2007\">18<\/span><\/a> En n\u00edu \u00fe\u00fasundum hi\u00f0 minnsta t\u00f3kst a\u00f0 komast undan \u00ed tvo mj\u00f6g rammbygg\u00f0a virkisturna \u00fear sem v\u00f6l var \u00e1 hverju \u00fev\u00ed sem \u00feurfti til a\u00f0 standast ums\u00e1tur. <a name=\"19\"><span class=\"versanumer_2007\">19<\/span><\/a> \u00dear sem Makkabeus \u00e1tti br\u00fdnum erindum a\u00f0 sinna annars sta\u00f0ar skildi hann S\u00edmon og J\u00f3sef eftir hj\u00e1 \u00feeim og auk \u00feess Sakkeus og alla menn hans. \u00deetta li\u00f0 allt var n\u00f3gu m\u00e1ttugt til a\u00f0 sitja um virkisturnana.<br \/> <a name=\"20\"><span class=\"versanumer_2007\">20<\/span><\/a> En menn S\u00edmonar l\u00e9tu t\u00e6last af \u00e1girnd til a\u00f0 \u00feiggja m\u00fatur af nokkrum hinna umsetnu. Gegn sj\u00f6t\u00edu \u00fe\u00fasund dr\u00f6kmum leyf\u00f0u \u00feeir nokkrum h\u00f3pi manna a\u00f0 sleppa \u00fat. <a name=\"21\"><span class=\"versanumer_2007\">21<\/span><\/a> \u00deegar Makkabeusi b\u00e1rust t\u00ed\u00f0indi um \u00feetta til eyrna kalla\u00f0i hann lei\u00f0toga f\u00f3lksins saman og \u00e1k\u00e6r\u00f0i menn S\u00edmonar fyrir a\u00f0 hafa selt br\u00e6\u00f0ur s\u00edna fyrir peninga me\u00f0 \u00fev\u00ed a\u00f0 sleppa \u00f3vinum \u00feeirra lausum.<br \/> <a name=\"22\"><span class=\"versanumer_2007\">22<\/span><\/a> Hann l\u00e9t taka \u00fe\u00e1 af l\u00edfi sem gerst h\u00f6f\u00f0u landr\u00e1\u00f0amenn og vann b\u00e1\u00f0a virkisturnana skj\u00f3tlega. <a name=\"23\"><span class=\"versanumer_2007\">23<\/span><\/a> Vopnin l\u00e9ku \u00ed h\u00f6ndum hans og honum heppna\u00f0ist allt. Felldi hann meira en tuttugu \u00fe\u00fasundir manna \u00ed b\u00e1\u00f0um virkjunum.<\/p>\n<h3 class=\"millifyrirsogn_2007\">J\u00fadas sigrar T\u00edm\u00f3teus<\/h3>\n<p><a name=\"24\"><span class=\"versanumer_2007\">24<\/span><\/a> T\u00edm\u00f3teus, sem haf\u00f0i einu sinni \u00e1\u00f0ur be\u00f0i\u00f0 \u00f3sigur fyrir Gy\u00f0ingum, haf\u00f0i safna\u00f0 um sig miklum her m\u00e1lali\u00f0a og auk \u00feess fj\u00f6lmennu riddarali\u00f0i fr\u00e1 As\u00edu. Kom hann n\u00fa til \u00feess a\u00f0 hertaka J\u00fadeu me\u00f0 vopnavaldi. <a name=\"25\"><span class=\"versanumer_2007\">25<\/span><\/a> En er hann n\u00e1lga\u00f0ist sneru Makkabeus og menn hans s\u00e9r til Gu\u00f0s \u00ed b\u00e6n, str\u00e1\u00f0u ryki yfir h\u00f6fu\u00f0 s\u00e9r, gyrtu sig h\u00e6rusekkjum <a name=\"26\"><span class=\"versanumer_2007\">26<\/span><\/a> og l\u00e9tu sig falla fram \u00e1 \u00e1sj\u00f3nu s\u00edna \u00e1 gr\u00e1\u00f0urnar vi\u00f0 altari\u00f0. B\u00e1\u00f0u \u00feeir Gu\u00f0 a\u00f0 vera s\u00e9r n\u00e1\u00f0ugur, vera \u00f3vinur \u00f3vina \u00feeirra og veita m\u00f3tst\u00f6\u00f0u m\u00f3tst\u00f6\u00f0um\u00f6nnum \u00feeirra eins og segir \u00ed l\u00f6gm\u00e1linu. <a name=\"27\"><span class=\"versanumer_2007\">27<\/span><\/a> \u00deegar \u00feeir h\u00f6f\u00f0u be\u00f0ist fyrir t\u00f3ku \u00feeir vopn s\u00edn, h\u00e9ldu drj\u00fagan sp\u00f6l fr\u00e1 borginni og n\u00e1mu sta\u00f0ar er \u00feeir n\u00e1lgu\u00f0ust \u00f3vinina.<br \/> <a name=\"28\"><span class=\"versanumer_2007\">28<\/span><\/a> \u00deegar \u00ed s\u00f3laruppr\u00e1s laust herjunum saman. Annar batt traust sitt vi\u00f0 a\u00f0 Drottinn mundi veita fars\u00e6ld og fr\u00e6kinn sigur en hinn l\u00e9t stj\u00f3rnast af ge\u00f0ofsa s\u00ednum og v\u00edgam\u00f3\u00f0i \u00ed bardaganum.<br \/> <a name=\"29\"><span class=\"versanumer_2007\">29<\/span><\/a> Er orrustan st\u00f3\u00f0 sem h\u00e6st vitra\u00f0ist andst\u00e6\u00f0ingum Gy\u00f0inga s\u00fdn fr\u00e1 himni. Fimm gl\u00e6stir menn s\u00e1tu gullbeisla\u00f0a f\u00e1ka og f\u00f3ru fyrir li\u00f0i Gy\u00f0inga. <a name=\"30\"><span class=\"versanumer_2007\">30<\/span><\/a> Tveir \u00feeirra t\u00f3ku Makkabeus \u00e1 milli s\u00edn og brug\u00f0u vopnum s\u00ednum fyrir hann svo a\u00f0 ekki var\u00f0 s\u00e1ri \u00e1 hann komi\u00f0 en sendu \u00f6rvadr\u00edfu \u00e1 \u00f3vinina og sl\u00f6ngvu\u00f0u eldingum yfir \u00fe\u00e1 svo a\u00f0 \u00feeir voru slegnir blindu og ri\u00f0lu\u00f0ust, skelfingu lostnir. <a name=\"31\"><span class=\"versanumer_2007\">31<\/span><\/a> \u00dear f\u00e9llu tuttugu \u00fe\u00fasund og fimm hundru\u00f0 f\u00f3tg\u00f6nguli\u00f0ar og sex hundru\u00f0 riddarar a\u00f0 auki.<br \/> <a name=\"32\"><span class=\"versanumer_2007\">32<\/span><\/a> Sj\u00e1lfur fl\u00fd\u00f0i T\u00edm\u00f3teus til sta\u00f0ar sem heitir Geser sem er tryggilega vari\u00f0 virki. \u00dear var Kereas h\u00f6fu\u00f0sma\u00f0ur.<br \/> <a name=\"33\"><span class=\"versanumer_2007\">33<\/span><\/a> Makkabeus og menn hans s\u00e1tu hugdjarfir um borgina \u00ed fj\u00f3ra daga. <a name=\"34\"><span class=\"versanumer_2007\">34<\/span><\/a> \u00deeir sem umsetnir voru reiddu sig \u00e1 traustleika v\u00edgisins, l\u00e9tu \u00f3kv\u00e6\u00f0isor\u00f0 dynja \u00e1 Gy\u00f0ingum og l\u00f6stu\u00f0u Gu\u00f0 \u00feeirra.<br \/> <a name=\"35\"><span class=\"versanumer_2007\">35<\/span><\/a> En \u00feegar l\u00fdsti af fimmta degi r\u00e9\u00f0ust tuttugu ungir menn \u00far li\u00f0i Makkabeusar til atl\u00f6gu upp \u00e1 virkism\u00farinn. \u00deeir voru fr\u00e1 s\u00e9r af rei\u00f0i vegna lastm\u00e6lanna, gengu hetjulega fram og felldu af mikilli grimmd hvern \u00feann sem fyrir var\u00f0. <a name=\"36\"><span class=\"versanumer_2007\">36<\/span><\/a> Jafnframt notu\u00f0u a\u00f0rir t\u00e6kif\u00e6ri\u00f0 og ruddust annars sta\u00f0ar til uppg\u00f6ngu \u00ed virki\u00f0 og r\u00e9\u00f0ust \u00e1 hina umsetnu \u00e1 sama h\u00e1tt. \u00deeir l\u00f6g\u00f0u eld \u00ed turnana og brenndu gu\u00f0lastarana lifandi \u00e1 b\u00e1li. Annar h\u00f3pur hj\u00f3 borgarhli\u00f0in ni\u00f0ur, hleypti inn \u00feeim herm\u00f6nnum sem enn voru fyrir utan og n\u00e1\u00f0u \u00feeir borginni br\u00e1tt \u00e1 sitt vald. <a name=\"37\"><span class=\"versanumer_2007\">37<\/span><\/a> T\u00edm\u00f3teus haf\u00f0i fali\u00f0 sig \u00ed brunni og var hann drepinn og Kereas br\u00f3\u00f0ir hans sem og Appoll\u00f3fanes.<br \/> <a name=\"38\"><span class=\"versanumer_2007\">38<\/span><\/a> \u00deegar \u00feetta var afsta\u00f0i\u00f0 vegs\u00f6mu\u00f0u Gy\u00f0ingar Drottin me\u00f0 lofs\u00f6ngvum og \u00feakkargj\u00f6r\u00f0 fyrir miklar velgj\u00f6r\u00f0ir hans vi\u00f0 \u00cdsrael og fyrir a\u00f0 hafa veitt \u00feeim sigur.<\/p>\n","protected":false},"excerpt":{"rendered":"<p>Musteri\u00f0 endurv\u00edgt 1 Makkabeusi og m\u00f6nnum hans au\u00f0na\u00f0ist me\u00f0 Gu\u00f0s hj\u00e1lp a\u00f0 n\u00e1 musterinu og borginni \u00e1 sitt vald. 2 \u00deeir rifu ni\u00f0ur \u00f6lturun, sem \u00fatlendingarnir h\u00f6f\u00f0u reist \u00e1 torginu, og a\u00f0ra helgid\u00f3ma \u00feeirra. 3 Eftir a\u00f0 hafa hreinsa\u00f0 musteri\u00f0 reistu \u00feeir \u00fear n\u00fdtt altari. Me\u00f0 \u00fev\u00ed a\u00f0 lj\u00f3sta saman steinum tendru\u00f0u \u00feeir eld til a\u00f0 nota er \u00feeir f\u00e6r\u00f0u f\u00f3rnir eftir tveggja \u00e1ra hl\u00e9. \u00deeir brenndu og reykelsi, tendru\u00f0u lampana og l\u00f6g\u00f0u sko\u00f0unarbrau\u00f0in fram. 4 A\u00f0 \u00feessu loknu f\u00e9llu \u00feeir fram \u00e1 j\u00f6r\u00f0ina og b\u00e1\u00f0u Gu\u00f0 a\u00f0 \u00feyrma \u00feeim vi\u00f0 sl\u00edkri \u00f3g\u00e6fu sem \u00feeir h\u00f6f\u00f0u m\u00e1tt \u00feola en aga <a href=\"https:\/\/biblian.is\/biblian\/onnur-makkabeabok-10-kafli\/\"> [&#8230;]<\/a><\/p>\n","protected":false},"author":1,"featured_media":0,"parent":0,"menu_order":0,"comment_status":"open","ping_status":"open","template":"bibliukaflar.php","meta":{"footnotes":""},"class_list":["post-2949","page","type-page","status-publish","hentry"],"_links":{"self":[{"href":"https:\/\/biblian.is\/biblian\/wp-json\/wp\/v2\/pages\/2949","targetHints":{"allow":["GET"]}}],"collection":[{"href":"https:\/\/biblian.is\/biblian\/wp-json\/wp\/v2\/pages"}],"about":[{"href":"https:\/\/biblian.is\/biblian\/wp-json\/wp\/v2\/types\/page"}],"author":[{"embeddable":true,"href":"https:\/\/biblian.is\/biblian\/wp-json\/wp\/v2\/users\/1"}],"replies":[{"embeddable":true,"href":"https:\/\/biblian.is\/biblian\/wp-json\/wp\/v2\/comments?post=2949"}],"version-history":[{"count":0,"href":"https:\/\/biblian.is\/biblian\/wp-json\/wp\/v2\/pages\/2949\/revisions"}],"wp:attachment":[{"href":"https:\/\/biblian.is\/biblian\/wp-json\/wp\/v2\/media?parent=2949"}],"curies":[{"name":"wp","href":"https:\/\/api.w.org\/{rel}","templated":true}]}}