{"id":2936,"date":"2017-12-30T21:05:14","date_gmt":"2017-12-30T21:05:14","guid":{"rendered":"http:\/\/biblian.is\/biblian\/fyrsta-makkabeab%c2%97k-13-kafli\/"},"modified":"2018-01-02T02:58:15","modified_gmt":"2018-01-02T02:58:15","slug":"fyrsta-makkabeabok-13-kafli","status":"publish","type":"page","link":"https:\/\/biblian.is\/biblian\/fyrsta-makkabeabok-13-kafli\/","title":{"rendered":"Fyrsta Makkabeab\u00f3k 13. kafli"},"content":{"rendered":"<h3 class=\"millifyrirsogn_2007\"> S\u00edmon gerist lei\u00f0togi Gy\u00f0inga<\/h3>\n<p><a name=\"1\"><span class=\"versanumer_2007\">1<\/span><\/a> S\u00edmon fr\u00e9tti a\u00f0 Tr\u00fdfon haf\u00f0i safna\u00f0 miklu li\u00f0i til farar gegn J\u00fadeu til a\u00f0 leggja landi\u00f0 \u00ed au\u00f0n. <a name=\"2\"><span class=\"versanumer_2007\">2<\/span><\/a> \u00dear sem hann s\u00e1 einnig a\u00f0 \u00fej\u00f3\u00f0in var hr\u00e6dd og \u00f3ttaslegin f\u00f3r hann upp til Jer\u00fasalem og stefndi l\u00fd\u00f0num saman. <a name=\"3\"><span class=\"versanumer_2007\">3<\/span><\/a> Hann m\u00e6lti hughreystingaror\u00f0 og sag\u00f0i: \u201e\u00dei\u00f0 viti\u00f0 sj\u00e1lfir um allt sem \u00e9g, br\u00e6\u00f0ur m\u00ednir og \u00f6ll m\u00edn f\u00f6\u00f0ur\u00e6tt hefur gert \u00ed \u00fe\u00e1gu l\u00f6gm\u00e1lsins og helgid\u00f3msins. \u00dei\u00f0 viti\u00f0 um str\u00ed\u00f0in og \u00ferengingarnar sem vi\u00f0 h\u00f6fum \u00feola\u00f0. <a name=\"4\"><span class=\"versanumer_2007\">4<\/span><\/a> S\u00f6kum \u00feessa l\u00e9tu allir br\u00e6\u00f0ur m\u00ednir l\u00edfi\u00f0 fyrir \u00cdsrael og er \u00e9g s\u00e1 eini sem eftir er. <a name=\"5\"><span class=\"versanumer_2007\">5<\/span><\/a> En fjarri s\u00e9 m\u00e9r a\u00f0 reyna a\u00f0 sleppa vi\u00f0 l\u00edfsh\u00e1ska hven\u00e6r svo sem \u00ferengir a\u00f0. Ekki er m\u00e9r vandara um en br\u00e6\u00f0rum m\u00ednum. <a name=\"6\"><span class=\"versanumer_2007\">6<\/span><\/a> \u00c9g skal hefna \u00fej\u00f3\u00f0ar minnar, helgid\u00f3ms, kvenna ykkar og barna, engu s\u00ed\u00f0ur en \u00feeir, en allir hei\u00f0ingjarnir hata okkur og hafa sameinast um a\u00f0 \u00fatr\u00fdma okkur.\u201c<br \/> <a name=\"7\"><span class=\"versanumer_2007\">7<\/span><\/a> Vi\u00f0 r\u00e6\u00f0u \u00feessa svall \u00fej\u00f3\u00f0inni m\u00f3\u00f0ur a\u00f0 n\u00fdju <a name=\"8\"><span class=\"versanumer_2007\">8<\/span><\/a> og f\u00f3lki\u00f0 svara\u00f0i h\u00e1st\u00f6fum: \u201e\u00de\u00fa ert foringi okkar \u00ed sta\u00f0 J\u00fadasar og J\u00f3natans br\u00f3\u00f0ur \u00fe\u00edns. <a name=\"9\"><span class=\"versanumer_2007\">9<\/span><\/a> \u00de\u00fa skalt heyja orrustur okkar en vi\u00f0 munum breyta \u00ed \u00f6llu eins og \u00fe\u00fa b\u00fd\u00f0ur!\u201c<br \/> <a name=\"10\"><span class=\"versanumer_2007\">10<\/span><\/a> \u00de\u00e1 safna\u00f0i S\u00edmon \u00f6llum vopnf\u00e6rum m\u00f6nnum og hra\u00f0a\u00f0i s\u00e9r a\u00f0 lj\u00faka vi\u00f0 m\u00fara Jer\u00fasalem svo a\u00f0 borgin var rammlega varin \u00e1 allar hli\u00f0ar. <a name=\"11\"><span class=\"versanumer_2007\">11<\/span><\/a> Hann sendi J\u00f3natan Absalonsson einnig til Joppe me\u00f0 miki\u00f0 herli\u00f0. Rak J\u00f3natan \u00edb\u00faana \u00far borginni og settist \u00fear sj\u00e1lfur a\u00f0.<\/p>\n<h3 class=\"millifyrirsogn_2007\">J\u00f3natan l\u00edfl\u00e1tinn<\/h3>\n<p><a name=\"12\"><span class=\"versanumer_2007\">12<\/span><\/a> Tr\u00fdfon f\u00f3r fr\u00e1 Pt\u00f3lemais me\u00f0 mikinn her til a\u00f0 r\u00e1\u00f0ast inn \u00ed J\u00fadeu. Haf\u00f0i hann J\u00f3natan me\u00f0 s\u00e9r \u00ed b\u00f6ndum. <a name=\"13\"><span class=\"versanumer_2007\">13<\/span><\/a> S\u00edmon kom her s\u00ednum fyrir vi\u00f0 Had\u00edd \u00ed \u00fatja\u00f0ri sl\u00e9ttunnar. <a name=\"14\"><span class=\"versanumer_2007\">14<\/span><\/a> \u00deegar Tr\u00fdfon var\u00f0 \u00feess v\u00edsari a\u00f0 S\u00edmon v\u00e6ri tekinn vi\u00f0 af br\u00f3\u00f0ur s\u00ednum og v\u00e6ri \u00ed \u00feann veginn a\u00f0 leggja til orrustu vi\u00f0 sig sendi hann fulltr\u00faa til hans me\u00f0 \u00feessi bo\u00f0: <a name=\"15\"><span class=\"versanumer_2007\">15<\/span><\/a> \u201eVi\u00f0 h\u00f6fum J\u00f3natan br\u00f3\u00f0ur \u00feinn \u00ed haldi vegna fj\u00e1r sem hann skuldar konungssj\u00f3\u00f0i fyrir emb\u00e6tti sem hann hefur haft \u00e1 hendi. <a name=\"16\"><span class=\"versanumer_2007\">16<\/span><\/a> Vi\u00f0 skulum l\u00e1ta hann lausan ef \u00fe\u00fa sendir eitt hundra\u00f0 talentur silfurs og tvo syni hans a\u00f0 g\u00edslum svo a\u00f0 J\u00f3natan r\u00edsi ekki gegn okkur \u00feegar honum ver\u00f0ur sleppt.\u201c<br \/> <a name=\"17\"><span class=\"versanumer_2007\">17<\/span><\/a> S\u00edmoni var lj\u00f3st a\u00f0 hugur fylgdi ekki m\u00e1li en l\u00e9t samt s\u00e6kja f\u00e9\u00f0 og sveinana til a\u00f0 vekja ekki \u00falf\u00fa\u00f0 \u00ed sinn gar\u00f0 me\u00f0 \u00fej\u00f3\u00f0inni <a name=\"18\"><span class=\"versanumer_2007\">18<\/span><\/a> sem kynni a\u00f0 segja: \u201e\u00dev\u00ed var J\u00f3natan deyddur a\u00f0 S\u00edmon sendi hvorki f\u00e9\u00f0 n\u00e9 drengina.\u201c <a name=\"19\"><span class=\"versanumer_2007\">19<\/span><\/a> Hann sendi drengina og talenturnar hundra\u00f0 en Tr\u00fdfon gekk \u00e1 heit s\u00edn og l\u00e9t J\u00f3natan ekki lausan.<br \/> <a name=\"20\"><span class=\"versanumer_2007\">20<\/span><\/a> Eftir \u00feetta kom Tr\u00fdfon til a\u00f0 r\u00e1\u00f0ast inn \u00ed landi\u00f0 og leggja \u00fea\u00f0 \u00ed au\u00f0n. T\u00f3k hann \u00e1 sig kr\u00f3k og f\u00f3r veginn til Ad\u00f3ra en S\u00edmon og her hans kom honum \u00ed opna skj\u00f6ldu hvert sem hann f\u00f3r.<br \/> <a name=\"21\"><span class=\"versanumer_2007\">21<\/span><\/a> Setuli\u00f0i\u00f0 \u00ed virkinu \u00ed Jer\u00fasalem sendi fulltr\u00faa til Tr\u00fdfons til a\u00f0 f\u00e1 hann til a\u00f0 koma sem skj\u00f3tast til s\u00edn yfir au\u00f0nina og f\u00e6ra s\u00e9r vistir. <a name=\"22\"><span class=\"versanumer_2007\">22<\/span><\/a> Tr\u00fdfon bj\u00f3 allt riddarali\u00f0 sitt til farar en um n\u00f3ttina kyngdi ni\u00f0ur snj\u00f3 svo a\u00f0 \u00feeir komust hvergi s\u00f6kum \u00f3f\u00e6r\u00f0ar. H\u00e9lt hann \u00feess \u00ed sta\u00f0 til G\u00edlea\u00f0s. <a name=\"23\"><span class=\"versanumer_2007\">23<\/span><\/a> \u00cd n\u00e1nd vi\u00f0 Baskama l\u00e9t hann taka J\u00f3natan af l\u00edfi og var hann grafinn \u00fear. <a name=\"24\"><span class=\"versanumer_2007\">24<\/span><\/a> Sneri Tr\u00fdfon s\u00ed\u00f0an aftur og f\u00f3r til heimalands s\u00edns.<\/p>\n<h3 class=\"millifyrirsogn_2007\">Minnismerki\u00f0 \u00ed M\u00f3dein<\/h3>\n<p><a name=\"25\"><span class=\"versanumer_2007\">25<\/span><\/a> S\u00edmon sendi menn til a\u00f0 s\u00e6kja bein J\u00f3natans br\u00f3\u00f0ur s\u00edns og lag\u00f0i \u00feau til hv\u00edldar \u00ed M\u00f3dein, borg fe\u00f0ra hans. <a name=\"26\"><span class=\"versanumer_2007\">26<\/span><\/a> Allur \u00cdsrael s\u00f6ng harmlj\u00f3\u00f0 mikil eftir hann og syrg\u00f0i hann langa hr\u00ed\u00f0.<br \/> <a name=\"27\"><span class=\"versanumer_2007\">27<\/span><\/a> Yfir legsta\u00f0 f\u00f6\u00f0ur s\u00edns og br\u00e6\u00f0ra reisti S\u00edmon h\u00e1an bauta sem s\u00e1st v\u00ed\u00f0a a\u00f0. Var sl\u00edpa\u00f0ur steinn b\u00e6\u00f0i bak og fyrir \u00e1 minnismerkinu. <a name=\"28\"><span class=\"versanumer_2007\">28<\/span><\/a> L\u00e9t hann og reisa sj\u00f6 p\u00fdram\u00edda hvern gegnt \u00f6\u00f0rum til minningar um f\u00f6\u00f0ur sinn, m\u00f3\u00f0ur og fj\u00f3ra br\u00e6\u00f0ur. <a name=\"29\"><span class=\"versanumer_2007\">29<\/span><\/a> \u00de\u00e1 kom hann upp umb\u00fana\u00f0i umhverfis p\u00fdram\u00eddana. Voru \u00fear miklar s\u00falur og \u00e1 \u00feeim l\u00e1gmyndir af vopnab\u00fana\u00f0i til \u00e6varandi minningar um sigurs\u00e6ld \u00feeirra. Til hli\u00f0ar vi\u00f0 myndirnar af vopnab\u00fana\u00f0inum voru myndir af skipum, \u00f6llum s\u00e6farendum til augnayndis. <a name=\"30\"><span class=\"versanumer_2007\">30<\/span><\/a> Legsta\u00f0 \u00feennan l\u00e9t hann reisa \u00ed M\u00f3dein og stendur hann enn \u00ed dag.<\/p>\n<h3 class=\"millifyrirsogn_2007\">S\u00edmon lei\u00f0ir J\u00fadeu til sigurs<\/h3>\n<p><a name=\"31\"><span class=\"versanumer_2007\">31<\/span><\/a> Tr\u00fdfon beitti hinn unga konung, Ant\u00edokkus, svikum og l\u00e9t dey\u00f0a hann. <a name=\"32\"><span class=\"versanumer_2007\">32<\/span><\/a> T\u00f3k hann vi\u00f0 v\u00f6ldum og var kr\u00fdndur konungur As\u00edu og olli miklu b\u00f6li \u00ed landinu.<br \/> <a name=\"33\"><span class=\"versanumer_2007\">33<\/span><\/a> En S\u00edmon bygg\u00f0i upp virki J\u00fadeu og kom h\u00e1um turnum fyrir \u00e1 rammbygg\u00f0um m\u00farum me\u00f0 hli\u00f0um sem voru b\u00fain slagbr\u00f6ndum og l\u00e9t koma fyrir vistum \u00ed virkjunum. <a name=\"34\"><span class=\"versanumer_2007\">34<\/span><\/a> S\u00edmon valdi s\u00ed\u00f0an nokkra menn til a\u00f0 ganga \u00e1 fund Demetr\u00edusar konungs og leita eftirgjafar \u00e1 \u00e1l\u00f6gum \u00e1 landi\u00f0 \u00fev\u00ed a\u00f0 a\u00f0ger\u00f0ir Tr\u00fdfons voru r\u00e1n ein. <a name=\"35\"><span class=\"versanumer_2007\">35<\/span><\/a> Demetr\u00edus konungur svara\u00f0i honum me\u00f0 svohlj\u00f3\u00f0andi br\u00e9fi:<br \/> <a name=\"36\"><span class=\"versanumer_2007\">36<\/span><\/a> \u201eDemetr\u00edus konungur sendir S\u00edmoni, \u00e6\u00f0sta presti og vini konunga, \u00f6ldungar\u00e1\u00f0inu og Gy\u00f0inga\u00fej\u00f3\u00f0 kve\u00f0ju. <a name=\"37\"><span class=\"versanumer_2007\">37<\/span><\/a> Gullsveiginn og p\u00e1lmakvistinn, sem \u00fei\u00f0 sendu\u00f0, h\u00f6fum v\u00e9r fengi\u00f0 og erum tilb\u00fanir til a\u00f0 semja endanlegan fri\u00f0 vi\u00f0 ykkur og gefa emb\u00e6ttism\u00f6nnum vorum skrifleg fyrirm\u00e6li um skatta\u00edvilnanir ykkur til handa. <a name=\"38\"><span class=\"versanumer_2007\">38<\/span><\/a> Allt sem v\u00e9r s\u00f6mdum um \u00e1\u00f0ur skal vera \u00ed gildi og virkin sem \u00fei\u00f0 reistu\u00f0 skulu ykkar eign. <a name=\"39\"><span class=\"versanumer_2007\">39<\/span><\/a> Enn fremur veitum v\u00e9r ykkur uppgj\u00f6f allra yfirsj\u00f3na og saka til \u00feessa dags. \u00dei\u00f0 \u00feurfi\u00f0 ekki h\u00e9r eftir a\u00f0 inna af hendi grei\u00f0slu \u00e1 neinu sem krafist hefur veri\u00f0 \u00ed Jer\u00fasalem og s\u00f6mulei\u00f0is skal \u00fea\u00f0 sem \u00fei\u00f0 skuldi\u00f0 af k\u00f3r\u00f3nuskattinum fellt ni\u00f0ur. <a name=\"40\"><span class=\"versanumer_2007\">40<\/span><\/a> Ef einhverjir ykkar eru til \u00feess h\u00e6fir a\u00f0 skr\u00e1 sig \u00ed l\u00edfv\u00f6r\u00f0 vorn \u00fe\u00e1 skulu \u00feeir skr\u00e1settir og megi fri\u00f0ur r\u00edkja millum vor.\u201c<br \/> <a name=\"41\"><span class=\"versanumer_2007\">41<\/span><\/a> \u00c1ri\u00f0 eitt hundra\u00f0 og sj\u00f6t\u00edu<span class=\"nedan_mal\" title=\" \u00de.e. 142 f.Kr.\">[<\/span> var oki hei\u00f0ingja l\u00e9tt af \u00cdsrael. <a name=\"42\"><span class=\"versanumer_2007\">42<\/span><\/a> T\u00f3ku \u00cdsraelsmenn \u00fe\u00e1 a\u00f0 rita \u00ed br\u00e9f og samninga: \u201e\u00c1 fyrsta \u00e1ri S\u00edmonar, hins mikla \u00e6\u00f0sta prests, hersh\u00f6f\u00f0ingja og foringja \u00cdsraels.\u201c <\/p>\n<h3 class=\"millifyrirsogn_2007\">S\u00edmon tekur Geser og virki\u00f0 \u00ed Jer\u00fasalem<\/h3>\n<p><a name=\"43\"><span class=\"versanumer_2007\">43<\/span><\/a> Um \u00feessar mundir settist S\u00edmon um Geser og umkringdi her hans borgina. Hann l\u00e9t sm\u00ed\u00f0a \u00e1hlaupsturn, sem eki\u00f0 var a\u00f0 borginni, r\u00e1\u00f0ast a\u00f0 einum virkisturnanna og var hann tekinn. <a name=\"44\"><span class=\"versanumer_2007\">44<\/span><\/a> Stukku \u00feeir sem \u00ed \u00e1hlaupsturninum voru inn \u00ed borgina og var\u00f0 \u00fear miki\u00f0 \u00f6ng\u00feveiti. <a name=\"45\"><span class=\"versanumer_2007\">45<\/span><\/a> Borgarb\u00faar, konur \u00feeirra og b\u00f6rn klifu upp \u00e1 borgarm\u00farana, rifu kl\u00e6\u00f0i s\u00edn og hr\u00f3pu\u00f0u h\u00e1st\u00f6fum til S\u00edmonar b\u00e6nir um gri\u00f0. <a name=\"46\"><span class=\"versanumer_2007\">46<\/span><\/a> \u201eBreyt \u00fe\u00fa ekki vi\u00f0 okkur eins og vi\u00f0 eigum skili\u00f0 fyrir illskuna,\u201c hr\u00f3pu\u00f0u \u00feeir, \u201eheldur eins og miskunnsemi \u00fe\u00edn b\u00fd\u00f0ur!\u201c <a name=\"47\"><span class=\"versanumer_2007\">47<\/span><\/a> S\u00edmon var\u00f0 vi\u00f0 \u00f3skum \u00feeirra og h\u00e6tti a\u00f0 herja \u00e1 borgina. En hann rak \u00edb\u00faana \u00far b\u00e6num og hreinsa\u00f0i h\u00fas \u00feau sem skur\u00f0go\u00f0amyndir fundust \u00ed. H\u00e9lt hann s\u00ed\u00f0an inn \u00ed borgina me\u00f0 s\u00e1lmas\u00f6ng og lofgj\u00f6r\u00f0. <a name=\"48\"><span class=\"versanumer_2007\">48<\/span><\/a> Allt sem \u00f3hreint var hrakti hann \u00far borginni og bygg\u00f0i hana m\u00f6nnum sem tr\u00fair voru l\u00f6gm\u00e1linu. Hann v\u00edggirti Geser og bygg\u00f0i s\u00e9r \u00fear b\u00fasta\u00f0.<br \/> <a name=\"49\"><span class=\"versanumer_2007\">49<\/span><\/a> Setuli\u00f0i virkisins \u00ed Jer\u00fasalem var me\u00f0 \u00f6llu varna\u00f0 \u00feess a\u00f0 komast \u00fat \u00e1 land til a\u00f0 kaupa og selja. Svarf sultur a\u00f0 og l\u00e9tust nokkrir af setuli\u00f0inu \u00far hungri. <a name=\"50\"><span class=\"versanumer_2007\">50<\/span><\/a> Li\u00f0i\u00f0 \u00e1kalla\u00f0i S\u00edmon um gri\u00f0 og var\u00f0 hann vi\u00f0 \u00fev\u00ed, rak li\u00f0i\u00f0 \u00far virkinu og hreinsa\u00f0i \u00fea\u00f0 af saurgun. <a name=\"51\"><span class=\"versanumer_2007\">51<\/span><\/a> S\u00edmon h\u00e9lt inn \u00ed virki\u00f0 tuttugasta og \u00feri\u00f0ja daginn \u00ed \u00f6\u00f0rum m\u00e1nu\u00f0i \u00e1ri\u00f0 eitt hundra\u00f0 sj\u00f6t\u00edu og eitt vi\u00f0 fagnandi \u00feakkargj\u00f6r\u00f0. Menn b\u00e1ru p\u00e1lmagreinar og leiki\u00f0 var \u00e1 h\u00f6rpur, bumbur og g\u00edgjur undir s\u00e1lmas\u00f6ng og lofs\u00f6ngvum, enda var mikill \u00f3vinur hrakinn fr\u00e1 \u00cdsrael. <a name=\"52\"><span class=\"versanumer_2007\">52<\/span><\/a> S\u00edmon skipa\u00f0i svo fyrir a\u00f0 \u00feessa dags skyldi \u00e1rlega minnst me\u00f0 f\u00f6gnu\u00f0i. Hann styrkti v\u00edggir\u00f0ingarnar \u00e1 musterisfjallinu vi\u00f0 virki\u00f0 og settist \u00fear a\u00f0 me\u00f0 fj\u00f6lskyldu sinni. <a name=\"53\"><span class=\"versanumer_2007\">53<\/span><\/a> \u00dear sem hann s\u00e1 a\u00f0 J\u00f3hannes sonur hans haf\u00f0i n\u00e1\u00f0 fullum \u00feroska ger\u00f0i S\u00edmon hann foringja alls hersins. Bj\u00f3 J\u00f3hannes \u00ed Geser.<\/p>\n","protected":false},"excerpt":{"rendered":"<p>S\u00edmon gerist lei\u00f0togi Gy\u00f0inga 1 S\u00edmon fr\u00e9tti a\u00f0 Tr\u00fdfon haf\u00f0i safna\u00f0 miklu li\u00f0i til farar gegn J\u00fadeu til a\u00f0 leggja landi\u00f0 \u00ed au\u00f0n. 2 \u00dear sem hann s\u00e1 einnig a\u00f0 \u00fej\u00f3\u00f0in var hr\u00e6dd og \u00f3ttaslegin f\u00f3r hann upp til Jer\u00fasalem og stefndi l\u00fd\u00f0num saman. 3 Hann m\u00e6lti hughreystingaror\u00f0 og sag\u00f0i: \u201e\u00dei\u00f0 viti\u00f0 sj\u00e1lfir um allt sem \u00e9g, br\u00e6\u00f0ur m\u00ednir og \u00f6ll m\u00edn f\u00f6\u00f0ur\u00e6tt hefur gert \u00ed \u00fe\u00e1gu l\u00f6gm\u00e1lsins og helgid\u00f3msins. \u00dei\u00f0 viti\u00f0 um str\u00ed\u00f0in og \u00ferengingarnar sem vi\u00f0 h\u00f6fum \u00feola\u00f0. 4 S\u00f6kum \u00feessa l\u00e9tu allir br\u00e6\u00f0ur m\u00ednir l\u00edfi\u00f0 fyrir \u00cdsrael og er \u00e9g s\u00e1 eini sem eftir er. 5 En <a href=\"https:\/\/biblian.is\/biblian\/fyrsta-makkabeabok-13-kafli\/\"> [&#8230;]<\/a><\/p>\n","protected":false},"author":1,"featured_media":0,"parent":0,"menu_order":0,"comment_status":"open","ping_status":"open","template":"bibliukaflar.php","meta":{"footnotes":""},"class_list":["post-2936","page","type-page","status-publish","hentry"],"_links":{"self":[{"href":"https:\/\/biblian.is\/biblian\/wp-json\/wp\/v2\/pages\/2936","targetHints":{"allow":["GET"]}}],"collection":[{"href":"https:\/\/biblian.is\/biblian\/wp-json\/wp\/v2\/pages"}],"about":[{"href":"https:\/\/biblian.is\/biblian\/wp-json\/wp\/v2\/types\/page"}],"author":[{"embeddable":true,"href":"https:\/\/biblian.is\/biblian\/wp-json\/wp\/v2\/users\/1"}],"replies":[{"embeddable":true,"href":"https:\/\/biblian.is\/biblian\/wp-json\/wp\/v2\/comments?post=2936"}],"version-history":[{"count":0,"href":"https:\/\/biblian.is\/biblian\/wp-json\/wp\/v2\/pages\/2936\/revisions"}],"wp:attachment":[{"href":"https:\/\/biblian.is\/biblian\/wp-json\/wp\/v2\/media?parent=2936"}],"curies":[{"name":"wp","href":"https:\/\/api.w.org\/{rel}","templated":true}]}}