{"id":2934,"date":"2017-12-30T21:05:14","date_gmt":"2017-12-30T21:05:14","guid":{"rendered":"http:\/\/biblian.is\/biblian\/fyrsta-makkabeab%c2%97k-11-kafli\/"},"modified":"2018-01-16T02:33:33","modified_gmt":"2018-01-16T02:33:33","slug":"fyrsta-makkabeabok-11-kafli","status":"publish","type":"page","link":"https:\/\/biblian.is\/biblian\/fyrsta-makkabeabok-11-kafli\/","title":{"rendered":"Fyrsta Makkabeab\u00f3k 11. kafli"},"content":{"rendered":"<h3 class=\"millifyrirsogn_2007\"> Konungur Egypta sv\u00edkur Alexander<\/h3>\n<p><a name=\"1\"><span class=\"versanumer_2007\">1<\/span><\/a> Konungur Egyptalands safna\u00f0i a\u00f0 s\u00e9r miklum flota og sl\u00edkum aragr\u00faa herli\u00f0s a\u00f0 \u00fea\u00f0 var sem sandur \u00e1 sj\u00e1varstr\u00f6nd. \u00c6tla\u00f0i hann a\u00f0 n\u00e1 r\u00edki Alexanders undir sig me\u00f0 br\u00f6g\u00f0um og auka \u00fev\u00ed vi\u00f0 r\u00edki sitt. <a name=\"2\"><span class=\"versanumer_2007\">2<\/span><\/a> H\u00e9lt hann til S\u00fdrlands me\u00f0 fri\u00f0m\u00e6lum. \u00cdb\u00faar borganna luku \u00feeim upp fyrir honum og t\u00f3ku honum vel enda haf\u00f0i Alexander konungur m\u00e6lt svo fyrir \u00fear sem h\u00e9r var tengdafa\u00f0ir hans \u00e1 fer\u00f0. <a name=\"3\"><span class=\"versanumer_2007\">3<\/span><\/a> En Pt\u00f3lemeus skildi setuli\u00f0 eftir \u00ed hverri borg sem hann kom vi\u00f0 \u00ed.<br \/> <a name=\"4\"><span class=\"versanumer_2007\">4<\/span><\/a> \u00deegar hann haf\u00f0i n\u00e1\u00f0 til Asd\u00f3d voru honum s\u00fdndar brunar\u00fastir Dag\u00f3nhofsins og hvernig herinn haf\u00f0i eytt Asd\u00f3d og b\u00e6junum umhverfis. Honum voru s\u00fdnd l\u00edkin sem l\u00e1gu \u00e1 dreif. Einnig var l\u00edkamsleifum \u00feeirra sem brenndir voru inni \u00ed str\u00ed\u00f0inu stafla\u00f0 upp vi\u00f0 veginn sem konungur f\u00f3r um. <a name=\"5\"><span class=\"versanumer_2007\">5<\/span><\/a> Til a\u00f0 sverta J\u00f3natan var konungi sk\u00fdrt fr\u00e1 \u00fev\u00ed sem hann haf\u00f0i gert en konungur \u00feag\u00f0i vi\u00f0.<br \/> <a name=\"6\"><span class=\"versanumer_2007\">6<\/span><\/a> J\u00f3natan f\u00f3r me\u00f0 vi\u00f0h\u00f6fn til Joppe til fundar vi\u00f0 konung. \u00deeir skiptust \u00e1 kve\u00f0jum og t\u00f3ku s\u00ed\u00f0an \u00e1 sig n\u00e1\u00f0ir. <a name=\"7\"><span class=\"versanumer_2007\">7<\/span><\/a> J\u00f3natan fylgdi konungi s\u00ed\u00f0an allt a\u00f0 flj\u00f3ti \u00fev\u00ed sem kallast Elevterus en hvarf s\u00ed\u00f0an aftur til Jer\u00fasalem.<br \/> <a name=\"8\"><span class=\"versanumer_2007\">8<\/span><\/a> Pt\u00f3lemeus konungur n\u00e1\u00f0i yfirr\u00e1\u00f0um \u00ed borgunum vi\u00f0 str\u00f6ndina allt a\u00f0 Selevk\u00edu vi\u00f0 hafi\u00f0 og brugga\u00f0i Alexander illt. <a name=\"9\"><span class=\"versanumer_2007\">9<\/span><\/a> Hann sendi fulltr\u00faa til Demetr\u00edusar konungs me\u00f0 \u00feessi bo\u00f0: \u201eKom \u00fe\u00fa. Vi\u00f0 skulum gera me\u00f0 okkur s\u00e1ttm\u00e1la. \u00c9g skal gefa \u00fe\u00e9r d\u00f3ttur m\u00edna sem Alexander \u00e1 og \u00fe\u00fa skalt ver\u00f0a konungur \u00ed r\u00edki f\u00f6\u00f0ur \u00fe\u00edns. <a name=\"10\"><span class=\"versanumer_2007\">10<\/span><\/a> Mig i\u00f0rar \u00feess a\u00f0 hafa gefi\u00f0 Alexander hana \u00fev\u00ed a\u00f0 hann hefur seti\u00f0 um l\u00edf mitt.\u201c<br \/> <a name=\"11\"><span class=\"versanumer_2007\">11<\/span><\/a> Me\u00f0 \u00feeim h\u00e6tti sverti hann Alexander vegna \u00feess a\u00f0 hann girntist r\u00edki hans. <a name=\"12\"><span class=\"versanumer_2007\">12<\/span><\/a> T\u00f3k hann d\u00f3ttur s\u00edna fr\u00e1 honum og gaf hana Demetr\u00edusi og var\u00f0 ekki a\u00f0eins fr\u00e1hverfur Alexander heldur var\u00f0 fjandskapur millum \u00feeirra \u00e1 allra vitor\u00f0i.<br \/> <a name=\"13\"><span class=\"versanumer_2007\">13<\/span><\/a> Pt\u00f3lemeus h\u00e9lt s\u00ed\u00f0an innrei\u00f0 s\u00edna \u00ed Ant\u00edokk\u00edu og t\u00f3k s\u00e9r k\u00f3r\u00f3nu As\u00edu. Bar hann n\u00fa tv\u00e6r k\u00f3r\u00f3nur, Egyptalands og As\u00edu.<\/p>\n<h3 class=\"millifyrirsogn_2007\">Alexander Balas felldur<\/h3>\n<p><a name=\"14\"><span class=\"versanumer_2007\">14<\/span><\/a> Alexander konungur var \u00ed Kil\u00edk\u00edu um \u00feessar mundir vegna \u00feess a\u00f0 \u00edb\u00faar \u00fear h\u00f6f\u00f0u risi\u00f0 gegn honum. <a name=\"15\"><span class=\"versanumer_2007\">15<\/span><\/a> \u00deegar honum b\u00e1rust fregnir af \u00feessum atbur\u00f0um f\u00f3r hann me\u00f0 her sinn gegn Pt\u00f3lemeusi. Hann h\u00e9lt me\u00f0 mikinn herstyrk m\u00f3ti Alexander og haf\u00f0i sigur. <a name=\"16\"><span class=\"versanumer_2007\">16<\/span><\/a> Fl\u00fd\u00f0i Alexander til Arab\u00edu og leita\u00f0i \u00fear h\u00e6lis en Pt\u00f3lemeus var sigri hr\u00f3sandi. <a name=\"17\"><span class=\"versanumer_2007\">17<\/span><\/a> En Arabinn Sabd\u00edel hj\u00f3 h\u00f6fu\u00f0i\u00f0 af Alexander og sendi \u00fea\u00f0 til Pt\u00f3lemeusar.<br \/> <a name=\"18\"><span class=\"versanumer_2007\">18<\/span><\/a> \u00derem d\u00f6gum s\u00ed\u00f0ar d\u00f3 Pt\u00f3lemeus sj\u00e1lfur. Dr\u00e1pu \u00fe\u00e1 \u00edb\u00faar v\u00edggirtu borganna setuli\u00f0in \u00fear. <a name=\"19\"><span class=\"versanumer_2007\">19<\/span><\/a> Var\u00f0 Demetr\u00edus \u00fe\u00e1 konungur \u00e1ri\u00f0 eitt hundra\u00f0 sext\u00edu og sj\u00f6.<span class=\"nedan_mal\" title=\" \u00de.e. 145 f.Kr.\">[<\/span> <\/p>\n<h3 class=\"millifyrirsogn_2007\">J\u00f3natan vinnur hylli Demetr\u00edusar II<\/h3>\n<p><a name=\"20\"><span class=\"versanumer_2007\">20<\/span><\/a> Um \u00feetta leyti safna\u00f0i J\u00f3natan Gy\u00f0ingum til a\u00f0 r\u00e1\u00f0ast \u00e1 virki\u00f0 \u00ed Jer\u00fasalem og n\u00e1 \u00fev\u00ed \u00e1 sitt vald. Reistu \u00feeir margar ums\u00e1tursv\u00e9lar vi\u00f0 \u00fea\u00f0. <a name=\"21\"><span class=\"versanumer_2007\">21<\/span><\/a> En nokkrir gu\u00f0lausir menn, sem h\u00f6tu\u00f0u \u00fej\u00f3\u00f0 s\u00edna, f\u00f3ru til konungs og s\u00f6g\u00f0u honum a\u00f0 J\u00f3natan s\u00e6ti um virki\u00f0. <a name=\"22\"><span class=\"versanumer_2007\">22<\/span><\/a> Var\u00f0 Demetr\u00edus rei\u00f0ur vi\u00f0 og jafnskj\u00f3tt og honum b\u00e1rust \u00feessi t\u00ed\u00f0indi bj\u00f3 hann sig til farar og h\u00e9lt til Pt\u00f3lemais. Skrifa\u00f0i hann J\u00f3natan, bau\u00f0 honum a\u00f0 l\u00e9tta ums\u00e1trinu og koma sem skj\u00f3tast til Pt\u00f3lemais til fundar vi\u00f0 sig og vi\u00f0r\u00e6\u00f0na. <a name=\"23\"><span class=\"versanumer_2007\">23<\/span><\/a> \u00deegar J\u00f3natan heyr\u00f0i \u00feetta skipa\u00f0i hann a\u00f0 ums\u00e1trinu skyldi haldi\u00f0 \u00e1fram. Hann kaus s\u00e9r fylgdarli\u00f0 \u00far h\u00f3pi \u00f6ldunga \u00cdsraels og prestanna og gaf sig h\u00e6ttunni \u00e1 vald. <a name=\"24\"><span class=\"versanumer_2007\">24<\/span><\/a> T\u00f3k hann me\u00f0 s\u00e9r silfur, gull og kl\u00e6\u00f0i og fj\u00f6lda annarra gjafa, kom til konungs \u00ed Pt\u00f3lemais og \u00e1vann s\u00e9r velvild hans. <a name=\"25\"><span class=\"versanumer_2007\">25<\/span><\/a> En nokkrir gu\u00f0lausir landar hans n\u00edddu hann vi\u00f0 konung. <a name=\"26\"><span class=\"versanumer_2007\">26<\/span><\/a> \u00de\u00f3 kom konungur fram vi\u00f0 J\u00f3natan eins og fyrirrennarar hans h\u00f6f\u00f0u gert og au\u00f0s\u00fdndi honum vir\u00f0ingu \u00ed augs\u00fdn allra vina sinna. <a name=\"27\"><span class=\"versanumer_2007\">27<\/span><\/a> Hann sta\u00f0festi \u00e6\u00f0staprestd\u00f3m J\u00f3natans og \u00f6ll hans fyrri metor\u00f0 \u00f6nnur og \u00e1kva\u00f0 a\u00f0 hann skyldi fylla h\u00f3p fremstu vina sinna. <br \/> <a name=\"28\"><span class=\"versanumer_2007\">28<\/span><\/a> J\u00f3natan ba\u00f0 konung um a\u00f0 l\u00fdsa J\u00fadeu, h\u00e9ru\u00f0in \u00ferj\u00fa og Samar\u00edu skattfrj\u00e1ls. H\u00e9t hann konungi \u00ferj\u00fa hundru\u00f0 talentum \u00ed sta\u00f0inn. <a name=\"29\"><span class=\"versanumer_2007\">29<\/span><\/a> Konungur f\u00e9llst \u00e1 \u00feetta. Gaf hann J\u00f3natan skriflega sta\u00f0festingu \u00e1 \u00fev\u00ed sem er \u00e1 \u00feessa lei\u00f0:<br \/> <a name=\"30\"><span class=\"versanumer_2007\">30<\/span><\/a> \u201eDemetr\u00edus konungur sendir br\u00f3\u00f0ur s\u00ednum J\u00f3natan og Gy\u00f0inga\u00fej\u00f3\u00f0inni kve\u00f0ju. <a name=\"31\"><span class=\"versanumer_2007\">31<\/span><\/a> Afrit af br\u00e9fi \u00fev\u00ed sem v\u00e9r ritu\u00f0um Lastenesi fr\u00e6nda vorum um m\u00e1l ykkar sendum v\u00e9r ykkur h\u00e9r me\u00f0 til kynningar: <a name=\"32\"><span class=\"versanumer_2007\">32<\/span><\/a> Demetr\u00edus konungur sendir Lastenesi f\u00f6\u00f0ur s\u00ednum kve\u00f0ju. <a name=\"33\"><span class=\"versanumer_2007\">33<\/span><\/a> V\u00e9r h\u00f6fum afr\u00e1\u00f0i\u00f0 a\u00f0 launa \u00fej\u00f3\u00f0 Gy\u00f0inga fyrir velvild \u00ed vorn gar\u00f0 en h\u00fan hefur reynst vinur vor og sta\u00f0i\u00f0 vi\u00f0 allar skuldbindingar vi\u00f0 oss. <a name=\"34\"><span class=\"versanumer_2007\">34<\/span><\/a> V\u00e9r sta\u00f0festum h\u00e9r me\u00f0 yfirr\u00e1\u00f0 Gy\u00f0inga \u00e1 landsv\u00e6\u00f0i J\u00fadeu og h\u00e9ru\u00f0unum \u00feremur, Aferema, Lyddu og Ramata\u00edm, sem hafa veri\u00f0 l\u00f6g\u00f0 undir J\u00fadeu fr\u00e1 Samar\u00edu \u00e1samt \u00f6llu sem \u00feeim fylgir. \u00d6llum sem f\u00e6ra f\u00f3rnir \u00ed Jer\u00fasalem skal gefinn eftir skattur af korni og \u00e1v\u00f6xtum sem konungur ger\u00f0i \u00e1\u00f0ur kr\u00f6fu til \u00e1rlega. <a name=\"35\"><span class=\"versanumer_2007\">35<\/span><\/a> Sama skal gilda um allar tekjur a\u00f0rar sem v\u00e9r eigum framvegis r\u00e9tt \u00e1 af t\u00edundum og tollum sem oss ber, einnig salttoll og k\u00f3r\u00f3nuskatt. Allt \u00feetta skal \u00feeim eftirgefi\u00f0. <a name=\"36\"><span class=\"versanumer_2007\">36<\/span><\/a> Ekkert \u00feessara \u00e1kv\u00e6\u00f0a m\u00e1 afturkalla og skulu \u00feau gilda fr\u00e1 og me\u00f0 deginum \u00ed dag og um alla framt\u00ed\u00f0. <a name=\"37\"><span class=\"versanumer_2007\">37<\/span><\/a> N\u00fa ber ykkur a\u00f0 sj\u00e1 um a\u00f0 taka afrit af br\u00e9fi \u00feessu og f\u00e1 J\u00f3natan \u00fea\u00f0. Skal \u00fev\u00ed komi\u00f0 fyrir \u00e1 \u00e1berandi sta\u00f0 \u00e1 fjallinu helga.\u201c<\/p>\n<h3 class=\"millifyrirsogn_2007\">J\u00f3natan hj\u00e1lpar Demetr\u00edusi II<\/h3>\n<p><a name=\"38\"><span class=\"versanumer_2007\">38<\/span><\/a> Demetr\u00edus konungur s\u00e1 a\u00f0 kyrr\u00f0 var komin \u00e1 \u00ed landi hans og engin andspyrna var gegn honum. Hann l\u00e9t \u00fe\u00e1 allan herafla sinn fr\u00e1 s\u00e9r fara og h\u00e9lt hver til s\u00edns heima a\u00f0 fr\u00e1t\u00f6ldu \u00fatlenda herli\u00f0inu sem hann haf\u00f0i dregi\u00f0 a\u00f0 s\u00e9r fr\u00e1 eyjum hei\u00f0ingjanna. \u00dea\u00f0 setti alla hermennina sem veri\u00f0 h\u00f6f\u00f0u \u00ed \u00fej\u00f3nustu fyrirrennara hans upp \u00e1 m\u00f3ti honum.<br \/> <a name=\"39\"><span class=\"versanumer_2007\">39<\/span><\/a> Einn \u00feeirra sem veri\u00f0 h\u00f6f\u00f0u \u00ed \u00fej\u00f3nustu Alexanders var Tr\u00fdfon. Hann s\u00e1 a\u00f0 allar hersveitirnar ger\u00f0u kurr gegn Demetr\u00edusi. F\u00f3r hann \u00fe\u00e1 til Arabans Jaml\u00edku sem f\u00f3stra\u00f0i Ant\u00edokkus, barnungan son Alexanders. <a name=\"40\"><span class=\"versanumer_2007\">40<\/span><\/a> Hann lag\u00f0i hart a\u00f0 honum a\u00f0 f\u00e1 drenginn afhentan til a\u00f0 hann yr\u00f0i konungur \u00ed sta\u00f0 f\u00f6\u00f0ur s\u00edns. Greindi hann Jaml\u00edku fr\u00e1 \u00f6llum r\u00e1\u00f0st\u00f6funum Demetr\u00edusar og fjandskap hersveitanna \u00ed hans gar\u00f0. Dvaldist Tr\u00fdfon \u00fear langa hr\u00ed\u00f0.<br \/> <a name=\"41\"><span class=\"versanumer_2007\">41<\/span><\/a> J\u00f3natan sendi bo\u00f0 til Demetr\u00edusar konungs og ba\u00f0 hann a\u00f0 reka setuli\u00f0i\u00f0 \u00far virkinu \u00ed Jer\u00fasalem og \u00f6\u00f0rum virkjum \u00fev\u00ed a\u00f0 \u00feau \u00f3lu st\u00f6\u00f0ugt \u00e1 \u00f3fri\u00f0i vi\u00f0 \u00cdsraelsmenn. <a name=\"42\"><span class=\"versanumer_2007\">42<\/span><\/a> Demetr\u00edus sendi J\u00f3natan svohlj\u00f3\u00f0andi svar: \u201eEkki skal \u00e9g gera \u00feetta eitt fyrir \u00feig og \u00fej\u00f3\u00f0 \u00fe\u00edna heldur skal \u00e9g einnig au\u00f0s\u00fdna \u00fe\u00e9r og \u00fej\u00f3\u00f0 \u00feinni hina mestu s\u00e6md f\u00e1i \u00e9g t\u00e6kif\u00e6ri til. <a name=\"43\"><span class=\"versanumer_2007\">43<\/span><\/a> En vel ger\u00f0ir \u00fe\u00fa ef \u00fe\u00fa sendir m\u00e9r hermenn til li\u00f0veislu \u00fev\u00ed a\u00f0 allar hersveitir m\u00ednar hafa brug\u00f0ist m\u00e9r.\u201c<br \/> <a name=\"44\"><span class=\"versanumer_2007\">44<\/span><\/a> J\u00f3natan sendi \u00ferj\u00fa \u00fe\u00fasund vaska hermenn til konungs \u00ed Ant\u00edokk\u00edu. Var\u00f0 Demetr\u00edus feginn komu \u00feeirra. <a name=\"45\"><span class=\"versanumer_2007\">45<\/span><\/a> En n\u00e6r eitt hundra\u00f0 og tuttugu \u00fe\u00fasundir borgarb\u00faa s\u00f6fnu\u00f0ust \u00ed mi\u00f0borginni og \u00e6tlu\u00f0u a\u00f0 taka konung af l\u00edfi. <a name=\"46\"><span class=\"versanumer_2007\">46<\/span><\/a> Konungur fl\u00fd\u00f0i inn \u00ed h\u00f6llina en borgarb\u00faar n\u00e1\u00f0u a\u00f0alg\u00f6tum borgarinnar \u00e1 sitt vald og h\u00f3fu \u00e1hlaup. <a name=\"47\"><span class=\"versanumer_2007\">47<\/span><\/a> Konungur kalla\u00f0i \u00e1 Gy\u00f0ingana til hj\u00e1lpar og \u00feyrptust \u00feeir allir til hans. Dreif\u00f0u \u00feeir s\u00e9r s\u00ed\u00f0an um borgina og felldu \u00feann daginn um eitt hundra\u00f0 \u00fe\u00fasund manns. <a name=\"48\"><span class=\"versanumer_2007\">48<\/span><\/a> \u00deeir kveiktu einnig \u00ed borginni, t\u00f3ku miki\u00f0 herfang \u00fe\u00e1 um daginn og bj\u00f6rgu\u00f0u konungi. <a name=\"49\"><span class=\"versanumer_2007\">49<\/span><\/a> \u00deegar \u00edb\u00faarnir s\u00e1u a\u00f0 Gy\u00f0ingar h\u00f6f\u00f0u n\u00e1\u00f0 yfirt\u00f6kum og g\u00e1tu fari\u00f0 s\u00ednu fram \u00ed borginni f\u00e9llst \u00feeim hugur, \u00feeir hr\u00f3pu\u00f0u til konungs og b\u00e1\u00f0u: <a name=\"50\"><span class=\"versanumer_2007\">50<\/span><\/a> \u201eS\u00e6stu vi\u00f0 okkur og l\u00e1ttu Gy\u00f0ingana h\u00e6tta a\u00f0 herja \u00e1 okkur og borgina.\u201c <a name=\"51\"><span class=\"versanumer_2007\">51<\/span><\/a> \u00deeir v\u00f6rpu\u00f0u fr\u00e1 s\u00e9r vopnum s\u00ednum og fri\u00f0ur var saminn.<br \/>Gy\u00f0ingar uxu st\u00f3rum \u00ed \u00e1liti hj\u00e1 konungi. J\u00f3kst hr\u00f3\u00f0ur \u00feeirra mj\u00f6g og or\u00f0st\u00edr \u00feeirra barst um r\u00edki konungs. Sneru \u00feeir aftur til Jer\u00fasalem og h\u00f6f\u00f0u me\u00f0 s\u00e9r miki\u00f0 herfang. <a name=\"52\"><span class=\"versanumer_2007\">52<\/span><\/a> Demetr\u00edus settist \u00ed h\u00e1s\u00e6ti r\u00edkis s\u00edns og var allt me\u00f0 kyrrum kj\u00f6rum \u00ed landi hans. <a name=\"53\"><span class=\"versanumer_2007\">53<\/span><\/a> En hann sveik \u00f6ll s\u00edn lofor\u00f0 og ger\u00f0ist fr\u00e1hverfur J\u00f3natan. Endurgalt hann honum \u00ed engu \u00fe\u00e1 velvild sem J\u00f3natan haf\u00f0i au\u00f0s\u00fdnt honum heldur \u00ferengdi mj\u00f6g a\u00f0 honum.<\/p>\n<h3 class=\"millifyrirsogn_2007\">J\u00f3natan sty\u00f0ur Ant\u00edokkus VI<\/h3>\n<p><a name=\"54\"><span class=\"versanumer_2007\">54<\/span><\/a> Nokkru s\u00ed\u00f0ar kom Tr\u00fdfon aftur me\u00f0 sn\u00e1\u00f0ann Ant\u00edokkus. T\u00f3k Ant\u00edokkus vi\u00f0 konungd\u00f3mi og var kr\u00fdndur. <a name=\"55\"><span class=\"versanumer_2007\">55<\/span><\/a> S\u00f6fnu\u00f0ust um hann allar hersveitirnar sem Demetr\u00edus haf\u00f0i hraki\u00f0 fr\u00e1 s\u00e9r. \u00de\u00e6r r\u00e9\u00f0ust \u00e1 Demetr\u00edus sem bei\u00f0 \u00f3sigur og fl\u00fd\u00f0i. <a name=\"56\"><span class=\"versanumer_2007\">56<\/span><\/a> Tr\u00fdfon t\u00f3k f\u00edlana og n\u00e1\u00f0i Ant\u00edokk\u00edu \u00e1 sitt vald.<br \/> <a name=\"57\"><span class=\"versanumer_2007\">57<\/span><\/a> Ant\u00edokkus ungi skrifa\u00f0i J\u00f3natan sem h\u00e9r segir: \u201e\u00c9g sta\u00f0festi \u00e6\u00f0staprestd\u00f3m \u00feinn og yfirr\u00e1\u00f0 yfir h\u00e9ru\u00f0unum fj\u00f3rum og a\u00f0 \u00fe\u00fa s\u00e9rt einn af vinum konungs.\u201c <a name=\"58\"><span class=\"versanumer_2007\">58<\/span><\/a> Hann sendi J\u00f3natan bor\u00f0b\u00fana\u00f0 \u00far gulli og heimila\u00f0i honum a\u00f0 drekka \u00far gullbikar, kl\u00e6\u00f0ast purpura og bera gullsylgju. <a name=\"59\"><span class=\"versanumer_2007\">59<\/span><\/a> S\u00edmon, br\u00f3\u00f0ur J\u00f3natans, ger\u00f0i Ant\u00edokkus a\u00f0 hersh\u00f6f\u00f0ingja \u00e1 sv\u00e6\u00f0inu fr\u00e1 T\u00fdrusarstiga a\u00f0 landam\u00e6rum Egyptalands.<br \/> <a name=\"60\"><span class=\"versanumer_2007\">60<\/span><\/a> J\u00f3natan t\u00f3k sig upp og f\u00f3r um landi\u00f0 handan flj\u00f3ts og borgirnar \u00fear og allar hersveitir S\u00fdrlands s\u00f6fnu\u00f0ust a\u00f0 honum til a\u00f0 veita honum li\u00f0. \u00deegar hann kom til Askalon t\u00f3ku \u00edb\u00faarnir \u00e1 m\u00f3ti honum me\u00f0 vi\u00f0h\u00f6fn. <a name=\"61\"><span class=\"versanumer_2007\">61<\/span><\/a> \u00dea\u00f0an f\u00f3r J\u00f3natan til Gasa en borgarb\u00faar meinu\u00f0u honum a\u00f0gang a\u00f0 borginni. Settist hann um Gasa, brenndi borgirnar umhverfis hana og r\u00e6ndi \u00fe\u00e6r. <a name=\"62\"><span class=\"versanumer_2007\">62<\/span><\/a> Leitu\u00f0u borgarb\u00faar \u00fe\u00e1 eftir fri\u00f0i vi\u00f0 J\u00f3natan og var\u00f0 hann vi\u00f0 \u00f3skum \u00feeirra. En hann t\u00f3k syni fremstu manna borgarinnar \u00ed g\u00edslingu og sendi \u00fe\u00e1 til Jer\u00fasalem. Hann f\u00f3r s\u00ed\u00f0an um landi\u00f0 alla lei\u00f0 til Damaskus. <a name=\"63\"><span class=\"versanumer_2007\">63<\/span><\/a> \u00de\u00e1 barst honum til eyrna a\u00f0 hersh\u00f6f\u00f0ingjar Demetr\u00edusar v\u00e6ru komnir til Kades \u00ed Gal\u00edleu me\u00f0 mikinn her til a\u00f0 stemma stigu vi\u00f0 fyrir\u00e6tlunum hans. <a name=\"64\"><span class=\"versanumer_2007\">64<\/span><\/a> F\u00f3r J\u00f3natan \u00e1 m\u00f3ti \u00feeim en skildi S\u00edmon br\u00f3\u00f0ur sinn eftir \u00ed J\u00fadeu. <a name=\"65\"><span class=\"versanumer_2007\">65<\/span><\/a> S\u00edmon setti upp herb\u00fa\u00f0ir gegnt Bet S\u00far, umkringdi borgina og herja\u00f0i \u00e1 hana langa hr\u00ed\u00f0. <a name=\"66\"><span class=\"versanumer_2007\">66<\/span><\/a> Borgarb\u00faar leitu\u00f0u eftir fri\u00f0i vi\u00f0 hann sem J\u00f3natan f\u00e9llst \u00e1 en hrakti \u00fe\u00e1 \u00far borginni, t\u00f3k sj\u00e1lfur v\u00f6ldin og kom \u00fear fyrir setuli\u00f0i.<br \/> <a name=\"67\"><span class=\"versanumer_2007\">67<\/span><\/a> J\u00f3natan og her hans sl\u00f3 upp herb\u00fa\u00f0um vi\u00f0 Genesaretvatni\u00f0 og h\u00e9lt \u00e1rla morguns \u00fat \u00e1 As\u00f3rsl\u00e9ttuna. <a name=\"68\"><span class=\"versanumer_2007\">68<\/span><\/a> Kom \u00fe\u00e1 meginherstyrkur \u00fatlendinganna gegn honum \u00fat \u00e1 sl\u00e9ttuna og r\u00e9\u00f0st a\u00f0 honum en nokkrum hluta hersins h\u00f6f\u00f0u \u00fatlendingarnir komi\u00f0 fyrir \u00ed fj\u00f6llunum a\u00f0 baki li\u00f0i J\u00f3natans. <a name=\"69\"><span class=\"versanumer_2007\">69<\/span><\/a> \u00deegar \u00fea\u00f0 li\u00f0 kom fram \u00far leyni s\u00ednu og r\u00e9\u00f0st \u00e1 \u00fe\u00e1 <a name=\"70\"><span class=\"versanumer_2007\">70<\/span><\/a> fl\u00fd\u00f0u allir menn J\u00f3natans. Enginn \u00feeirra var\u00f0 um kyrrt nema herforingjarnir Mattat\u00edas Absalonsson og J\u00fadas Kalfeisson. <a name=\"71\"><span class=\"versanumer_2007\">71<\/span><\/a> \u00de\u00e1 reif J\u00f3natan kl\u00e6\u00f0i s\u00edn, j\u00f3s mold yfir h\u00f6fu\u00f0 s\u00e9r og ba\u00f0st fyrir. <a name=\"72\"><span class=\"versanumer_2007\">72<\/span><\/a> S\u00ed\u00f0an lag\u00f0i hann til orrustu vi\u00f0 \u00f3vinina og rak \u00fe\u00e1 \u00e1 fl\u00f3tta. <a name=\"73\"><span class=\"versanumer_2007\">73<\/span><\/a> \u00deegar fl\u00f3ttamennirnir \u00far li\u00f0i hans s\u00e1u \u00feetta komu \u00feeir aftur til hans og t\u00f3ku \u00fe\u00e1tt \u00ed eftirf\u00f6rinni a\u00f0 herb\u00fa\u00f0um \u00f3vinanna vi\u00f0 Kades. \u00dear reistu \u00feeir sj\u00e1lfir herb\u00fa\u00f0ir. <a name=\"74\"><span class=\"versanumer_2007\">74<\/span><\/a> Daginn \u00feann f\u00e9llu um \u00ferj\u00fa \u00fe\u00fasund manns af li\u00f0i \u00fatlendinganna. J\u00f3natan sneri s\u00ed\u00f0an aftur til Jer\u00fasalem.<\/p>\n","protected":false},"excerpt":{"rendered":"<p>Konungur Egypta sv\u00edkur Alexander 1 Konungur Egyptalands safna\u00f0i a\u00f0 s\u00e9r miklum flota og sl\u00edkum aragr\u00faa herli\u00f0s a\u00f0 \u00fea\u00f0 var sem sandur \u00e1 sj\u00e1varstr\u00f6nd. \u00c6tla\u00f0i hann a\u00f0 n\u00e1 r\u00edki Alexanders undir sig me\u00f0 br\u00f6g\u00f0um og auka \u00fev\u00ed vi\u00f0 r\u00edki sitt. 2 H\u00e9lt hann til S\u00fdrlands me\u00f0 fri\u00f0m\u00e6lum. \u00cdb\u00faar borganna luku \u00feeim upp fyrir honum og t\u00f3ku honum vel enda haf\u00f0i Alexander konungur m\u00e6lt svo fyrir \u00fear sem h\u00e9r var tengdafa\u00f0ir hans \u00e1 fer\u00f0. 3 En Pt\u00f3lemeus skildi setuli\u00f0 eftir \u00ed hverri borg sem hann kom vi\u00f0 \u00ed. 4 \u00deegar hann haf\u00f0i n\u00e1\u00f0 til Asd\u00f3d voru honum s\u00fdndar brunar\u00fastir Dag\u00f3nhofsins og hvernig <a href=\"https:\/\/biblian.is\/biblian\/fyrsta-makkabeabok-11-kafli\/\"> [&#8230;]<\/a><\/p>\n","protected":false},"author":1,"featured_media":0,"parent":0,"menu_order":0,"comment_status":"open","ping_status":"open","template":"bibliukaflar.php","meta":{"footnotes":""},"class_list":["post-2934","page","type-page","status-publish","hentry"],"_links":{"self":[{"href":"https:\/\/biblian.is\/biblian\/wp-json\/wp\/v2\/pages\/2934","targetHints":{"allow":["GET"]}}],"collection":[{"href":"https:\/\/biblian.is\/biblian\/wp-json\/wp\/v2\/pages"}],"about":[{"href":"https:\/\/biblian.is\/biblian\/wp-json\/wp\/v2\/types\/page"}],"author":[{"embeddable":true,"href":"https:\/\/biblian.is\/biblian\/wp-json\/wp\/v2\/users\/1"}],"replies":[{"embeddable":true,"href":"https:\/\/biblian.is\/biblian\/wp-json\/wp\/v2\/comments?post=2934"}],"version-history":[{"count":0,"href":"https:\/\/biblian.is\/biblian\/wp-json\/wp\/v2\/pages\/2934\/revisions"}],"wp:attachment":[{"href":"https:\/\/biblian.is\/biblian\/wp-json\/wp\/v2\/media?parent=2934"}],"curies":[{"name":"wp","href":"https:\/\/api.w.org\/{rel}","templated":true}]}}