{"id":2925,"date":"2017-12-30T21:05:14","date_gmt":"2017-12-30T21:05:14","guid":{"rendered":"http:\/\/biblian.is\/biblian\/fyrsta-makkabeab%c2%97k-2-kafli\/"},"modified":"2017-12-30T21:05:15","modified_gmt":"2017-12-30T21:05:15","slug":"fyrsta-makkabeabok-2-kafli","status":"publish","type":"page","link":"https:\/\/biblian.is\/biblian\/fyrsta-makkabeabok-2-kafli\/","title":{"rendered":"Fyrsta Makkabeab\u00f3k 2. kafli"},"content":{"rendered":"<h3 class=\"millifyrirsogn_2007\"> Tr\u00fafesti Mattat\u00edasar<\/h3>\n<p><a name=\"1\"><span class=\"versanumer_2007\">1<\/span><\/a> Um \u00feessar mundir flutti Mattat\u00edas J\u00f3hannesson S\u00edmeonssonar fr\u00e1 Jer\u00fasalem og settist a\u00f0 \u00ed M\u00f3dein. Hann var prestur af \u00e6tt J\u00f3jar\u00edbs. <a name=\"2\"><span class=\"versanumer_2007\">2<\/span><\/a> Hann \u00e1tti fimm syni, J\u00f3hannes a\u00f0 vi\u00f0urnefni Gaddi, <a name=\"3\"><span class=\"versanumer_2007\">3<\/span><\/a> S\u00edmon, sem kalla\u00f0ur var Tassi, <a name=\"4\"><span class=\"versanumer_2007\">4<\/span><\/a> J\u00fadas, sem nefndur var Makkabeus, <a name=\"5\"><span class=\"versanumer_2007\">5<\/span><\/a> Eleasar, sem kalla\u00f0ur var Avaran, og J\u00f3natan sem nefndist Affus. <a name=\"6\"><span class=\"versanumer_2007\">6<\/span><\/a> \u00deegar Mattat\u00edas s\u00e1 gu\u00f0lasti\u00f0, sem vi\u00f0gekkst \u00ed J\u00fadeu og Jer\u00fasalem, <a name=\"7\"><span class=\"versanumer_2007\">7<\/span><\/a> sag\u00f0i hann:<br \/> <span class=\"ljodatexti\"> Vei m\u00e9r! Hv\u00ed \u00feurfti \u00e9g a\u00f0 f\u00e6\u00f0ast,<br \/>hv\u00ed var\u00f0 \u00e9g a\u00f0 sj\u00e1 \u00fej\u00f3\u00f0 m\u00edna k\u00faga\u00f0a<br \/>og \u00f3farir hinnar helgu borgar?<br \/>F\u00f3lki\u00f0 sat hj\u00e1 er borgin var gefin \u00f3vinum \u00e1 vald<br \/>og helgid\u00f3murinn lenti \u00ed h\u00f6ndum \u00fatlendinga.<br \/> <\/span> <span class=\"ljodatexti\"> <a name=\"8\"><span class=\"versanumer_ljod\">8<\/span><\/a> Musteri Jer\u00fasalem er or\u00f0i\u00f0 sem \u00e6rulaus ma\u00f0ur,<br \/> <\/span> <span class=\"ljodatexti\"> <a name=\"9\"><span class=\"versanumer_ljod\">9<\/span><\/a> d\u00fdrleg \u00e1h\u00f6ld helgid\u00f3msins flutt brott sem herfang.<br \/>B\u00f6rn hennar voru deydd \u00e1 str\u00e6tunum,<br \/>ungmennin me\u00f0 sver\u00f0um \u00f3vina.<br \/> <\/span> <span class=\"ljodatexti\"> <a name=\"10\"><span class=\"versanumer_ljod\">10<\/span><\/a> Er nokkur s\u00fa \u00fej\u00f3\u00f0<br \/>sem ei f\u00e9kk hlutdeild \u00ed veldi borgarinnar<br \/>e\u00f0a hreppti ekki herfang \u00feegar borgin var r\u00e6nd?<br \/> <\/span> <span class=\"ljodatexti\"> <a name=\"11\"><span class=\"versanumer_ljod\">11<\/span><\/a> H\u00fan er r\u00fain \u00f6llu skarti s\u00ednu,<br \/>s\u00fa sem var frj\u00e1ls er or\u00f0in amb\u00e1tt.<br \/> <\/span> <span class=\"ljodatexti\"> <a name=\"12\"><span class=\"versanumer_ljod\">12<\/span><\/a> Sj\u00e1i\u00f0 musteri vort, fegur\u00f0 vora og vegsemd.<br \/>\u00dev\u00ed eyddu hei\u00f0ingjar og vanhelgu\u00f0u.<br \/> <\/span> <span class=\"ljodatexti\"> <a name=\"13\"><span class=\"versanumer_ljod\">13<\/span><\/a> Hv\u00ed skyldum v\u00e9r lifa lengur? <\/span> <br \/> <a name=\"14\"><span class=\"versanumer_2007\">14<\/span><\/a> Mattat\u00edas og synir hans rifu kl\u00e6\u00f0i s\u00edn, kl\u00e6ddust h\u00e6rusekkjum og voru harm\u00ferungnir.<br \/> <a name=\"15\"><span class=\"versanumer_2007\">15<\/span><\/a> \u00de\u00e1 komu sendimenn konungs til M\u00f3dein. \u00c1ttu \u00feeir a\u00f0 \u00fevinga menn til fr\u00e1hvarfs og kn\u00fdja \u00fe\u00e1 til a\u00f0 f\u00e6ra f\u00f3rnir. <a name=\"16\"><span class=\"versanumer_2007\">16<\/span><\/a> Margir \u00cdsraelsmenn komu til fundar vi\u00f0 \u00fe\u00e1. Mattat\u00edas og synir hans h\u00e9ldu h\u00f3pinn. <a name=\"17\"><span class=\"versanumer_2007\">17<\/span><\/a> Konungsmenn beindu or\u00f0um til Mattat\u00edasar og s\u00f6g\u00f0u: \u201e\u00de\u00fa ert virtur og mikils metinn lei\u00f0togi h\u00e9r \u00ed borg og n\u00fdtur stu\u00f0nings sona og br\u00e6\u00f0ra. <a name=\"18\"><span class=\"versanumer_2007\">18<\/span><\/a> St\u00edg \u00fe\u00fa fyrstur fram til a\u00f0 hl\u00fd\u00f0nast fyrirm\u00e6lum konungs svo sem allar \u00fej\u00f3\u00f0ir hafa gert, einnig J\u00fadeumenn og \u00feeir sem eftir ur\u00f0u \u00ed Jer\u00fasalem. \u00de\u00e1 munu\u00f0 \u00fei\u00f0 synir \u00fe\u00ednir ver\u00f0a vinir konungs og s\u00e6mdir gulli og silfri og m\u00f6rgum gj\u00f6fum.\u201c <a name=\"19\"><span class=\"versanumer_2007\">19<\/span><\/a> En Mattat\u00edas svara\u00f0i og br\u00fdndi raustina: \u201e\u00de\u00f3tt allar \u00fej\u00f3\u00f0ir \u00ed r\u00edki konungs hl\u00fd\u00f0i honum og sn\u00fai baki vi\u00f0 tr\u00faarbr\u00f6g\u00f0um fe\u00f0ra sinna og kj\u00f3si allar a\u00f0 fara a\u00f0 bo\u00f0um hans <a name=\"20\"><span class=\"versanumer_2007\">20<\/span><\/a> mun \u00e9g og synir m\u00ednir og br\u00e6\u00f0ur samt fylgja s\u00e1ttm\u00e1la fe\u00f0ra okkar. <a name=\"21\"><span class=\"versanumer_2007\">21<\/span><\/a> Gu\u00f0 for\u00f0i okkur fr\u00e1 a\u00f0 gerast fr\u00e1hverfir l\u00f6gm\u00e1linu og \u00e1kv\u00e6\u00f0um \u00feess. <a name=\"22\"><span class=\"versanumer_2007\">22<\/span><\/a> Vi\u00f0 munum ekki hl\u00fd\u00f0a bo\u00f0um konungs og ekki v\u00edkja til h\u00e6gri e\u00f0a vinstri fr\u00e1 gu\u00f0sd\u00fdrkun okkar.\u201c<br \/> <a name=\"23\"><span class=\"versanumer_2007\">23<\/span><\/a> Hann haf\u00f0i varla sleppt or\u00f0inu \u00feegar Gy\u00f0ingur nokkur gekk fram \u00ed augs\u00fdn allra til a\u00f0 f\u00e6ra f\u00f3rn \u00e1 altarinu \u00ed M\u00f3dein samkv\u00e6mt fyrirm\u00e6lum konungs. <a name=\"24\"><span class=\"versanumer_2007\">24<\/span><\/a> Er Mattat\u00edas s\u00e1 \u00fea\u00f0 fylltist hann vandl\u00e6tingu og t\u00f3k a\u00f0 skj\u00e1lfa innra me\u00f0 s\u00e9r. Brennandi af r\u00e9ttl\u00e1tri rei\u00f0i \u00feaut hann til og hj\u00f3 manninn til bana vi\u00f0 altari\u00f0. <a name=\"25\"><span class=\"versanumer_2007\">25<\/span><\/a> Einnig deyddi hann konungsmanninn, sem \u00e1tti a\u00f0 \u00fevinga a\u00f0ra til a\u00f0 f\u00f3rna, og reif altari\u00f0 ni\u00f0ur. <a name=\"26\"><span class=\"versanumer_2007\">26<\/span><\/a> \u00deannig var\u00f0i hann l\u00f6gm\u00e1li\u00f0 af vandl\u00e6tingu eins og P\u00ednehas haf\u00f0i breytt vi\u00f0 Simr\u00ed Sal\u00fason. <\/p>\n<h3 class=\"millifyrirsogn_2007\">Sk\u00e6ruherna\u00f0ur Mattat\u00edasar<\/h3>\n<p><a name=\"27\"><span class=\"versanumer_2007\">27<\/span><\/a> \u00de\u00e1 hr\u00f3pa\u00f0i Mattat\u00edas h\u00e1rri r\u00f6ddu sem barst um borgina: \u201eHver sem verja vill l\u00f6gm\u00e1li\u00f0 og halda s\u00e1ttm\u00e1lann \u00ed hei\u00f0ri fylgi m\u00e9r.\u201c <a name=\"28\"><span class=\"versanumer_2007\">28<\/span><\/a> S\u00ed\u00f0an fl\u00fd\u00f0i hann og synir hans til fjalla og skildu \u00feeir allar eigur s\u00ednar eftir \u00ed borginni.<br \/> <a name=\"29\"><span class=\"versanumer_2007\">29<\/span><\/a> Margir, sem \u00fer\u00e1\u00f0u r\u00e9ttl\u00e6ti og r\u00e9tt, h\u00e9ldu \u00fe\u00e1 \u00fat \u00ed au\u00f0nina og settust \u00fear a\u00f0 <a name=\"30\"><span class=\"versanumer_2007\">30<\/span><\/a> me\u00f0 konur s\u00ednar, b\u00f6rn og b\u00faf\u00e9 \u00fev\u00ed a\u00f0 b\u00f6li\u00f0 gekk svo n\u00e6rri \u00feeim. <a name=\"31\"><span class=\"versanumer_2007\">31<\/span><\/a> Konungsmenn og hersveitin \u00ed Jer\u00fasalem, borg Dav\u00ed\u00f0s, fr\u00e9ttu a\u00f0 menn, sem skeyttu ekki um bo\u00f0 konungs, v\u00e6ru farnir \u00fat \u00ed hellana \u00ed au\u00f0ninni. <a name=\"32\"><span class=\"versanumer_2007\">32<\/span><\/a> Fj\u00f6lmenni miki\u00f0 var sent eftir \u00feeim og bj\u00f3st til bardaga vi\u00f0 \u00fe\u00e1 strax og \u00fea\u00f0 haf\u00f0i n\u00e1\u00f0 \u00feeim og hug\u00f0ist leggja til atl\u00f6gu \u00e1 hv\u00edldardegi. <a name=\"33\"><span class=\"versanumer_2007\">33<\/span><\/a> \u00deeir s\u00f6g\u00f0u vi\u00f0 \u00cdsraelsmenn: \u201eEr n\u00fa ekki m\u00e1l a\u00f0 linni? Komi\u00f0 og geri\u00f0 svo sem konungur hefur bo\u00f0i\u00f0 og \u00fei\u00f0 munu\u00f0 halda l\u00edfi.\u201c<br \/> <a name=\"34\"><span class=\"versanumer_2007\">34<\/span><\/a> \u00deeir sv\u00f6ru\u00f0u: \u201eVi\u00f0 komum ekki \u00fat og munum ekki fara a\u00f0 bo\u00f0um konungs og vanhelga hv\u00edldardaginn.\u201c <a name=\"35\"><span class=\"versanumer_2007\">35<\/span><\/a> \u00de\u00e1 r\u00e9\u00f0st li\u00f0 konungs tafarlaust \u00e1 \u00fe\u00e1. <a name=\"36\"><span class=\"versanumer_2007\">36<\/span><\/a> \u00deeir veittu enga m\u00f3tspyrnu og v\u00f6rpu\u00f0u hvorki steini n\u00e9 loku\u00f0u hellismunnunum <a name=\"37\"><span class=\"versanumer_2007\">37<\/span><\/a> en s\u00f6g\u00f0u: \u201eSaklausir g\u00f6ngum vi\u00f0 allir \u00ed dau\u00f0ann. Himinn og j\u00f6r\u00f0 eru til vitnis um a\u00f0 \u00fei\u00f0 dey\u00f0i\u00f0 okkur gegn \u00f6llu r\u00e9ttl\u00e6ti.\u201c <a name=\"38\"><span class=\"versanumer_2007\">38<\/span><\/a> \u00d3vinirnir veittu \u00feeim atl\u00f6gu \u00e1 hv\u00edldardeginum og felldu \u00fe\u00e1, konur \u00feeirra og b\u00f6rn og kvikf\u00e9, n\u00e6r \u00fe\u00fasund manna.<br \/> <a name=\"39\"><span class=\"versanumer_2007\">39<\/span><\/a> \u00deegar Mattat\u00edas og vinir hans fr\u00e9ttu af \u00feessu syrg\u00f0u \u00feeir hina f\u00f6llnu mj\u00f6g. <a name=\"40\"><span class=\"versanumer_2007\">40<\/span><\/a> \u00deeir s\u00f6g\u00f0u hver vi\u00f0 annan: \u201eEf vi\u00f0 f\u00f6rum allir a\u00f0 eins og br\u00e6\u00f0ur okkar og berjumst ekki vi\u00f0 hei\u00f0ingjana fyrir l\u00edfi okkar og r\u00e9ttindum, \u00fe\u00e1 munu \u00feeir br\u00e1tt afm\u00e1 okkur af j\u00f6r\u00f0inni.\u201c <a name=\"41\"><span class=\"versanumer_2007\">41<\/span><\/a> Sama dag t\u00f3ku \u00feeir \u00feessa \u00e1kv\u00f6r\u00f0un: \u201eVi\u00f0 munum berjast vi\u00f0 hvern \u00feann sem veitir okkur a\u00f0f\u00f6r \u00e1 hv\u00edldardegi. Vi\u00f0 \u00e6tlum ekki a\u00f0 deyja allir \u00e1 sama h\u00e1tt og br\u00e6\u00f0ur okkar \u00ed hellunum.\u201c<br \/> <a name=\"42\"><span class=\"versanumer_2007\">42<\/span><\/a> Til li\u00f0s vi\u00f0 \u00fe\u00e1 gekk sveit Has\u00eddea, vaskar hetjur \u00cdsraelsmanna sem allar vildu hl\u00fd\u00f0a l\u00f6gm\u00e1linu sta\u00f0fastlega. <a name=\"43\"><span class=\"versanumer_2007\">43<\/span><\/a> Allir a\u00f0rir sem hraktir h\u00f6f\u00f0u veri\u00f0 \u00e1 fl\u00f3tta undan k\u00fagurunum sl\u00f3gust \u00ed h\u00f3pinn og styrktu hann. <a name=\"44\"><span class=\"versanumer_2007\">44<\/span><\/a> \u00deannig mynda\u00f0ist hersveit sem gat beint rei\u00f0i gegn syndurunum og heift sinni a\u00f0 \u00feeim sem sv\u00edvirtu l\u00f6gm\u00e1li\u00f0. En \u00feeir sem sluppu fl\u00fd\u00f0u til hei\u00f0ingjanna til a\u00f0 bjarga l\u00edfinu.<br \/> <a name=\"45\"><span class=\"versanumer_2007\">45<\/span><\/a> Mattat\u00edas og vinir hans f\u00f3ru v\u00ed\u00f0a um landi\u00f0 og rifu ni\u00f0ur \u00f6lturu <a name=\"46\"><span class=\"versanumer_2007\">46<\/span><\/a> og umsk\u00e1ru me\u00f0 valdi alla \u00f3umskorna drengi sem \u00feeir fundu innan landam\u00e6ra \u00cdsraels. <a name=\"47\"><span class=\"versanumer_2007\">47<\/span><\/a> \u00deeir ofs\u00f3ttu hina drambs\u00f6mu og var\u00f0 vel \u00e1gengt. <a name=\"48\"><span class=\"versanumer_2007\">48<\/span><\/a> \u00deeir v\u00f6r\u00f0u l\u00f6gm\u00e1li\u00f0 fyrir \u00e1r\u00e1s hei\u00f0ingja og konunga og g\u00e1fu syndaranum ekkert f\u00e6ri \u00e1 s\u00e9r. <\/p>\n<h3 class=\"millifyrirsogn_2007\">Mattat\u00edas deyr<\/h3>\n<p><a name=\"49\"><span class=\"versanumer_2007\">49<\/span><\/a> \u00deegar Mattat\u00edas fann dau\u00f0ann n\u00e1lgast sag\u00f0i hann vi\u00f0 syni s\u00edna: \u201eN\u00fa r\u00edkir dramb og \u00f3h\u00e6fa, \u00f3gnar\u00f6ld og ofsarei\u00f0i. <a name=\"50\"><span class=\"versanumer_2007\">50<\/span><\/a> Berjist \u00fev\u00ed, b\u00f6rnin m\u00edn, af heilagri vandl\u00e6tingu fyrir l\u00f6gm\u00e1li\u00f0 og leggi\u00f0 l\u00edfi\u00f0 \u00ed s\u00f6lurnar fyrir s\u00e1ttm\u00e1la fe\u00f0ranna. <a name=\"51\"><span class=\"versanumer_2007\">51<\/span><\/a> Minnist d\u00e1\u00f0a \u00feeirra sem fe\u00f0urnir dr\u00fdg\u00f0u \u00e1 sinni t\u00ed\u00f0 svo a\u00f0 \u00fei\u00f0 hlj\u00f3ti\u00f0 mikla fr\u00e6g\u00f0 og or\u00f0st\u00edr sem aldrei deyr. <a name=\"52\"><span class=\"versanumer_2007\">52<\/span><\/a> Reyndist Abraham ekki tr\u00far \u00feegar hann var reyndur og var \u00fea\u00f0 ekki reikna\u00f0 honum til r\u00e9ttl\u00e6tis? <a name=\"53\"><span class=\"versanumer_2007\">53<\/span><\/a> J\u00f3sef hl\u00fdddi bo\u00f0or\u00f0inu \u00feegar a\u00f0 honum svarf og var\u00f0 r\u00e1\u00f0sherra \u00ed Egyptalandi. <a name=\"54\"><span class=\"versanumer_2007\">54<\/span><\/a> P\u00ednehas, forfa\u00f0ir okkar, bar\u00f0ist af brennandi vandl\u00e6tingu og hlaut \u00fev\u00ed s\u00e1ttm\u00e1la um eil\u00edfan prestd\u00f3m. <a name=\"55\"><span class=\"versanumer_2007\">55<\/span><\/a> J\u00f3s\u00faa ger\u00f0i allt svo sem bo\u00f0i\u00f0 var og var\u00f0 d\u00f3mari \u00ed \u00cdsrael. <a name=\"56\"><span class=\"versanumer_2007\">56<\/span><\/a> Kaleb bar sannleikanum vitni frammi fyrir s\u00f6fnu\u00f0inum og hlaut land til eignar. <a name=\"57\"><span class=\"versanumer_2007\">57<\/span><\/a> Vegna miskunnsemi sinnar hlaut Dav\u00ed\u00f0 h\u00e1s\u00e6ti konungs \u00ed eil\u00edfu r\u00edki. <a name=\"58\"><span class=\"versanumer_2007\">58<\/span><\/a> El\u00eda bar\u00f0ist af vandl\u00e6tingu fyrir l\u00f6gm\u00e1linu og var \u00fev\u00ed hafinn upp til himins. <a name=\"59\"><span class=\"versanumer_2007\">59<\/span><\/a> Anan\u00edas, Asarja og M\u00edsael treystu Gu\u00f0i og bj\u00f6rgu\u00f0ust \u00far logunum. <a name=\"60\"><span class=\"versanumer_2007\">60<\/span><\/a> Vegna hjartahreinleika s\u00edns var Dan\u00edel hrifinn \u00far gini lj\u00f3nanna. <a name=\"61\"><span class=\"versanumer_2007\">61<\/span><\/a> \u00deannig m\u00e1 sj\u00e1 \u00ed s\u00f6gu genginna kynsl\u00f3\u00f0a a\u00f0 hver s\u00e1 sem vonar \u00e1 Drottin mun ekki yfirbuga\u00f0ur. <a name=\"62\"><span class=\"versanumer_2007\">62<\/span><\/a> \u00d3ttist \u00fev\u00ed ekki h\u00f3tanir syndugs manns. Vegsemd hans ver\u00f0ur skarn og ma\u00f0kaf\u00e6\u00f0a. <a name=\"63\"><span class=\"versanumer_2007\">63<\/span><\/a> \u00cd dag hreykir hann s\u00e9r h\u00e1tt en \u00e1 morgun er hann gleymdur. Hann er or\u00f0inn a\u00f0 mold \u00e1 n\u00fd og r\u00e1\u00f0abrugg hans a\u00f0 engu. <a name=\"64\"><span class=\"versanumer_2007\">64<\/span><\/a> B\u00f6rnin m\u00edn. S\u00e6ki\u00f0 hugm\u00f3\u00f0 og styrk \u00ed l\u00f6gm\u00e1li\u00f0. \u00dea\u00f0 mun veita ykkur vegsemd. <a name=\"65\"><span class=\"versanumer_2007\">65<\/span><\/a> \u00c9g veit a\u00f0 S\u00edmon br\u00f3\u00f0ir ykkar er r\u00e1\u00f0snjall ma\u00f0ur. Fari\u00f0 \u00e6t\u00ed\u00f0 a\u00f0 r\u00e1\u00f0um hans. Hann skal ver\u00f0a ykkur sem fa\u00f0ir. <a name=\"66\"><span class=\"versanumer_2007\">66<\/span><\/a> J\u00fadas Makkabeus hefur veri\u00f0 \u00fer\u00f3ttug kempa fr\u00e1 ungum aldri. Hann skal st\u00fdra her ykkar og heyja str\u00ed\u00f0 vi\u00f0 hei\u00f0ingjana. <a name=\"67\"><span class=\"versanumer_2007\">67<\/span><\/a> Safni\u00f0 a\u00f0 ykkur \u00f6llum sem tr\u00fair eru l\u00f6gm\u00e1linu og komi\u00f0 fram hefndum fyrir \u00fej\u00f3\u00f0 ykkar. <a name=\"68\"><span class=\"versanumer_2007\">68<\/span><\/a> Veiti\u00f0 hei\u00f0ingjunum makleg m\u00e1lagj\u00f6ld og haldi\u00f0 fast vi\u00f0 fyrirm\u00e6li l\u00f6gm\u00e1lsins.\u201c<br \/> <a name=\"69\"><span class=\"versanumer_2007\">69<\/span><\/a> S\u00ed\u00f0an blessa\u00f0i hann syni s\u00edna og safna\u00f0ist til fe\u00f0ra sinna. <a name=\"70\"><span class=\"versanumer_2007\">70<\/span><\/a> Mattat\u00edas l\u00e9st \u00e1ri\u00f0 eitt hundra\u00f0 fj\u00f6rut\u00edu og sex og var lag\u00f0ur \u00ed gr\u00f6f fe\u00f0ra sinna \u00ed M\u00f3dein. Allur \u00cdsrael harma\u00f0i hann mj\u00f6g. <\/p>\n","protected":false},"excerpt":{"rendered":"<p>Tr\u00fafesti Mattat\u00edasar 1 Um \u00feessar mundir flutti Mattat\u00edas J\u00f3hannesson S\u00edmeonssonar fr\u00e1 Jer\u00fasalem og settist a\u00f0 \u00ed M\u00f3dein. Hann var prestur af \u00e6tt J\u00f3jar\u00edbs. 2 Hann \u00e1tti fimm syni, J\u00f3hannes a\u00f0 vi\u00f0urnefni Gaddi, 3 S\u00edmon, sem kalla\u00f0ur var Tassi, 4 J\u00fadas, sem nefndur var Makkabeus, 5 Eleasar, sem kalla\u00f0ur var Avaran, og J\u00f3natan sem nefndist Affus. 6 \u00deegar Mattat\u00edas s\u00e1 gu\u00f0lasti\u00f0, sem vi\u00f0gekkst \u00ed J\u00fadeu og Jer\u00fasalem, 7 sag\u00f0i hann: Vei m\u00e9r! Hv\u00ed \u00feurfti \u00e9g a\u00f0 f\u00e6\u00f0ast,hv\u00ed var\u00f0 \u00e9g a\u00f0 sj\u00e1 \u00fej\u00f3\u00f0 m\u00edna k\u00faga\u00f0aog \u00f3farir hinnar helgu borgar?F\u00f3lki\u00f0 sat hj\u00e1 er borgin var gefin \u00f3vinum \u00e1 valdog helgid\u00f3murinn lenti \u00ed h\u00f6ndum <a href=\"https:\/\/biblian.is\/biblian\/fyrsta-makkabeabok-2-kafli\/\"> [&#8230;]<\/a><\/p>\n","protected":false},"author":1,"featured_media":0,"parent":0,"menu_order":0,"comment_status":"open","ping_status":"open","template":"bibliukaflar.php","meta":{"footnotes":""},"class_list":["post-2925","page","type-page","status-publish","hentry"],"_links":{"self":[{"href":"https:\/\/biblian.is\/biblian\/wp-json\/wp\/v2\/pages\/2925","targetHints":{"allow":["GET"]}}],"collection":[{"href":"https:\/\/biblian.is\/biblian\/wp-json\/wp\/v2\/pages"}],"about":[{"href":"https:\/\/biblian.is\/biblian\/wp-json\/wp\/v2\/types\/page"}],"author":[{"embeddable":true,"href":"https:\/\/biblian.is\/biblian\/wp-json\/wp\/v2\/users\/1"}],"replies":[{"embeddable":true,"href":"https:\/\/biblian.is\/biblian\/wp-json\/wp\/v2\/comments?post=2925"}],"version-history":[{"count":0,"href":"https:\/\/biblian.is\/biblian\/wp-json\/wp\/v2\/pages\/2925\/revisions"}],"wp:attachment":[{"href":"https:\/\/biblian.is\/biblian\/wp-json\/wp\/v2\/media?parent=2925"}],"curies":[{"name":"wp","href":"https:\/\/api.w.org\/{rel}","templated":true}]}}