{"id":2917,"date":"2017-12-30T21:05:09","date_gmt":"2017-12-30T21:05:09","guid":{"rendered":"http:\/\/biblian.is\/biblian\/bar%c2%9cksb%c2%97k-1-kafli\/"},"modified":"2017-12-30T21:05:11","modified_gmt":"2017-12-30T21:05:11","slug":"baruksbok-1-kafli","status":"publish","type":"page","link":"https:\/\/biblian.is\/biblian\/baruksbok-1-kafli\/","title":{"rendered":"Bar\u00faksb\u00f3k 1. kafli"},"content":{"rendered":"<h3 class=\"millifyrirsogn_2007\"> Kynning<\/h3>\n<p><a name=\"1\"><span class=\"versanumer_2007\">1<\/span><\/a> Rit \u00fea\u00f0 sem h\u00e9r fer \u00e1 eftir er skr\u00e1\u00f0 \u00ed Bab\u00fdlon af Bar\u00fak Ner\u00edasyni. Ner\u00eda var Mahasejason sem var sonur Sedek\u00eda Hasadjasonar Hilk\u00edasonar. <a name=\"2\"><span class=\"versanumer_2007\">2<\/span><\/a> Riti\u00f0 var skr\u00e1\u00f0 \u00e1 fimmta \u00e1ri, sj\u00f6unda degi m\u00e1na\u00f0arins, daginn sem Kaldear unnu Jer\u00fasalem og brenndu \u00ed eldi. <a name=\"3\"><span class=\"versanumer_2007\">3<\/span><\/a> Bar\u00fak las riti\u00f0 fyrir Jekonja J\u00f3jak\u00edmsson J\u00fadakonung og \u00ed \u00e1heyrn alls l\u00fd\u00f0sins sem kominn var til a\u00f0 hl\u00fd\u00f0a \u00e1. <a name=\"4\"><span class=\"versanumer_2007\">4<\/span><\/a> Las hann \u00fea\u00f0 fyrir valdhafa, konungssyni, \u00f6ldunga og fyrir f\u00f3lki\u00f0 allt, h\u00e1a sem l\u00e1ga, alla sem bjuggu \u00ed Bab\u00fdlon vi\u00f0 \u00e1na Sud. <a name=\"5\"><span class=\"versanumer_2007\">5<\/span><\/a> F\u00f3lki\u00f0 gr\u00e9t s\u00ed\u00f0an og fasta\u00f0i og ba\u00f0 til Drottins <a name=\"6\"><span class=\"versanumer_2007\">6<\/span><\/a> og hver l\u00e9t af hendi rakna til samskota svo sem hann haf\u00f0i efni \u00e1. <a name=\"7\"><span class=\"versanumer_2007\">7<\/span><\/a> F\u00e9\u00f0 var sent til Jer\u00fasalem, til J\u00f3jak\u00edms prests Hilk\u00edasonar, sem var sonur Sall\u00fams, og til hinna prestanna og alls f\u00f3lksins sem var \u00ed Jer\u00fasalem me\u00f0 J\u00f3jak\u00edm. <a name=\"8\"><span class=\"versanumer_2007\">8<\/span><\/a> Jafnframt t\u00f3k Bar\u00fak \u00e1 t\u00edunda degi s\u00edvanm\u00e1na\u00f0ar \u00e1h\u00f6ldin er veri\u00f0 h\u00f6f\u00f0u \u00ed h\u00fasi Drottins, og tekin h\u00f6f\u00f0u veri\u00f0 \u00far musterinu, og sendi \u00feau aftur til J\u00fadalands. Voru \u00fea\u00f0 silfurmunirnir sem Sedek\u00eda J\u00f3s\u00edason J\u00fadakonungur haf\u00f0i l\u00e1ti\u00f0 sm\u00ed\u00f0a <a name=\"9\"><span class=\"versanumer_2007\">9<\/span><\/a> eftir a\u00f0 Neb\u00fakadnesar Bab\u00fdlon\u00edukonungur haf\u00f0i flutt Jekonja, h\u00f6f\u00f0ingjana og a\u00f0ra fanga, jafnt valdhafa sem almenning, fr\u00e1 Jer\u00fasalem og til Bab\u00fdlon.<\/p>\n<h3 class=\"millifyrirsogn_2007\">Br\u00e9f til Jer\u00fasalem<\/h3>\n<p><a name=\"10\"><span class=\"versanumer_2007\">10<\/span><\/a> \u00deeir ritu\u00f0u:<br \/>H\u00e9r me\u00f0 sendum vi\u00f0 ykkur silfur. Fyrir \u00fea\u00f0 skulu\u00f0 \u00fei\u00f0 kaupa brennif\u00f3rn, syndaf\u00f3rn og reykelsi. Efni\u00f0 s\u00ed\u00f0an til matf\u00f3rnar og beri\u00f0 hana fram \u00e1 altari Drottins Gu\u00f0s. <a name=\"11\"><span class=\"versanumer_2007\">11<\/span><\/a> Bi\u00f0ji\u00f0 fyrir Neb\u00fakadnesari Bab\u00fdlon\u00edukonungi og Baltasar syni hans a\u00f0 \u00feeir megi lifa svo lengi sem himinn hvelfist yfir j\u00f6r\u00f0u. <a name=\"12\"><span class=\"versanumer_2007\">12<\/span><\/a> \u00de\u00e1 mun Drottinn veita okkur styrk og l\u00e1ta augu okkar lj\u00f3ma og vi\u00f0 munum lifa \u00f6ruggir \u00ed skj\u00f3li Neb\u00fakadnesars Bab\u00fdlon\u00edukonungs og undir vernd Baltasars sonar hans. Vi\u00f0 munum \u00fej\u00f3na \u00feeim lengi og hlj\u00f3ta velvild \u00feeirra. <a name=\"13\"><span class=\"versanumer_2007\">13<\/span><\/a> Bi\u00f0ji\u00f0 Drottin Gu\u00f0 einnig fyrir okkur \u00fev\u00ed a\u00f0 vi\u00f0 h\u00f6fum syndga\u00f0 gegn Drottni Gu\u00f0i okkar og til \u00feessa dags hefur heift Drottins og rei\u00f0i ekki viki\u00f0 fr\u00e1 okkur. <a name=\"14\"><span class=\"versanumer_2007\">14<\/span><\/a> Lesi\u00f0 \u00feetta rit upp sem vi\u00f0 sendum ykkur og j\u00e1ti\u00f0 syndir ykkar \u00ed h\u00fasi Drottins \u00e1 h\u00e1t\u00ed\u00f0um og \u00f6\u00f0rum helgid\u00f6gum.<\/p>\n<h3 class=\"millifyrirsogn_2007\">Syndaj\u00e1tning<\/h3>\n<p><a name=\"15\"><span class=\"versanumer_2007\">15<\/span><\/a> \u00dei\u00f0 skulu\u00f0 m\u00e6la svo:<br \/>Drottinn Gu\u00f0 er r\u00e9ttl\u00e1tur en v\u00e9r megum ro\u00f0na af blyg\u00f0un \u00e1 \u00feessum degi, v\u00e9r J\u00fadamenn og \u00edb\u00faar Jer\u00fasalem, <a name=\"16\"><span class=\"versanumer_2007\">16<\/span><\/a> einnig konungar vorir og h\u00f6f\u00f0ingjar, prestar vorir og sp\u00e1menn og fe\u00f0ur vorir. <a name=\"17\"><span class=\"versanumer_2007\">17<\/span><\/a> \u00dev\u00ed a\u00f0 v\u00e9r h\u00f6fum syndga\u00f0 gegn Drottni. <a name=\"18\"><span class=\"versanumer_2007\">18<\/span><\/a> V\u00e9r \u00f3hl\u00fd\u00f0nu\u00f0umst honum. V\u00e9r hl\u00fdddum eigi \u00e1 raust Drottins Gu\u00f0s vors og breyttum ekki eftir fyrirm\u00e6lum \u00feeim sem hann haf\u00f0i lagt fyrir oss. <br \/> <a name=\"19\"><span class=\"versanumer_2007\">19<\/span><\/a> Fr\u00e1 \u00feeim degi er Drottinn leiddi fe\u00f0ur vora \u00fat \u00far Egyptalandi og til \u00feessa dags h\u00f6fum v\u00e9r st\u00f6\u00f0ugt \u00f3hl\u00fd\u00f0nast Drottni Gu\u00f0i vorum og daufheyrst vi\u00f0 raust hans. <a name=\"20\"><span class=\"versanumer_2007\">20<\/span><\/a> \u00deess vegna hafa allt til \u00feessa dags fylgt oss \u00fe\u00e6r h\u00f6rmungar og b\u00f6lvun sem Drottinn l\u00e9t \u00fej\u00f3n sinn M\u00f3se bo\u00f0a \u00feegar hann leiddi fe\u00f0ur vora \u00fat \u00far Egyptalandi til a\u00f0 gefa oss land sem fl\u00fdtur \u00ed mj\u00f3lk og hunangi. <a name=\"21\"><span class=\"versanumer_2007\">21<\/span><\/a> En v\u00e9r hlustu\u00f0um ekki \u00e1 raust Drottins Gu\u00f0s er hann tala\u00f0i til oss \u00ed \u00f6llum or\u00f0um sp\u00e1mannanna sem hann sendi oss. <a name=\"22\"><span class=\"versanumer_2007\">22<\/span><\/a> S\u00e9rhver vor fylgdi duttlungum s\u00edns illa hjarta og v\u00e9r \u00fej\u00f3nu\u00f0um \u00f6\u00f0rum gu\u00f0um og ger\u00f0um \u00fea\u00f0 sem illt er \u00ed augum Drottins Gu\u00f0s vors.<\/p>\n","protected":false},"excerpt":{"rendered":"<p>Kynning 1 Rit \u00fea\u00f0 sem h\u00e9r fer \u00e1 eftir er skr\u00e1\u00f0 \u00ed Bab\u00fdlon af Bar\u00fak Ner\u00edasyni. Ner\u00eda var Mahasejason sem var sonur Sedek\u00eda Hasadjasonar Hilk\u00edasonar. 2 Riti\u00f0 var skr\u00e1\u00f0 \u00e1 fimmta \u00e1ri, sj\u00f6unda degi m\u00e1na\u00f0arins, daginn sem Kaldear unnu Jer\u00fasalem og brenndu \u00ed eldi. 3 Bar\u00fak las riti\u00f0 fyrir Jekonja J\u00f3jak\u00edmsson J\u00fadakonung og \u00ed \u00e1heyrn alls l\u00fd\u00f0sins sem kominn var til a\u00f0 hl\u00fd\u00f0a \u00e1. 4 Las hann \u00fea\u00f0 fyrir valdhafa, konungssyni, \u00f6ldunga og fyrir f\u00f3lki\u00f0 allt, h\u00e1a sem l\u00e1ga, alla sem bjuggu \u00ed Bab\u00fdlon vi\u00f0 \u00e1na Sud. 5 F\u00f3lki\u00f0 gr\u00e9t s\u00ed\u00f0an og fasta\u00f0i og ba\u00f0 til Drottins 6 og hver <a href=\"https:\/\/biblian.is\/biblian\/baruksbok-1-kafli\/\"> [&#8230;]<\/a><\/p>\n","protected":false},"author":1,"featured_media":0,"parent":0,"menu_order":0,"comment_status":"open","ping_status":"open","template":"bibliukaflar.php","meta":{"footnotes":""},"class_list":["post-2917","page","type-page","status-publish","hentry"],"_links":{"self":[{"href":"https:\/\/biblian.is\/biblian\/wp-json\/wp\/v2\/pages\/2917","targetHints":{"allow":["GET"]}}],"collection":[{"href":"https:\/\/biblian.is\/biblian\/wp-json\/wp\/v2\/pages"}],"about":[{"href":"https:\/\/biblian.is\/biblian\/wp-json\/wp\/v2\/types\/page"}],"author":[{"embeddable":true,"href":"https:\/\/biblian.is\/biblian\/wp-json\/wp\/v2\/users\/1"}],"replies":[{"embeddable":true,"href":"https:\/\/biblian.is\/biblian\/wp-json\/wp\/v2\/comments?post=2917"}],"version-history":[{"count":0,"href":"https:\/\/biblian.is\/biblian\/wp-json\/wp\/v2\/pages\/2917\/revisions"}],"wp:attachment":[{"href":"https:\/\/biblian.is\/biblian\/wp-json\/wp\/v2\/media?parent=2917"}],"curies":[{"name":"wp","href":"https:\/\/api.w.org\/{rel}","templated":true}]}}