{"id":2916,"date":"2017-12-30T21:05:09","date_gmt":"2017-12-30T21:05:09","guid":{"rendered":"http:\/\/biblian.is\/biblian\/s%c2%92raksb%c2%97k-51-kafli\/"},"modified":"2018-01-20T03:20:00","modified_gmt":"2018-01-20T03:20:00","slug":"siraksbok-51-kafli","status":"publish","type":"page","link":"https:\/\/biblian.is\/biblian\/siraksbok-51-kafli\/","title":{"rendered":"S\u00edraksb\u00f3k 51. kafli"},"content":{"rendered":"<h3 class=\"millifyrirsogn_2007\"> B\u00e6n Jes\u00fa S\u00edrakssonar<\/h3>\n<p><span class=\"ljodatexti\"> <a name=\"1\"><span class=\"versanumer_ljod\">1<\/span><\/a>\u00de\u00e9r vil \u00e9g \u00feakka, Drottinn og konungur, <br \/>og lofa \u00feig, Gu\u00f0, frelsari minn.<br \/>\u00c9g lofa nafn \u00feitt.<br \/> <\/span> <span class=\"ljodatexti\"> <a name=\"2\"><span class=\"versanumer_ljod\">2<\/span><\/a> \u00dev\u00ed a\u00f0 \u00fe\u00fa varst v\u00f6rn m\u00edn og hj\u00e1lp,<br \/>leystir mig fr\u00e1 gl\u00f6tun,<br \/>\u00far sn\u00f6ru r\u00f3gstungunnar,<br \/>fr\u00e1 v\u00f6rum \u00feeirra er f\u00f3ru me\u00f0 lygar.<br \/>Andsp\u00e6nis \u00feeim er a\u00f0 m\u00e9r r\u00e9\u00f0ust<br \/>var\u00f0st \u00fe\u00fa m\u00e9r hj\u00e1lp<br \/> <\/span> <span class=\"ljodatexti\"> <a name=\"3\"><span class=\"versanumer_ljod\">3<\/span><\/a> og bjarga\u00f0ir m\u00e9r.<br \/>\u00dea\u00f0 var sakir mikillar miskunnar \u00feinnar og nafns \u00fe\u00edns<br \/>a\u00f0 \u00fe\u00fa leystir mig \u00far gini \u00feeirra sem gleypa mig,<br \/>\u00far h\u00f6ndum \u00feeirra er s\u00e1tu um l\u00edf mitt,<br \/>\u00far fj\u00f6lda nau\u00f0a sem mig rak \u00ed.<br \/> <\/span> <span class=\"ljodatexti\"> <a name=\"4\"><span class=\"versanumer_ljod\">4<\/span><\/a> \u00de\u00fa bjarga\u00f0ir m\u00e9r \u00far k\u00e6fandi eldk\u00f3fi er lukti um mig,<br \/>\u00far eldslogum sem \u00e9g haf\u00f0i eigi kveikt,<br \/> <\/span> <span class=\"ljodatexti\"> <a name=\"5\"><span class=\"versanumer_ljod\">5<\/span><\/a> \u00far hyld\u00fdpi heljar,<br \/>fr\u00e1 \u00f3hreinum tungum og upplognum s\u00f6kum<br \/> <\/span> <span class=\"ljodatexti\"> <a name=\"6\"><span class=\"versanumer_ljod\">6<\/span><\/a> og fr\u00e1 \u00f6rvum rangl\u00e1tra tungna.<br \/>\u00c9g var a\u00f0 dau\u00f0a kominn<br \/>og r\u00e9tt a\u00f0 ganga til heljar ni\u00f0ur. <br \/> <\/span> <span class=\"ljodatexti\"> <a name=\"7\"><span class=\"versanumer_ljod\">7<\/span><\/a> A\u00f0 m\u00e9r var s\u00f3tt \u00far \u00f6llum \u00e1ttum, enga var hj\u00e1lp a\u00f0 f\u00e1.<br \/>\u00c9g svipa\u00f0ist um eftir mannlegri hj\u00e1lp<br \/>en hana var hvergi a\u00f0 finna. <br \/> <\/span> <span class=\"ljodatexti\"> <a name=\"8\"><span class=\"versanumer_ljod\">8<\/span><\/a> \u00de\u00e1 minntist \u00e9g miskunnar \u00feinnar, Drottinn,<br \/>\u00feeirrar g\u00e6sku sem \u00fe\u00fa hefur au\u00f0s\u00fdnt a\u00f0 eil\u00edfu,<br \/>a\u00f0 \u00fe\u00fa bjargar \u00feeim er b\u00ed\u00f0a \u00fe\u00edn \u00feolg\u00f3\u00f0ir<br \/>og frelsar \u00fe\u00e1 \u00far \u00f3vina h\u00f6ndum.<br \/> <\/span> <span class=\"ljodatexti\"> <a name=\"9\"><span class=\"versanumer_ljod\">9<\/span><\/a> \u00c9g h\u00f3f upp gr\u00e1tbei\u00f0ni m\u00edna af j\u00f6r\u00f0u<br \/>og \u00e1kalla\u00f0i um hj\u00e1lp fr\u00e1 dau\u00f0a.<br \/> <\/span> <span class=\"ljodatexti\"> <a name=\"10\"><span class=\"versanumer_ljod\">10<\/span><\/a> \u00c9g \u00e1kalla\u00f0i Drottin, f\u00f6\u00f0ur Drottins m\u00edns: <br \/>\u201eYfirgef mig eigi \u00e1 ney\u00f0arstundu<br \/>er \u00e9g stend hj\u00e1lparvana andsp\u00e6nis hrokafullum.<br \/> <\/span> <span class=\"ljodatexti\"> <a name=\"11\"><span class=\"versanumer_ljod\">11<\/span><\/a> \u00de\u00e1 mun \u00e9g lofa nafn \u00feitt \u00e1n afl\u00e1ts,<br \/>syngja \u00fe\u00e9r lofs\u00f6ng og \u00feakkargj\u00f6r\u00f0.\u201c<br \/>B\u00e6n m\u00edn var heyr\u00f0,<br \/> <\/span> <span class=\"ljodatexti\"> <a name=\"12\"><span class=\"versanumer_ljod\">12<\/span><\/a> \u00fe\u00fa frelsa\u00f0ir mig fr\u00e1 gl\u00f6tun,<br \/>bjarga\u00f0ir m\u00e9r \u00e1 h\u00f6rmungadegi.<br \/>\u00deess vegna vil \u00e9g \u00feakka \u00fe\u00e9r og lofa \u00feig<br \/>og vegsama nafn Drottins.<br \/> <\/span> <span class=\"ljodatexti\">1) \u00deakki\u00f0 Drottni \u00fev\u00ed a\u00f0 hann er g\u00f3\u00f0ur <span class=\"nedan_mal\" title=\" Lofs\u00f6ngur \u00feessi, 1\u201315, er \u00ed sumum fornum hebreskum textum en hvorki \u00ed hinum gr\u00edska n\u00e9 s\u00fdrlenska.\">[<\/span> <br \/>og miskunn hans varir a\u00f0 eil\u00edfu.<br \/>2) \u00deakki\u00f0 Drottni lofs\u00f6ngvanna<br \/>\u00fev\u00ed a\u00f0 miskunn hans varir a\u00f0 eil\u00edfu.<br \/>3) \u00deakki\u00f0 verndara \u00cdsraels<br \/>\u00fev\u00ed a\u00f0 miskunn hans varir a\u00f0 eil\u00edfu.<br \/>4) \u00deakki\u00f0 skapara alls<br \/>\u00fev\u00ed a\u00f0 miskunn hans varir a\u00f0 eil\u00edfu.<br \/>5) \u00deakki\u00f0 endurlausnara \u00cdsraels<br \/>\u00fev\u00ed a\u00f0 miskunn hans varir a\u00f0 eil\u00edfu.<br \/>6) \u00deakki\u00f0 honum sem safnar dreif\u00f0um \u00cdsraelsm\u00f6nnum<br \/>\u00fev\u00ed a\u00f0 miskunn hans varir a\u00f0 eil\u00edfu.<br \/>7) \u00deakki\u00f0 honum sem endurreisir borg s\u00edna og helgid\u00f3m<br \/>\u00fev\u00ed a\u00f0 miskunn hans varir a\u00f0 eil\u00edfu.<br \/>8) \u00deakki\u00f0 honum sem eykur m\u00e1tt Dav\u00ed\u00f0s \u00e6ttar<br \/>\u00fev\u00ed a\u00f0 miskunn hans varir a\u00f0 eil\u00edfu.<br \/>9) \u00deakki\u00f0 honum sem velur syni Sad\u00f3ks til prests\u00fej\u00f3nustu<br \/>\u00fev\u00ed a\u00f0 miskunn hans varir a\u00f0 eil\u00edfu.<br \/>10) \u00deakki\u00f0 skildi Abrahams<br \/>\u00fev\u00ed a\u00f0 miskunn hans varir a\u00f0 eil\u00edfu.<br \/>11) \u00deakki\u00f0 bjargi \u00cdsaks<br \/>\u00fev\u00ed a\u00f0 miskunn hans varir a\u00f0 eil\u00edfu.<br \/>12) \u00deakki\u00f0 m\u00e6tti Jakobs<br \/>\u00fev\u00ed a\u00f0 miskunn hans varir a\u00f0 eil\u00edfu.<br \/>13) \u00deakki\u00f0 honum sem \u00fatvaldi S\u00edon<br \/>\u00fev\u00ed a\u00f0 miskunn hans varir a\u00f0 eil\u00edfu.<br \/>14) \u00deakki\u00f0 konunginum, konungi konunganna,<br \/>\u00fev\u00ed a\u00f0 miskunn hans varir a\u00f0 eil\u00edfu.<br \/>15) Hann hefur auki\u00f0 m\u00e1tt \u00fej\u00f3\u00f0ar sinnar<br \/>sem er lofgj\u00f6r\u00f0arefni \u00f6llum gu\u00f0hr\u00e6ddum,<br \/>b\u00f6rnum \u00cdsraels sem standa honum n\u00e6rri. <br \/>Hallel\u00faja.<br \/> <\/span> <span class=\"ljodatexti\"> <a name=\"13\"><span class=\"versanumer_ljod\">13<\/span><\/a> Er \u00e9g var ungur, \u00e1\u00f0ur en \u00e9g t\u00f3k a\u00f0 fer\u00f0ast, <br \/>s\u00f3ttist \u00e9g opinsk\u00e1tt eftir speki \u00ed b\u00e6num m\u00ednum.<br \/> <\/span> <span class=\"ljodatexti\"> <a name=\"14\"><span class=\"versanumer_ljod\">14<\/span><\/a> \u00c9g ba\u00f0 um a\u00f0 hlj\u00f3ta speki frammi fyrir musterinu,<br \/>til hinstu andr\u00e1r mun \u00e9g s\u00e6kjast eftir henni.<br \/> <\/span> <span class=\"ljodatexti\"> <a name=\"15\"><span class=\"versanumer_ljod\">15<\/span><\/a> Fr\u00e1 bl\u00f3mstrun, uns \u00fer\u00fagan var \u00ferosku\u00f0 or\u00f0in,<br \/>hlaut hjarta mitt f\u00f6gnu\u00f0 af henni. <span class=\"nedan_mal\" title=\" Annar lesh\u00e1ttur: Hjarta mitt fagna\u00f0i yfir bl\u00f3mstrun hennar, eins og yfir \u00ferosku\u00f0um \u00fer\u00fagum.\">[<\/span> <br \/>\u00c9g beindi sporum m\u00ednum \u00e1 r\u00e9ttar brautir,<br \/>feta\u00f0i veg spekinnar fr\u00e1 \u00e6sku.<br \/> <\/span> <span class=\"ljodatexti\"> <a name=\"16\"><span class=\"versanumer_ljod\">16<\/span><\/a> Um stund hneig\u00f0i \u00e9g eyra a\u00f0 og \u00fe\u00e1\u00f0i,<br \/>mikil uppfr\u00e6\u00f0sla reyndist m\u00e9r \u00fea\u00f0.<br \/> <\/span> <span class=\"ljodatexti\"> <a name=\"17\"><span class=\"versanumer_ljod\">17<\/span><\/a> Spekin var\u00f0 m\u00e9r til \u00feroska,<br \/>\u00e9g vil hei\u00f0ra \u00feann sem gaf m\u00e9r hana.<br \/> <\/span> <span class=\"ljodatexti\"> <a name=\"18\"><span class=\"versanumer_ljod\">18<\/span><\/a> Enda \u00e1setti \u00e9g m\u00e9r a\u00f0 i\u00f0ka spekina,<br \/>kosta\u00f0i \u00e1kaft kapps um hi\u00f0 g\u00f3\u00f0a,<br \/>\u00e9g mun aldrei til skammar ver\u00f0a.<br \/> <\/span> <span class=\"ljodatexti\"> <a name=\"19\"><span class=\"versanumer_ljod\">19<\/span><\/a> S\u00e1l m\u00edn t\u00f3kst mj\u00f6g \u00e1 vi\u00f0 spekina,<br \/>\u00ed engu breytti \u00e9g \u00fat af bo\u00f0um l\u00f6gm\u00e1lsins.<br \/>\u00c9g h\u00f3f upp hendur m\u00ednar til h\u00e6\u00f0a <br \/>og hugleiddi hve h\u00fan var m\u00e9r fjarri. <span class=\"nedan_mal\" title=\" Annar lesh\u00e1ttur: og harma\u00f0i a\u00f0 h\u00fan var m\u00e9r fjarri.\">[<\/span> <br \/> <\/span> <span class=\"ljodatexti\"> <a name=\"20\"><span class=\"versanumer_ljod\">20<\/span><\/a> \u00c9g beindi \u00f3skiptum huga a\u00f0 henni,<br \/>sakir hreinleika m\u00edns fann \u00e9g s\u00ed\u00f0an spekina.<br \/>Lei\u00f0s\u00f6gn hennar veitti m\u00e9r skilning fr\u00e1 fyrsta fari,<br \/>\u00fev\u00ed mun \u00e9g aldrei yfirgefinn.<br \/> <\/span> <span class=\"ljodatexti\"> <a name=\"21\"><span class=\"versanumer_ljod\">21<\/span><\/a> \u00c9g var \u00f3r\u00f3r hi\u00f0 innra vi\u00f0 a\u00f0 leita hennar<br \/>en \u00f6\u00f0la\u00f0ist \u00e1g\u00e6tustu eign.<br \/> <\/span> <span class=\"ljodatexti\"> <a name=\"22\"><span class=\"versanumer_ljod\">22<\/span><\/a> Drottinn launa\u00f0i m\u00e9r me\u00f0 or\u00f0snilld,<br \/>me\u00f0 henni vil \u00e9g syngja Drottni lof.<br \/> <\/span> <span class=\"ljodatexti\"> <a name=\"23\"><span class=\"versanumer_ljod\">23<\/span><\/a> Komi\u00f0 til m\u00edn, \u00f3fr\u00f3\u00f0u menn,<br \/>dvelji\u00f0 \u00ed menntah\u00fasi. <br \/> <\/span> <span class=\"ljodatexti\"> <a name=\"24\"><span class=\"versanumer_ljod\">24<\/span><\/a> Hv\u00ed brestur y\u00f0ur enn \u00ed \u00feessu,<br \/>hv\u00ed eru s\u00e1lir y\u00f0ar s\u00e1r\u00feyrstar?<br \/> <\/span> <span class=\"ljodatexti\"> <a name=\"25\"><span class=\"versanumer_ljod\">25<\/span><\/a> \u00c9g hef loki\u00f0 upp munni og tala\u00f0,<br \/>n\u00fa skulu\u00f0 \u00fe\u00e9r \u00feiggja \u00e1n endurgjalds. <br \/> <\/span> <span class=\"ljodatexti\"> <a name=\"26\"><span class=\"versanumer_ljod\">26<\/span><\/a> Beygi\u00f0 h\u00e1ls y\u00f0ar undir oki\u00f0<br \/>og s\u00e1l y\u00f0ar mun hlj\u00f3ta fr\u00e6\u00f0slu.<br \/>Hennar er eigi langt a\u00f0 leita.<br \/> <\/span> <span class=\"ljodatexti\"> <a name=\"27\"><span class=\"versanumer_ljod\">27<\/span><\/a> Sj\u00e1i\u00f0 me\u00f0 eigin augum. L\u00edtt \u00feurfti \u00e9g a\u00f0 strita,<br \/>en mikinn fri\u00f0 hef \u00e9g fundi\u00f0.<br \/> <\/span> <span class=\"ljodatexti\"> <a name=\"28\"><span class=\"versanumer_ljod\">28<\/span><\/a> Gefi\u00f0 gjarnan gn\u00f3tt silfurs fyrir fr\u00e6\u00f0slu,<br \/>h\u00fan mun afla y\u00f0ur mikils gulls. <br \/> <\/span> <span class=\"ljodatexti\"> <a name=\"29\"><span class=\"versanumer_ljod\">29<\/span><\/a> Megi s\u00e1lir y\u00f0ar gle\u00f0jast af miskunn Drottins<br \/>og \u00fe\u00e9r aldrei blyg\u00f0ast y\u00f0ar fyrir a\u00f0 syngja honum lof.<br \/> <\/span> <span class=\"ljodatexti\"> <a name=\"30\"><span class=\"versanumer_ljod\">30<\/span><\/a> Vinni\u00f0 verk y\u00f0ar me\u00f0an enn er t\u00edmi.<br \/>Hann launar y\u00f0ur \u00feegar t\u00edmi hans kemur. <\/span> <\/p>\n","protected":false},"excerpt":{"rendered":"<p>B\u00e6n Jes\u00fa S\u00edrakssonar 1\u00de\u00e9r vil \u00e9g \u00feakka, Drottinn og konungur, og lofa \u00feig, Gu\u00f0, frelsari minn.\u00c9g lofa nafn \u00feitt. 2 \u00dev\u00ed a\u00f0 \u00fe\u00fa varst v\u00f6rn m\u00edn og hj\u00e1lp,leystir mig fr\u00e1 gl\u00f6tun,\u00far sn\u00f6ru r\u00f3gstungunnar,fr\u00e1 v\u00f6rum \u00feeirra er f\u00f3ru me\u00f0 lygar.Andsp\u00e6nis \u00feeim er a\u00f0 m\u00e9r r\u00e9\u00f0ustvar\u00f0st \u00fe\u00fa m\u00e9r hj\u00e1lp 3 og bjarga\u00f0ir m\u00e9r.\u00dea\u00f0 var sakir mikillar miskunnar \u00feinnar og nafns \u00fe\u00ednsa\u00f0 \u00fe\u00fa leystir mig \u00far gini \u00feeirra sem gleypa mig,\u00far h\u00f6ndum \u00feeirra er s\u00e1tu um l\u00edf mitt,\u00far fj\u00f6lda nau\u00f0a sem mig rak \u00ed. 4 \u00de\u00fa bjarga\u00f0ir m\u00e9r \u00far k\u00e6fandi eldk\u00f3fi er lukti um mig,\u00far eldslogum sem \u00e9g haf\u00f0i eigi kveikt, 5 \u00far <a href=\"https:\/\/biblian.is\/biblian\/siraksbok-51-kafli\/\"> [&#8230;]<\/a><\/p>\n","protected":false},"author":1,"featured_media":0,"parent":0,"menu_order":0,"comment_status":"open","ping_status":"open","template":"bibliukaflar.php","meta":{"footnotes":""},"class_list":["post-2916","page","type-page","status-publish","hentry"],"_links":{"self":[{"href":"https:\/\/biblian.is\/biblian\/wp-json\/wp\/v2\/pages\/2916","targetHints":{"allow":["GET"]}}],"collection":[{"href":"https:\/\/biblian.is\/biblian\/wp-json\/wp\/v2\/pages"}],"about":[{"href":"https:\/\/biblian.is\/biblian\/wp-json\/wp\/v2\/types\/page"}],"author":[{"embeddable":true,"href":"https:\/\/biblian.is\/biblian\/wp-json\/wp\/v2\/users\/1"}],"replies":[{"embeddable":true,"href":"https:\/\/biblian.is\/biblian\/wp-json\/wp\/v2\/comments?post=2916"}],"version-history":[{"count":0,"href":"https:\/\/biblian.is\/biblian\/wp-json\/wp\/v2\/pages\/2916\/revisions"}],"wp:attachment":[{"href":"https:\/\/biblian.is\/biblian\/wp-json\/wp\/v2\/media?parent=2916"}],"curies":[{"name":"wp","href":"https:\/\/api.w.org\/{rel}","templated":true}]}}