{"id":2912,"date":"2017-12-30T21:05:09","date_gmt":"2017-12-30T21:05:09","guid":{"rendered":"http:\/\/biblian.is\/biblian\/s%c2%92raksb%c2%97k-47-kafli\/"},"modified":"2018-01-20T03:09:41","modified_gmt":"2018-01-20T03:09:41","slug":"siraksbok-47-kafli","status":"publish","type":"page","link":"https:\/\/biblian.is\/biblian\/siraksbok-47-kafli\/","title":{"rendered":"S\u00edraksb\u00f3k 47. kafli"},"content":{"rendered":"<h3 class=\"millifyrirsogn_2007\"> Natan<\/h3>\n<p><span class=\"ljodatexti\"> <a name=\"1\"><span class=\"versanumer_ljod\">1<\/span><\/a>Eftir Sam\u00fael kom Natan fram, <br \/>hann var sp\u00e1ma\u00f0ur \u00e1 d\u00f6gum Dav\u00ed\u00f0s. <\/span> <\/p>\n<h3 class=\"millifyrirsogn_2007\">Dav\u00ed\u00f0<\/h3>\n<p><span class=\"ljodatexti\"> <a name=\"2\"><span class=\"versanumer_ljod\">2<\/span><\/a>Eins og feitin er skilin fr\u00e1 heillaf\u00f3rn <br \/>var Dav\u00ed\u00f0 tekinn \u00far h\u00f3pi \u00cdsraelsmanna. <br \/> <\/span> <span class=\"ljodatexti\"> <a name=\"3\"><span class=\"versanumer_ljod\">3<\/span><\/a> Hann l\u00e9k vi\u00f0 lj\u00f3n eins og ki\u00f0lingar v\u00e6ru <br \/>og birni l\u00edkt og l\u00f6mb. <br \/> <\/span> <span class=\"ljodatexti\"> <a name=\"4\"><span class=\"versanumer_ljod\">4<\/span><\/a> \u00c1 \u00e6sku\u00e1rum drap hann risann <br \/>og afm\u00e1\u00f0i sk\u00f6mm \u00fej\u00f3\u00f0ar sinnar <br \/>er hann h\u00f3f upp arminn me\u00f0 stein \u00ed sl\u00f6ngvu <br \/>og felldi Gol\u00edat sem gorta\u00f0i s\u00edfellt. <br \/> <\/span> <span class=\"ljodatexti\"> <a name=\"5\"><span class=\"versanumer_ljod\">5<\/span><\/a> Enda \u00e1kalla\u00f0i hann Drottin, Hinn h\u00e6sta, <br \/>sem g\u00e6ddi h\u00e6gri h\u00f6nd hans m\u00e6tti <br \/>til a\u00f0 leggja a\u00f0 velli hinn v\u00edgfima mann <br \/>og auka m\u00e1tt \u00fej\u00f3\u00f0ar sinnar. <br \/> <\/span> <span class=\"ljodatexti\"> <a name=\"6\"><span class=\"versanumer_ljod\">6<\/span><\/a> \u00dev\u00ed var hann vegsama\u00f0ur fyrir a\u00f0 sigra t\u00edu \u00fe\u00fasund, <br \/>hann var lofa\u00f0ur af \u00fev\u00ed a\u00f0 Drottinn blessa\u00f0i hann <br \/>og veitti honum a\u00f0 bera hina veglegu k\u00f3r\u00f3nu. <br \/> <\/span> <span class=\"ljodatexti\"> <a name=\"7\"><span class=\"versanumer_ljod\">7<\/span><\/a> \u00dev\u00ed a\u00f0 hann gj\u00f6rsigra\u00f0i \u00f3vinina allt um kring, <br \/>eyddi Filisteum, andst\u00e6\u00f0ingum s\u00ednum, <br \/>sem brotnir eru \u00e1 bak aftur allt til \u00feessa. <br \/> <\/span> <span class=\"ljodatexti\"> <a name=\"8\"><span class=\"versanumer_ljod\">8<\/span><\/a> \u00cd \u00f6llu sem hann ger\u00f0i f\u00e6r\u00f0i hann Drottni \u00feakkir, <br \/>vegsama\u00f0i \u00ed or\u00f0um Hinn heilaga og h\u00e6sta, <br \/>s\u00f6ng honum lof af heilu hjarta <br \/>og elska\u00f0i skapara sinn. <br \/> <\/span> <span class=\"ljodatexti\"> <a name=\"9\"><span class=\"versanumer_ljod\">9<\/span><\/a> Hann setti s\u00f6ngvara til altaris\u00fej\u00f3nustu <br \/>sem s\u00e6tlega sungu hin fegurstu l\u00f6g. <br \/>Dag hvern skyldu \u00feeir syngja Drottni lof me\u00f0 s\u00f6ngvum s\u00ednum. <span class=\"nedan_mal\" title=\" \u00deannig \u00ed \u00fdmsum handritum.\">[<\/span> <br \/> <\/span> <span class=\"ljodatexti\"> <a name=\"10\"><span class=\"versanumer_ljod\">10<\/span><\/a> Hann j\u00f3k mj\u00f6g tign h\u00e1t\u00ed\u00f0anna <br \/>og kom skipan \u00e1 helgidagana um alla framt\u00ed\u00f0. <br \/>\u00c1 \u00feeim skal heilagt nafn Drottins lofa\u00f0, <br \/>helgid\u00f3murinn \u00f3ma af lofs\u00f6ng fr\u00e1 morguns\u00e1ri. <br \/> <\/span> <span class=\"ljodatexti\"> <a name=\"11\"><span class=\"versanumer_ljod\">11<\/span><\/a> Drottinn fyrirgaf honum syndirnar <br \/>og sta\u00f0festi vald hans um aldir, <br \/>ger\u00f0i s\u00e1ttm\u00e1la vi\u00f0 hann um konungd\u00e6mi\u00f0 <br \/>og gaf honum d\u00fdrlegt h\u00e1s\u00e6ti \u00ed \u00cdsrael. <\/span> <\/p>\n<h3 class=\"millifyrirsogn_2007\">Sal\u00f3mon<\/h3>\n<p><span class=\"ljodatexti\"> <a name=\"12\"><span class=\"versanumer_ljod\">12<\/span><\/a>Eftir hann kom hans vitri sonur<br \/>sem sakir f\u00f6\u00f0ur s\u00edns r\u00edkti yfir v\u00ed\u00f0lendu r\u00edki. <br \/> <\/span> <span class=\"ljodatexti\"> <a name=\"13\"><span class=\"versanumer_ljod\">13<\/span><\/a> Me\u00f0an Sal\u00f3mon stj\u00f3rna\u00f0i var fri\u00f0ur<br \/>sem Gu\u00f0 trygg\u00f0i vi\u00f0 \u00f6ll landam\u00e6rin. <br \/>S\u00ed\u00f0an reisti hann h\u00fas til d\u00fdr\u00f0ar nafni Drottins,<br \/>helgid\u00f3m er a\u00f0 eil\u00edfu st\u00e6\u00f0i.<br \/> <\/span> <span class=\"ljodatexti\"> <a name=\"14\"><span class=\"versanumer_ljod\">14<\/span><\/a> Hve vitur varst \u00fe\u00fa \u00e1 \u00e6sku\u00e1rum,<br \/>fullur speki eins og flj\u00f3t \u00ed vexti. <br \/> <\/span> <span class=\"ljodatexti\"> <a name=\"15\"><span class=\"versanumer_ljod\">15<\/span><\/a> Andr\u00edki \u00feitt \u00feakti alla j\u00f6r\u00f0,<br \/>\u00fe\u00fa fylltir hana af or\u00f0skvi\u00f0um og g\u00e1tum.<br \/> <\/span> <span class=\"ljodatexti\"> <a name=\"16\"><span class=\"versanumer_ljod\">16<\/span><\/a> Or\u00f0st\u00edr \u00feinn barst til fjarl\u00e6gustu eyja, <br \/>\u00fe\u00fa varst elska\u00f0ur fyrir fri\u00f0arr\u00edki \u00feitt.<br \/> <\/span> <span class=\"ljodatexti\"> <a name=\"17\"><span class=\"versanumer_ljod\">17<\/span><\/a> \u00de\u00fa varst d\u00e1\u00f0ur v\u00ed\u00f0a um l\u00f6nd fyrir s\u00f6ngva \u00fe\u00edna,<br \/>or\u00f0skvi\u00f0i, d\u00e6mis\u00f6gur og t\u00falkun \u00feeirra.<br \/> <\/span> <span class=\"ljodatexti\"> <a name=\"18\"><span class=\"versanumer_ljod\">18<\/span><\/a> \u00cd nafni Drottins, Gu\u00f0s,<br \/>sem er nefndur \u00cdsraels Gu\u00f0,<br \/>safna\u00f0ir \u00fe\u00fa gulli sem v\u00e6ri \u00fea\u00f0 tin,<br \/>hr\u00faga\u00f0ir upp silfri eins og \u00fea\u00f0 v\u00e6ri bl\u00fd. <br \/> <\/span> <span class=\"ljodatexti\"> <a name=\"19\"><span class=\"versanumer_ljod\">19<\/span><\/a> En \u00fe\u00fa ger\u00f0ist um of gjarn til kvenna,<br \/>\u00fe\u00e6r n\u00e1\u00f0u valdi \u00e1 \u00fe\u00e9r sakir l\u00edkama \u00fe\u00edns. <br \/> <\/span> <span class=\"ljodatexti\"> <a name=\"20\"><span class=\"versanumer_ljod\">20<\/span><\/a> \u00de\u00fa felldir flekki \u00e1 or\u00f0st\u00edr \u00feinn,<br \/>vanvirtir ni\u00f0ja \u00fe\u00edna<br \/>og leiddir rei\u00f0ina yfir b\u00f6rn \u00fe\u00edn<br \/>sem m\u00e1ttu hryggjast yfir heimsku \u00feinni.<br \/> <\/span> <span class=\"ljodatexti\"> <a name=\"21\"><span class=\"versanumer_ljod\">21<\/span><\/a> Konungd\u00e6mi\u00f0 klofna\u00f0i \u00ed tvennt,<br \/>\u00far Efra\u00edm reis r\u00edki \u00ed uppreisn. <br \/> <\/span> <span class=\"ljodatexti\"> <a name=\"22\"><span class=\"versanumer_ljod\">22<\/span><\/a> En Drottinn l\u00e6tur eigi af miskunn sinni,<br \/>ekki mun heldur neitt or\u00f0 hans breg\u00f0ast.<br \/>Ni\u00f0ja s\u00edns \u00fatvalda uppr\u00e6tir hann ekki<br \/>n\u00e9 afm\u00e1ir afkomendur \u00feess sem elskar hann. <br \/>Jakobi l\u00e9t hann eftir leif\u00f0,<br \/>l\u00e9t spretta upp kvist af r\u00f3t Dav\u00ed\u00f0s.<br \/> <\/span><\/p>\n<h3 class=\"millifyrirsogn_2007\">Rehabeam og Jer\u00f3b\u00f3am<\/h3>\n<p><span class=\"ljodatexti\"> <a name=\"23\"><span class=\"versanumer_ljod\">23<\/span><\/a> Sal\u00f3mon lag\u00f0ist til hv\u00edldar hj\u00e1 fe\u00f0rum s\u00ednum <br \/>og eftirl\u00e9t \u00fej\u00f3\u00f0inni einn af sonum s\u00ednum, <br \/>heimskingjann Rehabeam sem var f\u00e1v\u00eds \u00far h\u00f3fi. <br \/> \u00c1kvar\u00f0anir hans ger\u00f0u \u00fej\u00f3\u00f0ina fr\u00e1hverfa honum. <br \/>Jer\u00f3b\u00f3am Nebatsson kom \u00cdsrael s\u00ed\u00f0an til a\u00f0 syndga, <br \/>leiddi Efra\u00edm inn \u00e1 brautir syndar. <br \/> <\/span> <span class=\"ljodatexti\"> <a name=\"24\"><span class=\"versanumer_ljod\">24<\/span><\/a> Syndir \u00cdsraelsmanna jukust st\u00f3rum <br \/>uns \u00feeir voru hraktir fr\u00e1 landi s\u00ednu. <br \/> <\/span> <span class=\"ljodatexti\"> <a name=\"25\"><span class=\"versanumer_ljod\">25<\/span><\/a> \u00deeir l\u00f6g\u00f0u stund \u00e1 hvers kyns illa breytni <br \/>uns hefndin kom yfir \u00fe\u00e1. <\/span> <\/p>\n","protected":false},"excerpt":{"rendered":"<p>Natan 1Eftir Sam\u00fael kom Natan fram, hann var sp\u00e1ma\u00f0ur \u00e1 d\u00f6gum Dav\u00ed\u00f0s. Dav\u00ed\u00f0 2Eins og feitin er skilin fr\u00e1 heillaf\u00f3rn var Dav\u00ed\u00f0 tekinn \u00far h\u00f3pi \u00cdsraelsmanna. 3 Hann l\u00e9k vi\u00f0 lj\u00f3n eins og ki\u00f0lingar v\u00e6ru og birni l\u00edkt og l\u00f6mb. 4 \u00c1 \u00e6sku\u00e1rum drap hann risann og afm\u00e1\u00f0i sk\u00f6mm \u00fej\u00f3\u00f0ar sinnar er hann h\u00f3f upp arminn me\u00f0 stein \u00ed sl\u00f6ngvu og felldi Gol\u00edat sem gorta\u00f0i s\u00edfellt. 5 Enda \u00e1kalla\u00f0i hann Drottin, Hinn h\u00e6sta, sem g\u00e6ddi h\u00e6gri h\u00f6nd hans m\u00e6tti til a\u00f0 leggja a\u00f0 velli hinn v\u00edgfima mann og auka m\u00e1tt \u00fej\u00f3\u00f0ar sinnar. 6 \u00dev\u00ed var hann vegsama\u00f0ur fyrir a\u00f0 sigra <a href=\"https:\/\/biblian.is\/biblian\/siraksbok-47-kafli\/\"> [&#8230;]<\/a><\/p>\n","protected":false},"author":1,"featured_media":0,"parent":0,"menu_order":0,"comment_status":"open","ping_status":"open","template":"bibliukaflar.php","meta":{"footnotes":""},"class_list":["post-2912","page","type-page","status-publish","hentry"],"_links":{"self":[{"href":"https:\/\/biblian.is\/biblian\/wp-json\/wp\/v2\/pages\/2912","targetHints":{"allow":["GET"]}}],"collection":[{"href":"https:\/\/biblian.is\/biblian\/wp-json\/wp\/v2\/pages"}],"about":[{"href":"https:\/\/biblian.is\/biblian\/wp-json\/wp\/v2\/types\/page"}],"author":[{"embeddable":true,"href":"https:\/\/biblian.is\/biblian\/wp-json\/wp\/v2\/users\/1"}],"replies":[{"embeddable":true,"href":"https:\/\/biblian.is\/biblian\/wp-json\/wp\/v2\/comments?post=2912"}],"version-history":[{"count":0,"href":"https:\/\/biblian.is\/biblian\/wp-json\/wp\/v2\/pages\/2912\/revisions"}],"wp:attachment":[{"href":"https:\/\/biblian.is\/biblian\/wp-json\/wp\/v2\/media?parent=2912"}],"curies":[{"name":"wp","href":"https:\/\/api.w.org\/{rel}","templated":true}]}}