{"id":2896,"date":"2017-12-30T21:05:03","date_gmt":"2017-12-30T21:05:03","guid":{"rendered":"http:\/\/biblian.is\/biblian\/s%c2%92raksb%c2%97k-31-kafli\/"},"modified":"2017-12-30T21:05:05","modified_gmt":"2017-12-30T21:05:05","slug":"siraksbok-31-kafli","status":"publish","type":"page","link":"https:\/\/biblian.is\/biblian\/siraksbok-31-kafli\/","title":{"rendered":"S\u00edraksb\u00f3k 31. kafli"},"content":{"rendered":"<h3 class=\"millifyrirsogn_2007\"> Au\u00f0ur veldur vanda<\/h3>\n<p><span class=\"ljodatexti\"> <a name=\"1\"><span class=\"versanumer_ljod\">1<\/span><\/a>Andv\u00f6kur af au\u00f0i ey\u00f0a \u00fer\u00f3tti,<br \/>\u00e1hyggjur hans vegna firra svefni.<br \/> <\/span> <span class=\"ljodatexti\"> <a name=\"2\"><span class=\"versanumer_ljod\">2<\/span><\/a> Kv\u00ed\u00f0i og \u00e1hyggjur varna svefns<br \/>en svefninn l\u00e9ttir sj\u00fakd\u00f3msbyr\u00f0i.<br \/> <\/span> <span class=\"ljodatexti\"> <a name=\"3\"><span class=\"versanumer_ljod\">3<\/span><\/a> R\u00edkur erfi\u00f0ar vi\u00f0 a\u00f0 safna au\u00f0i<br \/>en n\u00fdtur g\u00e6\u00f0a au\u00f0sins \u00feegar hann hv\u00edlist.<br \/> <\/span> <span class=\"ljodatexti\"> <a name=\"4\"><span class=\"versanumer_ljod\">4<\/span><\/a> F\u00e1t\u00e6kur erfi\u00f0ar fyrir knappri l\u00edfsbj\u00f6rg<br \/>og er hann hv\u00edlist l\u00ed\u00f0ur hann skort.<br \/> <\/span> <span class=\"ljodatexti\"> <a name=\"5\"><span class=\"versanumer_ljod\">5<\/span><\/a> S\u00e1 er elskar gulli\u00f0 mun ekki r\u00e9ttl\u00e6ttur<br \/>og s\u00e1 er eltist vi\u00f0 gr\u00f3\u00f0a mun villast. <br \/> <\/span> <span class=\"ljodatexti\"> <a name=\"6\"><span class=\"versanumer_ljod\">6<\/span><\/a> M\u00f6rgum hefur gulli\u00f0 \u00ed \u00f3g\u00e6fu hrundi\u00f0,<br \/>\u00feeir hafa gengi\u00f0 gl\u00f6tun \u00e1 vit.<br \/> <\/span> <span class=\"ljodatexti\"> <a name=\"7\"><span class=\"versanumer_ljod\">7<\/span><\/a> Gull er hr\u00f6sunarhella \u00feeim sem \u00fea\u00f0 heillar,<br \/>s\u00e9rhver heimskingi hrasar um hana.<br \/> <\/span> <span class=\"ljodatexti\"> <a name=\"8\"><span class=\"versanumer_ljod\">8<\/span><\/a> S\u00e6ll er s\u00e1 au\u00f0ma\u00f0ur sem reynist vammlaus<br \/>og ger\u00f0i ei gulli\u00f0 a\u00f0 go\u00f0i s\u00ednu.<br \/> <\/span> <span class=\"ljodatexti\"> <a name=\"9\"><span class=\"versanumer_ljod\">9<\/span><\/a> Hver er hann svo a\u00f0 v\u00e9r megum \u00f3ska honum heilla?<br \/>Hann vann afreksverk hj\u00e1 \u00fej\u00f3\u00f0 sinni.<br \/> <\/span> <span class=\"ljodatexti\"> <a name=\"10\"><span class=\"versanumer_ljod\">10<\/span><\/a> Hver er s\u00e1 fullkomni sem st\u00f3\u00f0st \u00fe\u00e1 pr\u00f3fraun?<br \/>Honum skal ver\u00f0a \u00fea\u00f0 til upphef\u00f0ar.<br \/>Hver gat syndga\u00f0 en ger\u00f0i \u00fea\u00f0 ekki,<br \/>valdi\u00f0 illu en l\u00e9t \u00fea\u00f0 vera?<br \/> <\/span> <span class=\"ljodatexti\"> <a name=\"11\"><span class=\"versanumer_ljod\">11<\/span><\/a> Heill \u00feess manns skal st\u00f6\u00f0ug standa,<br \/>g\u00f3\u00f0verk hans mun samkundan vegsama. <\/span> <\/p>\n<h3 class=\"millifyrirsogn_2007\">Um r\u00e9tta heg\u00f0un vi\u00f0 veislubor\u00f0<\/h3>\n<p><span class=\"ljodatexti\"> <a name=\"12\"><span class=\"versanumer_ljod\">12<\/span><\/a>Sitjir \u00fe\u00fa vi\u00f0 bor\u00f0 sem hla\u00f0i\u00f0 er kr\u00e1sum<br \/>skaltu ekki yfir \u00fev\u00ed g\u00edna<br \/>n\u00e9 heldur segja: \u201eH\u00e9r er af n\u00e6gtum n\u00f3g.\u201c<br \/> <\/span> <span class=\"ljodatexti\"> <a name=\"13\"><span class=\"versanumer_ljod\">13<\/span><\/a> Mundu a\u00f0 \u00f6fundarauga veldur illu.<br \/>Tekur nokku\u00f0 fram girnd augans?<br \/>\u00deess vegna fellir \u00fea\u00f0 t\u00e1r.<br \/> <\/span> <span class=\"ljodatexti\"> <a name=\"14\"><span class=\"versanumer_ljod\">14<\/span><\/a> Teyg eigi h\u00f6nd \u00fe\u00edna eftir \u00fev\u00ed sem annar l\u00edtur,<br \/>\u00fer\u00f6ngva \u00fe\u00e9r ekki a\u00f0 sk\u00e1linni um lei\u00f0 og hann.<br \/> <\/span> <span class=\"ljodatexti\"> <a name=\"15\"><span class=\"versanumer_ljod\">15<\/span><\/a> S\u00fdn n\u00e1unganum \u00fe\u00e1 n\u00e6rg\u00e6tni sem \u00fe\u00fa \u00e6skir sj\u00e1lfur,<br \/>vertu varf\u00e6rinn \u00e1 allan h\u00e1tt.<br \/> <\/span> <span class=\"ljodatexti\"> <a name=\"16\"><span class=\"versanumer_ljod\">16<\/span><\/a> Et eins og ma\u00f0ur \u00fea\u00f0 sem \u00e1 bor\u00f0 er bori\u00f0<br \/>og h\u00e1ma ekki \u00ed \u00feig svo a\u00f0 \u00fe\u00fa vekir ekki vi\u00f0bj\u00f3\u00f0.<br \/> <\/span> <span class=\"ljodatexti\"> <a name=\"17\"><span class=\"versanumer_ljod\">17<\/span><\/a> H\u00e6ttu fyrstur fyrir h\u00e6versku sakir,<br \/>vertu eigi \u00f3se\u00f0jandi svo a\u00f0 \u00fe\u00fa hneykslir a\u00f0ra.<br \/> <\/span> <span class=\"ljodatexti\"> <a name=\"18\"><span class=\"versanumer_ljod\">18<\/span><\/a> \u00deegar \u00fe\u00fa situr me\u00f0 m\u00f6rgum til bor\u00f0s,<br \/>vertu \u00fe\u00e1 ekki fyrstur til a\u00f0 seilast til fanga.<br \/> <\/span> <span class=\"ljodatexti\"> <a name=\"19\"><span class=\"versanumer_ljod\">19<\/span><\/a> S\u00e1 sem er vel aga\u00f0ur l\u00e6tur s\u00e9r l\u00edti\u00f0 n\u00e6gja,<br \/>honum er ekki \u00feungt er hann leggst til svefns.<br \/> <\/span> <span class=\"ljodatexti\"> <a name=\"20\"><span class=\"versanumer_ljod\">20<\/span><\/a> Hollur er svefninn \u00feeim sem matast \u00ed h\u00f3fi, <br \/>hann r\u00eds \u00e1rla sk\u00fdr \u00ed kolli.<br \/>Andv\u00f6kum\u00e6\u00f0u, kveisustingi<br \/>og maga\u00ferautir f\u00e6r s\u00e1 sem etur yfir sig.<br \/> <\/span> <span class=\"ljodatexti\"> <a name=\"21\"><span class=\"versanumer_ljod\">21<\/span><\/a> En hafi \u00fe\u00e9r or\u00f0i\u00f0 illt af of\u00e1ti,<br \/>far \u00fe\u00e1 \u00fat, sel upp og \u00fe\u00e9r l\u00e9ttir.<br \/> <\/span> <span class=\"ljodatexti\"> <a name=\"22\"><span class=\"versanumer_ljod\">22<\/span><\/a> Hl\u00fd\u00f0 \u00e1 mig, barn, og \u00f3vir\u00f0 mig eigi,<br \/>s\u00ed\u00f0ar mun \u00fe\u00e9r sannast a\u00f0 \u00e9g r\u00e9\u00f0 heilt.<br \/>Sinntu hverju verki af kostg\u00e6fni,<br \/>\u00fe\u00e1 mun heilsu \u00feinni aldrei h\u00e6tt.<br \/> <\/span> <span class=\"ljodatexti\"> <a name=\"23\"><span class=\"versanumer_ljod\">23<\/span><\/a> Lofsor\u00f0 hl\u00fdtur s\u00e1 sem veitir vel,<br \/>vitnisbur\u00f0ur um \u00f6rl\u00e6ti hans mun \u00f3hagganlegur.<br \/> <\/span> <span class=\"ljodatexti\"> <a name=\"24\"><span class=\"versanumer_ljod\">24<\/span><\/a> S\u00e1 vekur kurr \u00ed borginni sem illa veitir,<br \/>hann f\u00e6r aldrei nirfilsor\u00f0i\u00f0 af s\u00e9r m\u00e1\u00f0.<br \/> <\/span> <span class=\"ljodatexti\"> <a name=\"25\"><span class=\"versanumer_ljod\">25<\/span><\/a> Reyn eigi a\u00f0 s\u00fdnast kappi vi\u00f0 v\u00edndrykkju, <br \/>v\u00edni\u00f0 hefur margan a\u00f0 velli lagt.<br \/> <\/span> <span class=\"ljodatexti\"> <a name=\"26\"><span class=\"versanumer_ljod\">26<\/span><\/a> Aflinn reynir eggj\u00e1rn \u00ed eldi<br \/>og v\u00edni\u00f0 hjarta\u00f0 \u00feegar ofl\u00e1tar deila.<br \/> <\/span> <span class=\"ljodatexti\"> <a name=\"27\"><span class=\"versanumer_ljod\">27<\/span><\/a> V\u00edni\u00f0 er manninum sem l\u00edfi\u00f0 sj\u00e1lft,<br \/>neyti hann \u00feess \u00ed \u00f6llu h\u00f3fi. <br \/>Hva\u00f0 er l\u00edfi\u00f0 \u00feeim sem brestur v\u00edn?<br \/>\u00dea\u00f0 var fr\u00e1 \u00f6ndver\u00f0u \u00e6tla\u00f0 m\u00f6nnum til gle\u00f0i.<br \/> <\/span> <span class=\"ljodatexti\"> <a name=\"28\"><span class=\"versanumer_ljod\">28<\/span><\/a> Hjartans yndi og gle\u00f0i \u00ed sinni<br \/>er v\u00edn \u00ed h\u00f3fi \u00e1 hentugum t\u00edma. <br \/> <\/span> <span class=\"ljodatexti\"> <a name=\"29\"><span class=\"versanumer_ljod\">29<\/span><\/a> Ofdrykkja veldur bitur\u00f0 \u00ed sinni<br \/>og lei\u00f0ir til illsku og \u00fejarks.<br \/> <\/span> <span class=\"ljodatexti\"> <a name=\"30\"><span class=\"versanumer_ljod\">30<\/span><\/a> \u00d6lvun eykur heimskingja rei\u00f0i uns hann hrasar,<br \/>h\u00fan ey\u00f0ir \u00fer\u00f3tti og veldur s\u00e1rum.<br \/> <\/span> <span class=\"ljodatexti\"> <a name=\"31\"><span class=\"versanumer_ljod\">31<\/span><\/a> \u00c1lasa eigi n\u00e1unga \u00fe\u00ednum er \u00fei\u00f0 sitji\u00f0 a\u00f0 drykkju,<br \/>sm\u00e1na hann ekki \u00feegar hann gle\u00f0st.<br \/>M\u00e6l eigi til hans m\u00f3\u00f0gunaror\u00f0um<br \/>og angra hann ekki me\u00f0 a\u00f0 krefja hann skuldar. <\/span> <\/p>\n","protected":false},"excerpt":{"rendered":"<p>Au\u00f0ur veldur vanda 1Andv\u00f6kur af au\u00f0i ey\u00f0a \u00fer\u00f3tti,\u00e1hyggjur hans vegna firra svefni. 2 Kv\u00ed\u00f0i og \u00e1hyggjur varna svefnsen svefninn l\u00e9ttir sj\u00fakd\u00f3msbyr\u00f0i. 3 R\u00edkur erfi\u00f0ar vi\u00f0 a\u00f0 safna au\u00f0ien n\u00fdtur g\u00e6\u00f0a au\u00f0sins \u00feegar hann hv\u00edlist. 4 F\u00e1t\u00e6kur erfi\u00f0ar fyrir knappri l\u00edfsbj\u00f6rgog er hann hv\u00edlist l\u00ed\u00f0ur hann skort. 5 S\u00e1 er elskar gulli\u00f0 mun ekki r\u00e9ttl\u00e6tturog s\u00e1 er eltist vi\u00f0 gr\u00f3\u00f0a mun villast. 6 M\u00f6rgum hefur gulli\u00f0 \u00ed \u00f3g\u00e6fu hrundi\u00f0,\u00feeir hafa gengi\u00f0 gl\u00f6tun \u00e1 vit. 7 Gull er hr\u00f6sunarhella \u00feeim sem \u00fea\u00f0 heillar,s\u00e9rhver heimskingi hrasar um hana. 8 S\u00e6ll er s\u00e1 au\u00f0ma\u00f0ur sem reynist vammlausog ger\u00f0i ei gulli\u00f0 a\u00f0 go\u00f0i s\u00ednu. 9 <a href=\"https:\/\/biblian.is\/biblian\/siraksbok-31-kafli\/\"> [&#8230;]<\/a><\/p>\n","protected":false},"author":1,"featured_media":0,"parent":0,"menu_order":0,"comment_status":"open","ping_status":"open","template":"bibliukaflar.php","meta":{"footnotes":""},"class_list":["post-2896","page","type-page","status-publish","hentry"],"_links":{"self":[{"href":"https:\/\/biblian.is\/biblian\/wp-json\/wp\/v2\/pages\/2896","targetHints":{"allow":["GET"]}}],"collection":[{"href":"https:\/\/biblian.is\/biblian\/wp-json\/wp\/v2\/pages"}],"about":[{"href":"https:\/\/biblian.is\/biblian\/wp-json\/wp\/v2\/types\/page"}],"author":[{"embeddable":true,"href":"https:\/\/biblian.is\/biblian\/wp-json\/wp\/v2\/users\/1"}],"replies":[{"embeddable":true,"href":"https:\/\/biblian.is\/biblian\/wp-json\/wp\/v2\/comments?post=2896"}],"version-history":[{"count":0,"href":"https:\/\/biblian.is\/biblian\/wp-json\/wp\/v2\/pages\/2896\/revisions"}],"wp:attachment":[{"href":"https:\/\/biblian.is\/biblian\/wp-json\/wp\/v2\/media?parent=2896"}],"curies":[{"name":"wp","href":"https:\/\/api.w.org\/{rel}","templated":true}]}}