{"id":2895,"date":"2017-12-30T21:05:03","date_gmt":"2017-12-30T21:05:03","guid":{"rendered":"http:\/\/biblian.is\/biblian\/s%c2%92raksb%c2%97k-30-kafli\/"},"modified":"2018-01-20T02:55:12","modified_gmt":"2018-01-20T02:55:12","slug":"siraksbok-30-kafli","status":"publish","type":"page","link":"https:\/\/biblian.is\/biblian\/siraksbok-30-kafli\/","title":{"rendered":"S\u00edraksb\u00f3k 30. kafli"},"content":{"rendered":"<h3 class=\"millifyrirsogn_2007\"> Um uppeldi barna<\/h3>\n<p><span class=\"ljodatexti\"> <a name=\"1\"><span class=\"versanumer_ljod\">1<\/span><\/a>S\u00e1 er ann syni s\u00ednum hirtir hann oft <br \/>svo a\u00f0 hann hafi s\u00ed\u00f0ar gle\u00f0i af honum. <br \/> <\/span> <span class=\"ljodatexti\"> <a name=\"2\"><span class=\"versanumer_ljod\">2<\/span><\/a> S\u00e1 er agar son sinn hl\u00fdtur gagn af honum <br \/>og getur hreykt s\u00e9r af honum \u00ed kunningjah\u00f3pi. <br \/> <\/span> <span class=\"ljodatexti\"> <a name=\"3\"><span class=\"versanumer_ljod\">3<\/span><\/a> S\u00e1 er fr\u00e6\u00f0ir son sinn vekur \u00f6fund fjandmanns <br \/>og fagnar yfir honum me\u00f0al vina. <br \/> <\/span> <span class=\"ljodatexti\"> <a name=\"4\"><span class=\"versanumer_ljod\">4<\/span><\/a> \u00deegar fa\u00f0irinn deyr er sem hann s\u00e9 eigi d\u00e1inn <br \/>\u00fev\u00ed a\u00f0 hann hefur eftir l\u00e1ti\u00f0 annan s\u00e9r l\u00edkan. <br \/> <\/span> <span class=\"ljodatexti\"> <a name=\"5\"><span class=\"versanumer_ljod\">5<\/span><\/a> Me\u00f0an hann var l\u00edfs leit hann son og gladdist<br \/>og hrygg\u00f0ist eigi er \u00e6vi lauk.<br \/> <\/span> <span class=\"ljodatexti\"> <a name=\"6\"><span class=\"versanumer_ljod\">6<\/span><\/a> Hann l\u00e6tur \u00feann eftir er \u00e1 \u00f3vinum hefnir<br \/>og launar vinum velvild \u00feeirra.<br \/> <\/span> <span class=\"ljodatexti\"> <a name=\"7\"><span class=\"versanumer_ljod\">7<\/span><\/a> S\u00e1 sem dekrar vi\u00f0 son sinn og bindur um s\u00e1r hans<br \/>\u00f3r\u00f3ast innra vi\u00f0 hvert hans \u00f3p.<br \/> <\/span> <span class=\"ljodatexti\"> <a name=\"8\"><span class=\"versanumer_ljod\">8<\/span><\/a> \u00d3taminn hestur ver\u00f0ur \u00fer\u00e1r<br \/>og \u00ferj\u00f3skur s\u00e1 sonur sem ekkert taumhald er \u00e1.<br \/> <\/span> <span class=\"ljodatexti\"> <a name=\"9\"><span class=\"versanumer_ljod\">9<\/span><\/a> Dekra vi\u00f0 son \u00feinn og hann skelfir \u00feig s\u00ed\u00f0ar,<br \/>leik vi\u00f0 hann og hann mun hryggja \u00feig.<br \/> <\/span> <span class=\"ljodatexti\"> <a name=\"10\"><span class=\"versanumer_ljod\">10<\/span><\/a> Hl\u00e6 eigi me\u00f0 honum, ella muntu \u00fej\u00e1st me\u00f0 honum,<br \/>og loks gn\u00edstir \u00fe\u00fa t\u00f6nnum.<br \/> <\/span> <span class=\"ljodatexti\"> <a name=\"11\"><span class=\"versanumer_ljod\">11<\/span><\/a> L\u00e1t hann ekki fara s\u00ednu fram \u00e1 \u00e6sku\u00e1rum.<br \/>\u00de\u00fa skalt ekki umbera yfirsj\u00f3nir hans, <br \/>l\u00e1t hann hl\u00fd\u00f0a me\u00f0an hann er ungur. <span class=\"nedan_mal\" title=\" \u00deannig \u00ed \u00fdmsum handritum.\">[<\/span> <br \/> <\/span> <span class=\"ljodatexti\"> <a name=\"12\"><span class=\"versanumer_ljod\">12<\/span><\/a> Str\u00fdktu hann um lendar me\u00f0an hann er barn<br \/>svo a\u00f0 hann ver\u00f0i ekki \u00ferj\u00f3skur og \u00f3hl\u00fd\u00f0inn.<br \/> <\/span> <span class=\"ljodatexti\"> <a name=\"13\"><span class=\"versanumer_ljod\">13<\/span><\/a> Aga\u00f0u son \u00feinn og l\u00e1t hann vinna,<br \/>ella kann taumleysi hans a\u00f0 ver\u00f0a \u00fe\u00e9r til falls. <\/span> <\/p>\n<h3 class=\"millifyrirsogn_2007\">Um heilsuna<\/h3>\n<p><span class=\"ljodatexti\"> <a name=\"14\"><span class=\"versanumer_ljod\">14<\/span><\/a>Betra er a\u00f0 vera f\u00e1t\u00e6kur og nj\u00f3ta heilsu og \u00fer\u00f3ttar <br \/>en au\u00f0ugur og \u00fejaka\u00f0ur meinum. <br \/> <\/span> <span class=\"ljodatexti\"> <a name=\"15\"><span class=\"versanumer_ljod\">15<\/span><\/a> Betra en allt veraldarinnar gull er heilsa og \u00fer\u00f3ttur <br \/>og gla\u00f0v\u00e6rt ge\u00f0 <span class=\"nedan_mal\" title=\" Annar lesh\u00e1ttur: sterkur l\u00edkami betri en \u2026\">[<\/span> betra en \u00f3m\u00e6lanlegur au\u00f0ur. <br \/> <\/span> <span class=\"ljodatexti\"> <a name=\"16\"><span class=\"versanumer_ljod\">16<\/span><\/a> Enginn au\u00f0ur er meiri en heilbrig\u00f0i l\u00edkamans, <br \/>engin hamingja \u00e6\u00f0ri gle\u00f0i hjartans. <br \/> <\/span> <span class=\"ljodatexti\"> <a name=\"17\"><span class=\"versanumer_ljod\">17<\/span><\/a> Betri er dau\u00f0inn en kvalafullt l\u00edf, <br \/>eil\u00edf hv\u00edld en st\u00f6\u00f0ug veikindi. <\/span> <\/p>\n<h3 class=\"millifyrirsogn_2007\">Um f\u00e6\u00f0u<\/h3>\n<p><span class=\"ljodatexti\"> <a name=\"18\"><span class=\"versanumer_ljod\">18<\/span><\/a>Lj\u00fafmeti bori\u00f0 a\u00f0 loku\u00f0um munni<br \/>er eins og matgjafir lag\u00f0ar \u00e1 gr\u00f6f. <br \/> <\/span> <span class=\"ljodatexti\"> <a name=\"19\"><span class=\"versanumer_ljod\">19<\/span><\/a> Hva\u00f0a gagn gera f\u00f3rnir go\u00f0amyndum?<br \/>Hvorki geta \u00fe\u00e6r eti\u00f0 n\u00e9 noti\u00f0 ilms.<br \/>Svo er og um \u00feann sem Drottinn hirtir. <br \/> <\/span> <span class=\"ljodatexti\"> <a name=\"20\"><span class=\"versanumer_ljod\">20<\/span><\/a> Hann m\u00e6nir \u00e1 \u00fea\u00f0 sem fyrir augu ber og stynur<br \/>eins og geldingur d\u00e6sir me\u00f0 mey \u00ed \u00f6rmum. <\/span> <\/p>\n<h3 class=\"millifyrirsogn_2007\">Um gle\u00f0i og depur\u00f0<\/h3>\n<p><span class=\"ljodatexti\"> <a name=\"21\"><span class=\"versanumer_ljod\">21<\/span><\/a>Gef s\u00e1l \u00fe\u00edna eigi sorg \u00e1 vald,<br \/>angra ekki sj\u00e1lfan \u00feig \u00e1 \u00e1hyggjum.<br \/> <\/span> <span class=\"ljodatexti\"> <a name=\"22\"><span class=\"versanumer_ljod\">22<\/span><\/a> Gle\u00f0i \u00ed hjarta er m\u00f6nnum l\u00edfgjafi, <br \/>gle\u00f0i manns fj\u00f6lgar l\u00edfd\u00f6gum.<br \/> <\/span> <span class=\"ljodatexti\"> <a name=\"23\"><span class=\"versanumer_ljod\">23<\/span><\/a> Dreif huga \u00fe\u00ednum og hresstu hjarta\u00f0, <br \/>haltu harmi langt fr\u00e1 \u00fe\u00e9r<br \/>\u00fev\u00ed a\u00f0 hugarv\u00edl hefur m\u00f6rgum eytt,<br \/>\u00fea\u00f0 hefur engum hj\u00e1lpa\u00f0 hi\u00f0 minnsta.<br \/> <\/span> <span class=\"ljodatexti\"> <a name=\"24\"><span class=\"versanumer_ljod\">24<\/span><\/a> \u00d6fund og rei\u00f0i stytta \u00e6vina,<br \/>\u00e1hyggjur gera mann gamlan um aldur fram.<br \/> <\/span> <span class=\"ljodatexti\"> <a name=\"25\"><span class=\"versanumer_ljod\">25<\/span><\/a> \u00deeim sem \u00e1 bjart sinni og sn\u00e6\u00f0ir me\u00f0 gle\u00f0i<br \/>mun ver\u00f0a gott af \u00fev\u00ed sem hann neytir. <\/span> <\/p>\n","protected":false},"excerpt":{"rendered":"<p>Um uppeldi barna 1S\u00e1 er ann syni s\u00ednum hirtir hann oft svo a\u00f0 hann hafi s\u00ed\u00f0ar gle\u00f0i af honum. 2 S\u00e1 er agar son sinn hl\u00fdtur gagn af honum og getur hreykt s\u00e9r af honum \u00ed kunningjah\u00f3pi. 3 S\u00e1 er fr\u00e6\u00f0ir son sinn vekur \u00f6fund fjandmanns og fagnar yfir honum me\u00f0al vina. 4 \u00deegar fa\u00f0irinn deyr er sem hann s\u00e9 eigi d\u00e1inn \u00fev\u00ed a\u00f0 hann hefur eftir l\u00e1ti\u00f0 annan s\u00e9r l\u00edkan. 5 Me\u00f0an hann var l\u00edfs leit hann son og gladdistog hrygg\u00f0ist eigi er \u00e6vi lauk. 6 Hann l\u00e6tur \u00feann eftir er \u00e1 \u00f3vinum hefnirog launar vinum velvild \u00feeirra. 7 <a href=\"https:\/\/biblian.is\/biblian\/siraksbok-30-kafli\/\"> [&#8230;]<\/a><\/p>\n","protected":false},"author":1,"featured_media":0,"parent":0,"menu_order":0,"comment_status":"open","ping_status":"open","template":"bibliukaflar.php","meta":{"footnotes":""},"class_list":["post-2895","page","type-page","status-publish","hentry"],"_links":{"self":[{"href":"https:\/\/biblian.is\/biblian\/wp-json\/wp\/v2\/pages\/2895","targetHints":{"allow":["GET"]}}],"collection":[{"href":"https:\/\/biblian.is\/biblian\/wp-json\/wp\/v2\/pages"}],"about":[{"href":"https:\/\/biblian.is\/biblian\/wp-json\/wp\/v2\/types\/page"}],"author":[{"embeddable":true,"href":"https:\/\/biblian.is\/biblian\/wp-json\/wp\/v2\/users\/1"}],"replies":[{"embeddable":true,"href":"https:\/\/biblian.is\/biblian\/wp-json\/wp\/v2\/comments?post=2895"}],"version-history":[{"count":0,"href":"https:\/\/biblian.is\/biblian\/wp-json\/wp\/v2\/pages\/2895\/revisions"}],"wp:attachment":[{"href":"https:\/\/biblian.is\/biblian\/wp-json\/wp\/v2\/media?parent=2895"}],"curies":[{"name":"wp","href":"https:\/\/api.w.org\/{rel}","templated":true}]}}