{"id":2887,"date":"2017-12-30T21:05:03","date_gmt":"2017-12-30T21:05:03","guid":{"rendered":"http:\/\/biblian.is\/biblian\/s%c2%92raksb%c2%97k-22-kafli\/"},"modified":"2017-12-30T21:05:04","modified_gmt":"2017-12-30T21:05:04","slug":"siraksbok-22-kafli","status":"publish","type":"page","link":"https:\/\/biblian.is\/biblian\/siraksbok-22-kafli\/","title":{"rendered":"S\u00edraksb\u00f3k 22. kafli"},"content":{"rendered":"<h3 class=\"millifyrirsogn_2007\"> Leti og heimska<\/h3>\n<p><span class=\"ljodatexti\"> <a name=\"1\"><span class=\"versanumer_ljod\">1<\/span><\/a>Letinginn l\u00edkist saurugum steini, <br \/>allir fussa vi\u00f0 sm\u00e1n hans.<br \/> <\/span> <span class=\"ljodatexti\"> <a name=\"2\"><span class=\"versanumer_ljod\">2<\/span><\/a> Letinginn l\u00edkist mykjuslettu,<br \/>s\u00e1 sem snertir hana ver\u00f0ur a\u00f0 hrista h\u00f6ndina.<br \/> <\/span> <span class=\"ljodatexti\"> <a name=\"3\"><span class=\"versanumer_ljod\">3<\/span><\/a> \u00d3aga\u00f0ur sonur er f\u00f6\u00f0ur blyg\u00f0un, <br \/>\u00f3si\u00f0u\u00f0 d\u00f3ttir ver\u00f0ur honum til ska\u00f0a.<br \/> <\/span> <span class=\"ljodatexti\"> <a name=\"4\"><span class=\"versanumer_ljod\">4<\/span><\/a> Hyggin d\u00f3ttir au\u00f0gar eiginmann sinn<br \/>en \u00f3skammfeilin hryggir f\u00f6\u00f0ur sinn.<br \/> <\/span> <span class=\"ljodatexti\"> <a name=\"5\"><span class=\"versanumer_ljod\">5<\/span><\/a> Skassi\u00f0 gerir f\u00f6\u00f0ur og manni sk\u00f6mm<br \/>og hl\u00fdtur fyrirlitningu beggja.<br \/> <\/span> <span class=\"ljodatexti\"> <a name=\"6\"><span class=\"versanumer_ljod\">6<\/span><\/a> Fr\u00e6\u00f0sla \u00ed \u00f3t\u00edma er eins og gle\u00f0is\u00f6ngur \u00ed sorgarh\u00fasi <br \/>en \u00f6gun me\u00f0 hr\u00edsvendi \u00e1 alltaf vi\u00f0.<br \/> <\/span> <span class=\"ljodatexti\"> <a name=\"7\"><span class=\"versanumer_ljod\">7<\/span><\/a> Vel uppalin b\u00f6rn hylja l\u00e1gan uppruna foreldranna <br \/> <\/span> <span class=\"ljodatexti\"> <a name=\"8\"><span class=\"versanumer_ljod\">8<\/span><\/a> en hrokafull og \u00f3uppalin b\u00f6rn eru flekkur \u00e1 tignustu \u00e6tt. <span class=\"nedan_mal\" title=\" \u00deannig \u00ed \u00fdmsum handritum.\">[<\/span> <br \/> <\/span> <span class=\"ljodatexti\"> <a name=\"9\"><span class=\"versanumer_ljod\">9<\/span><\/a> S\u00e1 sem fr\u00e6\u00f0ir heimskingja er l\u00edkur \u00feeim<br \/>sem l\u00edmir broti\u00f0 ker<br \/>e\u00f0a r\u00edfur upp mann af fastasvefni.<br \/> <\/span> <span class=\"ljodatexti\"> <a name=\"10\"><span class=\"versanumer_ljod\">10<\/span><\/a> A\u00f0 lei\u00f0beina heimskingja<br \/>er eins og a\u00f0 segja svefndrukknum til,<br \/>a\u00f0 lokum segir hann: \u201eHva\u00f0 varstu a\u00f0 segja?\u201c<br \/> <\/span> <span class=\"ljodatexti\"> <a name=\"11\"><span class=\"versanumer_ljod\">11<\/span><\/a> Gr\u00e1t l\u00e1tinn mann \u00fev\u00ed lj\u00f3si\u00f0 er honum horfi\u00f0,<br \/>gr\u00e1t heimskan mann \u00fev\u00ed a\u00f0 honum er viti\u00f0 horfi\u00f0.<br \/>Still harm \u00feinn yfir d\u00e1num, hann er til hv\u00edldar genginn,<br \/>en l\u00edf heimskingjans er dapurlegra en dau\u00f0inn.<br \/> <\/span> <span class=\"ljodatexti\"> <a name=\"12\"><span class=\"versanumer_ljod\">12<\/span><\/a> L\u00e1tinn er syrg\u00f0ur \u00ed sj\u00f6 daga, <br \/>gu\u00f0laus heimskingi veldur harmi me\u00f0an hann lifir.<br \/> <\/span> <span class=\"ljodatexti\"> <a name=\"13\"><span class=\"versanumer_ljod\">13<\/span><\/a> Eyddu eigi m\u00f6rgum or\u00f0um \u00e1 einfeldning,<br \/>legg ekki lei\u00f0 \u00fe\u00edna til \u00f3skynsamra.<br \/>Varastu hann svo a\u00f0 \u00fe\u00fa firrir \u00feig vanda<br \/>og f\u00e1ir eigi slettu er hann skekur sig.<br \/>V\u00edk \u00far vegi hans svo a\u00f0 \u00fe\u00fa f\u00e1ir fri\u00f0<br \/>og f\u00e1v\u00edsi hans valdi \u00fe\u00e9r eigi l\u00faa.<br \/> <\/span> <span class=\"ljodatexti\"> <a name=\"14\"><span class=\"versanumer_ljod\">14<\/span><\/a> Hva\u00f0 er \u00fea\u00f0 sem \u00ed\u00feyngir meira en bl\u00fd? <br \/>Hva\u00f0 er \u00fea\u00f0 anna\u00f0 en heimskingi? <br \/> <\/span> <span class=\"ljodatexti\"> <a name=\"15\"><span class=\"versanumer_ljod\">15<\/span><\/a> Sandur, salt og j\u00e1rnklumpur<br \/>er l\u00e9ttari byr\u00f0i en f\u00e1v\u00eds ma\u00f0ur. <br \/> <\/span> <span class=\"ljodatexti\"> <a name=\"16\"><span class=\"versanumer_ljod\">16<\/span><\/a> Bj\u00e1lkagrind, sem greypt er \u00ed steinvegg,<br \/>losnar eigi \u00fe\u00f3tt j\u00f6r\u00f0in bifist.<br \/>Eins er um hjarta, sem sty\u00f0st vi\u00f0 \u00fathugsu\u00f0 r\u00e1\u00f0,<br \/>\u00fea\u00f0 brestur ei kjark er \u00e1 \u00fearf a\u00f0 halda.<br \/> <\/span> <span class=\"ljodatexti\"> <a name=\"17\"><span class=\"versanumer_ljod\">17<\/span><\/a> Hjarta, sem styrkt er hygginda r\u00e1\u00f0i,<br \/>er sem l\u00e1gmynd \u00e1 sl\u00e9ttum m\u00farvegg.<br \/> <\/span> <span class=\"ljodatexti\"> <a name=\"18\"><span class=\"versanumer_ljod\">18<\/span><\/a> Sm\u00e1v\u00f6lur, sem liggja h\u00e6st \u00e1 h\u00e6\u00f0,<br \/>haldast ekki kyrrar er stormurinn bl\u00e6s.<br \/>Eins er um hjarta, sem er deigt af heimsku r\u00e1\u00f0i,<br \/>\u00fea\u00f0 f\u00e6r ekkert sta\u00f0ist sem \u00f3gnar. <\/span> <\/p>\n<h3 class=\"millifyrirsogn_2007\">Um vin\u00e1ttu<\/h3>\n<p><span class=\"ljodatexti\"> <a name=\"19\"><span class=\"versanumer_ljod\">19<\/span><\/a>S\u00e6rindi \u00e1 auga koma \u00fat t\u00e1rum,<br \/>\u00fea\u00f0 sem hjarta\u00f0 n\u00edstir afhj\u00fapar veikleik \u00feess.<br \/> <\/span> <span class=\"ljodatexti\"> <a name=\"20\"><span class=\"versanumer_ljod\">20<\/span><\/a> S\u00e1 f\u00e6lir brott fugla sem varpar a\u00f0 \u00feeim steini,<br \/>s\u00e1 sem brigslar vini sl\u00edtur vin\u00e1ttu.<br \/> <\/span> <span class=\"ljodatexti\"> <a name=\"21\"><span class=\"versanumer_ljod\">21<\/span><\/a> \u00de\u00f3tt \u00fe\u00fa hafir brug\u00f0i\u00f0 sver\u00f0i gegn g\u00f3\u00f0vini,<br \/>\u00f6rv\u00e6ntu ekki \u00fev\u00ed a\u00f0 enn m\u00e1 sn\u00faa vi\u00f0.<br \/> <\/span> <span class=\"ljodatexti\"> <a name=\"22\"><span class=\"versanumer_ljod\">22<\/span><\/a> Hafir \u00fe\u00fa m\u00e6lt gegn g\u00f3\u00f0vini,<br \/>vertu samt \u00f3smeykur \u00fev\u00ed a\u00f0 enn m\u00e1 n\u00e1 s\u00e1ttum.<br \/>En brigslyr\u00f0i, hroka, tr\u00fana\u00f0arbrot og n\u00ed\u00f0,<br \/>sl\u00edkt mun s\u00e9rhver vinur fl\u00fdja.<br \/> <\/span> <span class=\"ljodatexti\"> <a name=\"23\"><span class=\"versanumer_ljod\">23<\/span><\/a> \u00c1vinn traust n\u00e1unga \u00fe\u00edns me\u00f0an hann er f\u00e1t\u00e6kur<br \/>svo a\u00f0 \u00fe\u00fa f\u00e1ir gla\u00f0st \u00feegar hann au\u00f0gast.<br \/>Veit honum sto\u00f0 er a\u00f0 honum sverfur<br \/>svo a\u00f0 \u00fe\u00fa f\u00e1ir hlutdeild \u00ed happi hans.<br \/>Ekki skyldi \u00e6t\u00ed\u00f0 fyrirl\u00edta kr\u00f6pp kj\u00f6r<br \/>og ekki skyldi d\u00e1 au\u00f0mann s\u00e9 hann heimskur. <span class=\"nedan_mal\" title=\" \u00deannig \u00ed \u00fdmsum handritum.\">[<\/span> <br \/> <\/span> <span class=\"ljodatexti\"> <a name=\"24\"><span class=\"versanumer_ljod\">24<\/span><\/a> Reykur og sv\u00e6la fara \u00e1 undan eldi,<br \/>eins eru illdeilur fyrr en bl\u00f3\u00f0 fl\u00fdtur.<br \/> <\/span> <span class=\"ljodatexti\"> <a name=\"25\"><span class=\"versanumer_ljod\">25<\/span><\/a> Ekki skal \u00e9g blyg\u00f0ast m\u00edn fyrir a\u00f0 vernda vin<br \/>og aldrei fela mig fyrir honum.<br \/> <\/span> <span class=\"ljodatexti\"> <a name=\"26\"><span class=\"versanumer_ljod\">26<\/span><\/a> En hendi mig illt af v\u00f6ldum hans<br \/>munu allir sem um \u00fea\u00f0 heyra varast hann. <\/span> <\/p>\n<h3 class=\"millifyrirsogn_2007\">B\u00e6n um hj\u00e1lp til a\u00f0 syndga ekki<\/h3>\n<p><span class=\"ljodatexti\"> <a name=\"27\"><span class=\"versanumer_ljod\">27<\/span><\/a> Hver mun standa v\u00f6r\u00f0 um munn minn <br \/>og setja tryggt innsigli visku \u00e1 varir m\u00ednar <br \/>svo a\u00f0 \u00fe\u00e6r ver\u00f0i m\u00e9r eigi til falls <br \/>og tunga m\u00edn steypi m\u00e9r ekki \u00ed gl\u00f6tun? <\/span> <\/p>\n","protected":false},"excerpt":{"rendered":"<p>Leti og heimska 1Letinginn l\u00edkist saurugum steini, allir fussa vi\u00f0 sm\u00e1n hans. 2 Letinginn l\u00edkist mykjuslettu,s\u00e1 sem snertir hana ver\u00f0ur a\u00f0 hrista h\u00f6ndina. 3 \u00d3aga\u00f0ur sonur er f\u00f6\u00f0ur blyg\u00f0un, \u00f3si\u00f0u\u00f0 d\u00f3ttir ver\u00f0ur honum til ska\u00f0a. 4 Hyggin d\u00f3ttir au\u00f0gar eiginmann sinnen \u00f3skammfeilin hryggir f\u00f6\u00f0ur sinn. 5 Skassi\u00f0 gerir f\u00f6\u00f0ur og manni sk\u00f6mmog hl\u00fdtur fyrirlitningu beggja. 6 Fr\u00e6\u00f0sla \u00ed \u00f3t\u00edma er eins og gle\u00f0is\u00f6ngur \u00ed sorgarh\u00fasi en \u00f6gun me\u00f0 hr\u00edsvendi \u00e1 alltaf vi\u00f0. 7 Vel uppalin b\u00f6rn hylja l\u00e1gan uppruna foreldranna 8 en hrokafull og \u00f3uppalin b\u00f6rn eru flekkur \u00e1 tignustu \u00e6tt. [ 9 S\u00e1 sem fr\u00e6\u00f0ir heimskingja er l\u00edkur \u00feeimsem <a href=\"https:\/\/biblian.is\/biblian\/siraksbok-22-kafli\/\"> [&#8230;]<\/a><\/p>\n","protected":false},"author":1,"featured_media":0,"parent":0,"menu_order":0,"comment_status":"open","ping_status":"open","template":"bibliukaflar.php","meta":{"footnotes":""},"class_list":["post-2887","page","type-page","status-publish","hentry"],"_links":{"self":[{"href":"https:\/\/biblian.is\/biblian\/wp-json\/wp\/v2\/pages\/2887","targetHints":{"allow":["GET"]}}],"collection":[{"href":"https:\/\/biblian.is\/biblian\/wp-json\/wp\/v2\/pages"}],"about":[{"href":"https:\/\/biblian.is\/biblian\/wp-json\/wp\/v2\/types\/page"}],"author":[{"embeddable":true,"href":"https:\/\/biblian.is\/biblian\/wp-json\/wp\/v2\/users\/1"}],"replies":[{"embeddable":true,"href":"https:\/\/biblian.is\/biblian\/wp-json\/wp\/v2\/comments?post=2887"}],"version-history":[{"count":0,"href":"https:\/\/biblian.is\/biblian\/wp-json\/wp\/v2\/pages\/2887\/revisions"}],"wp:attachment":[{"href":"https:\/\/biblian.is\/biblian\/wp-json\/wp\/v2\/media?parent=2887"}],"curies":[{"name":"wp","href":"https:\/\/api.w.org\/{rel}","templated":true}]}}