{"id":2883,"date":"2017-12-30T21:05:03","date_gmt":"2017-12-30T21:05:03","guid":{"rendered":"http:\/\/biblian.is\/biblian\/s%c2%92raksb%c2%97k-18-kafli\/"},"modified":"2017-12-30T21:05:04","modified_gmt":"2017-12-30T21:05:04","slug":"siraksbok-18-kafli","status":"publish","type":"page","link":"https:\/\/biblian.is\/biblian\/siraksbok-18-kafli\/","title":{"rendered":"S\u00edraksb\u00f3k 18. kafli"},"content":{"rendered":"<h3 class=\"millifyrirsogn_2007\"> D\u00fdr\u00f0 Gu\u00f0s<\/h3>\n<p><span class=\"ljodatexti\"> <a name=\"1\"><span class=\"versanumer_ljod\">1<\/span><\/a>S\u00e1 sem lifir a\u00f0 eil\u00edfu skapa\u00f0i allt \u00ed heimi. <br \/> <\/span> <span class=\"ljodatexti\"> <a name=\"2\"><span class=\"versanumer_ljod\">2<\/span><\/a>Drottinn einn er r\u00e9ttl\u00e1tur. <br \/>Enginn er Gu\u00f0 nema hann einn. <br \/> <\/span> <span class=\"ljodatexti\"> <a name=\"3\"><span class=\"versanumer_ljod\">3<\/span><\/a> Hann stj\u00f3rnar ver\u00f6ldinni me\u00f0 hendi sinni<br \/>og allt ver\u00f0ur a\u00f0 l\u00fata vilja hans.<br \/>Hann r\u00edkir \u00ed m\u00e6tti s\u00ednum yfir \u00f6llu sem er<br \/>og greinir heilagt fr\u00e1 vanhelgu. <span class=\"nedan_mal\" title=\" \u00deannig \u00ed \u00fdmsum handritum.\">[<\/span> <br \/> <\/span> <span class=\"ljodatexti\"> <a name=\"4\"><span class=\"versanumer_ljod\">4<\/span><\/a> Engum l\u00e9t hann au\u00f0nast a\u00f0 \u00fatsk\u00fdra verk s\u00edn,<br \/>hver getur rannsaka\u00f0 d\u00e1semdarverk hans til hl\u00edtar?<br \/> <\/span> <span class=\"ljodatexti\"> <a name=\"5\"><span class=\"versanumer_ljod\">5<\/span><\/a> Hver m\u00e1 m\u00e6la hve m\u00e1ttur hans er mikill?<br \/>Hver getur l\u00fdst miskunnarverkum hans a\u00f0 fullu? <br \/> <\/span> <span class=\"ljodatexti\"> <a name=\"6\"><span class=\"versanumer_ljod\">6<\/span><\/a> Hvorki ver\u00f0ur \u00far \u00feeim dregi\u00f0 n\u00e9 vi\u00f0 \u00feau b\u00e6tt,<br \/>enginn kannar til hl\u00edtar d\u00e1semdir Drottins. <br \/> <\/span> <span class=\"ljodatexti\"> <a name=\"7\"><span class=\"versanumer_ljod\">7<\/span><\/a> \u00deegar ma\u00f0urinn \u00e6tlar sig hafa loki\u00f0 \u00fev\u00ed<br \/>\u00fe\u00e1 er hann r\u00e9tt a\u00f0 byrja,<br \/>\u00feegar hann h\u00e6ttir veit hann vart sitt rj\u00fakandi r\u00e1\u00f0. <\/span> <\/p>\n<h3 class=\"millifyrirsogn_2007\">Sm\u00e6\u00f0 manns<\/h3>\n<p><span class=\"ljodatexti\"> <a name=\"8\"><span class=\"versanumer_ljod\">8<\/span><\/a>Hva\u00f0 er ma\u00f0urinn og til hvers er hann n\u00fdtur?<br \/>Hi\u00f0 g\u00f3\u00f0a e\u00f0a illa sem hann gerir, hva\u00f0 er \u00fea\u00f0? <br \/> <\/span> <span class=\"ljodatexti\"> <a name=\"9\"><span class=\"versanumer_ljod\">9<\/span><\/a> Allir \u00e6vidagar mannsins<br \/>eru \u00ed h\u00e6sta lagi hundra\u00f0 \u00e1r. <br \/> <\/span> <span class=\"ljodatexti\"> <a name=\"10\"><span class=\"versanumer_ljod\">10<\/span><\/a> L\u00edkt og dropi \u00ed hafi\u00f0, sandkorn eitt,<br \/>eru \u00feau f\u00e1u \u00e1r mi\u00f0a\u00f0 vi\u00f0 eil\u00edf\u00f0.<br \/> <\/span> <span class=\"ljodatexti\"> <a name=\"11\"><span class=\"versanumer_ljod\">11<\/span><\/a> \u00deess vegna er Drottinn \u00feolinm\u00f3\u00f0ur m\u00f6nnum<br \/>og au\u00f0s\u00fdnir \u00feeim miskunn. <br \/> <\/span> <span class=\"ljodatexti\"> <a name=\"12\"><span class=\"versanumer_ljod\">12<\/span><\/a> Hann s\u00e9r og veit a\u00f0 endalok \u00feeirra eru ill,<br \/>\u00fev\u00ed er hann f\u00fas a\u00f0 fyrirgefa miki\u00f0.<br \/> <\/span> <span class=\"ljodatexti\"> <a name=\"13\"><span class=\"versanumer_ljod\">13<\/span><\/a> Miskunn manns n\u00e6r til n\u00e1unga hans<br \/>en miskunn Drottins til allra manna. <br \/>Hann lei\u00f0beinir, agar og fr\u00e6\u00f0ir,<br \/>lei\u00f0ir hj\u00f6r\u00f0 s\u00edna heim eins og hir\u00f0ir.<br \/> <\/span> <span class=\"ljodatexti\"> <a name=\"14\"><span class=\"versanumer_ljod\">14<\/span><\/a> Hann er miskunnsamur \u00feeim sem hl\u00fd\u00f0ir umv\u00f6ndun<br \/>og \u00feeim sem l\u00e1ta s\u00e9r annt um bo\u00f0or\u00f0 hans. <\/span> <\/p>\n<h3 class=\"millifyrirsogn_2007\">G\u00f3\u00f0vild og k\u00e6rleiksverk<\/h3>\n<p><span class=\"ljodatexti\"> <a name=\"15\"><span class=\"versanumer_ljod\">15<\/span><\/a>Barni\u00f0 mitt, l\u00e1ttu ekki skammir fylgja g\u00f3\u00f0verki,<br \/>s\u00e6r\u00f0u ei \u00feann sem \u00feiggur gj\u00f6f \u00fe\u00edna.<br \/> <\/span> <span class=\"ljodatexti\"> <a name=\"16\"><span class=\"versanumer_ljod\">16<\/span><\/a> Eins og d\u00f6gg svalar \u00ed s\u00f3larhita<br \/>taka vingjarnleg or\u00f0 gj\u00f6finni fram.<br \/> <\/span> <span class=\"ljodatexti\"> <a name=\"17\"><span class=\"versanumer_ljod\">17<\/span><\/a> Er or\u00f0 ekki betra en g\u00f3\u00f0 gj\u00f6f?<br \/>Hvort tveggja fylgist a\u00f0 hj\u00e1 g\u00f6fuglyndum manni.<br \/> <\/span> <span class=\"ljodatexti\"> <a name=\"18\"><span class=\"versanumer_ljod\">18<\/span><\/a> Heimskur ma\u00f0ur lastar um lei\u00f0 og hann gefur,<br \/>gj\u00f6f nirfils slekkur gle\u00f0iblik \u00ed auga. <\/span> <\/p>\n<h3 class=\"millifyrirsogn_2007\">Um sj\u00e1lfssko\u00f0un<\/h3>\n<p><span class=\"ljodatexti\"> <a name=\"19\"><span class=\"versanumer_ljod\">19<\/span><\/a>Afla \u00fe\u00e9r \u00feekkingar \u00e1\u00f0ur en \u00fe\u00fa talar, <br \/>hygg a\u00f0 heilsunni \u00e1\u00f0ur en \u00fe\u00fa veikist.<br \/> <\/span> <span class=\"ljodatexti\"> <a name=\"20\"><span class=\"versanumer_ljod\">20<\/span><\/a> Rannsaka sj\u00e1lfan \u00feig \u00e1\u00f0ur en til d\u00f3ms kemur,<br \/>\u00fe\u00e1 mun \u00fe\u00e9r fyrirgefi\u00f0 \u00e1 vitjunart\u00edma. <br \/> <\/span> <span class=\"ljodatexti\"> <a name=\"21\"><span class=\"versanumer_ljod\">21<\/span><\/a> Au\u00f0m\u00fdk \u00feig \u00e1\u00f0ur en heilsan bregst \u00fe\u00e9r, <br \/>au\u00f0s\u00fdn i\u00f0run um lei\u00f0 og \u00fe\u00fa syndgar.<br \/> <\/span> <span class=\"ljodatexti\"> <a name=\"22\"><span class=\"versanumer_ljod\">22<\/span><\/a> L\u00e1t ekkert hindra \u00feig \u00ed a\u00f0 halda heit \u00fe\u00edn \u00ed t\u00edma,<br \/>fresta eigi til d\u00e1nard\u00e6gurs a\u00f0 uppfylla \u00feau. <br \/> <\/span> <span class=\"ljodatexti\"> <a name=\"23\"><span class=\"versanumer_ljod\">23<\/span><\/a> \u00c1\u00f0ur en \u00fe\u00fa strengir heit skaltu hugsa \u00feitt r\u00e1\u00f0,<br \/>ver eigi l\u00edkur \u00feeim manni sem freistar Drottins. <br \/> <\/span> <span class=\"ljodatexti\"> <a name=\"24\"><span class=\"versanumer_ljod\">24<\/span><\/a> Minnstu rei\u00f0innar sem kemur vi\u00f0 endi daga,<br \/>stund hegningarinnar er Drottinn sn\u00fdr \u00e1sj\u00f3nu sinni fr\u00e1 \u00fe\u00e9r. <br \/> <\/span> <span class=\"ljodatexti\"> <a name=\"25\"><span class=\"versanumer_ljod\">25<\/span><\/a> Minnstu hungursney\u00f0ar \u00e1 n\u00e6gtat\u00edma, <br \/>f\u00e1t\u00e6ktar og skorts \u00e1 au\u00f0s\u00e6ldard\u00f6gum. <br \/> <\/span> <span class=\"ljodatexti\"> <a name=\"26\"><span class=\"versanumer_ljod\">26<\/span><\/a> Margt getur breyst fr\u00e1 morgni til kv\u00f6lds, <br \/>fyrir Drottni er allt \u00e1 fleygifer\u00f0. <br \/> <\/span> <span class=\"ljodatexti\"> <a name=\"27\"><span class=\"versanumer_ljod\">27<\/span><\/a> Vitur ma\u00f0ur g\u00e6tir var\u00fa\u00f0ar \u00ed \u00f6llu <br \/>og for\u00f0ast sekt \u00e1 syndat\u00ed\u00f0.<br \/> <\/span> <span class=\"ljodatexti\"> <a name=\"28\"><span class=\"versanumer_ljod\">28<\/span><\/a> S\u00e9rhver skynsamur ma\u00f0ur getur \u00feekkt spekina <br \/>og lofar \u00feann sem finnur hana. <br \/> <\/span> <span class=\"ljodatexti\"> <a name=\"29\"><span class=\"versanumer_ljod\">29<\/span><\/a> \u00deeir sem i\u00f0ka fr\u00e6\u00f0in ver\u00f0a sj\u00e1lfir vitrir, <br \/>fr\u00e1 \u00feeim streyma hnitmi\u00f0u\u00f0 spakm\u00e6li. <\/span> <\/p>\n<h3 class=\"millifyrirsogn_2007\">Um sj\u00e1lfsstj\u00f3rn<\/h3>\n<p><span class=\"ljodatexti\"> <a name=\"30\"><span class=\"versanumer_ljod\">30<\/span><\/a> L\u00e1ttu ekki teymast af f\u00fdsnum \u00fe\u00ednum <br \/>og haf\u00f0u taumhald \u00e1 girndum \u00fe\u00ednum. <br \/> <\/span> <span class=\"ljodatexti\"> <a name=\"31\"><span class=\"versanumer_ljod\">31<\/span><\/a> Leyfir \u00fe\u00fa s\u00e1l \u00feinni a\u00f0 se\u00f0jast af nautnum<br \/>ver\u00f0ur \u00fe\u00fa athl\u00e6gi \u00f3vina \u00feinna.<br \/> <\/span> <span class=\"ljodatexti\"> <a name=\"32\"><span class=\"versanumer_ljod\">32<\/span><\/a> Leita ei gle\u00f0i \u00ed \u00f3h\u00f3fsl\u00edfi,<br \/>\u00fea\u00f0 kann a\u00f0 lei\u00f0a \u00f6rbirg\u00f0 yfir \u00feig.<br \/> <\/span> <span class=\"ljodatexti\"> <a name=\"33\"><span class=\"versanumer_ljod\">33<\/span><\/a> Gj\u00f6r \u00feig ei snau\u00f0an me\u00f0 veislum fyrir l\u00e1nsf\u00e9<br \/>er \u00fe\u00fa sj\u00e1lfur \u00e1tt ekkert \u00ed pyngju \u00feinni. <\/span> <\/p>\n","protected":false},"excerpt":{"rendered":"<p>D\u00fdr\u00f0 Gu\u00f0s 1S\u00e1 sem lifir a\u00f0 eil\u00edfu skapa\u00f0i allt \u00ed heimi. 2Drottinn einn er r\u00e9ttl\u00e1tur. Enginn er Gu\u00f0 nema hann einn. 3 Hann stj\u00f3rnar ver\u00f6ldinni me\u00f0 hendi sinniog allt ver\u00f0ur a\u00f0 l\u00fata vilja hans.Hann r\u00edkir \u00ed m\u00e6tti s\u00ednum yfir \u00f6llu sem erog greinir heilagt fr\u00e1 vanhelgu. [ 4 Engum l\u00e9t hann au\u00f0nast a\u00f0 \u00fatsk\u00fdra verk s\u00edn,hver getur rannsaka\u00f0 d\u00e1semdarverk hans til hl\u00edtar? 5 Hver m\u00e1 m\u00e6la hve m\u00e1ttur hans er mikill?Hver getur l\u00fdst miskunnarverkum hans a\u00f0 fullu? 6 Hvorki ver\u00f0ur \u00far \u00feeim dregi\u00f0 n\u00e9 vi\u00f0 \u00feau b\u00e6tt,enginn kannar til hl\u00edtar d\u00e1semdir Drottins. 7 \u00deegar ma\u00f0urinn \u00e6tlar sig hafa loki\u00f0 \u00fev\u00ed\u00fe\u00e1 <a href=\"https:\/\/biblian.is\/biblian\/siraksbok-18-kafli\/\"> [&#8230;]<\/a><\/p>\n","protected":false},"author":1,"featured_media":0,"parent":0,"menu_order":0,"comment_status":"open","ping_status":"open","template":"bibliukaflar.php","meta":{"footnotes":""},"class_list":["post-2883","page","type-page","status-publish","hentry"],"_links":{"self":[{"href":"https:\/\/biblian.is\/biblian\/wp-json\/wp\/v2\/pages\/2883","targetHints":{"allow":["GET"]}}],"collection":[{"href":"https:\/\/biblian.is\/biblian\/wp-json\/wp\/v2\/pages"}],"about":[{"href":"https:\/\/biblian.is\/biblian\/wp-json\/wp\/v2\/types\/page"}],"author":[{"embeddable":true,"href":"https:\/\/biblian.is\/biblian\/wp-json\/wp\/v2\/users\/1"}],"replies":[{"embeddable":true,"href":"https:\/\/biblian.is\/biblian\/wp-json\/wp\/v2\/comments?post=2883"}],"version-history":[{"count":0,"href":"https:\/\/biblian.is\/biblian\/wp-json\/wp\/v2\/pages\/2883\/revisions"}],"wp:attachment":[{"href":"https:\/\/biblian.is\/biblian\/wp-json\/wp\/v2\/media?parent=2883"}],"curies":[{"name":"wp","href":"https:\/\/api.w.org\/{rel}","templated":true}]}}