{"id":2880,"date":"2017-12-30T21:05:03","date_gmt":"2017-12-30T21:05:03","guid":{"rendered":"http:\/\/biblian.is\/biblian\/s%c2%92raksb%c2%97k-15-kafli\/"},"modified":"2017-12-30T21:05:04","modified_gmt":"2017-12-30T21:05:04","slug":"siraksbok-15-kafli","status":"publish","type":"page","link":"https:\/\/biblian.is\/biblian\/siraksbok-15-kafli\/","title":{"rendered":"S\u00edraksb\u00f3k 15. kafli"},"content":{"rendered":"<p><span class=\"ljodatexti\"> <a name=\"1\"><span class=\"versanumer_ljod\">1<\/span><\/a>\u00deannig breytir s\u00e1 sem \u00f3ttast Drottin, <br \/>s\u00e1 sem \u00feekkir l\u00f6gm\u00e1li\u00f0 mun spekina hlj\u00f3ta. <br \/> <\/span> <span class=\"ljodatexti\"> <a name=\"2\"><span class=\"versanumer_ljod\">2<\/span><\/a> H\u00fan kemur til m\u00f3ts vi\u00f0 hann eins og m\u00f3\u00f0ir, <br \/>fagnar honum l\u00edkt og ung br\u00fa\u00f0ur. <br \/> <\/span> <span class=\"ljodatexti\"> <a name=\"3\"><span class=\"versanumer_ljod\">3<\/span><\/a> H\u00fan f\u00e6r honum brau\u00f0 skilnings a\u00f0 eta, <br \/>veitir honum af vatni spekinnar. <br \/> <\/span> <span class=\"ljodatexti\"> <a name=\"4\"><span class=\"versanumer_ljod\">4<\/span><\/a> Hann sty\u00f0st vi\u00f0 hana og hrasar eigi, <br \/>treystir henni og ver\u00f0ur ei til skammar. <br \/> <\/span> <span class=\"ljodatexti\"> <a name=\"5\"><span class=\"versanumer_ljod\">5<\/span><\/a> Spekin hefur hann upp yfir lagsmenn hans, <br \/>leggur honum or\u00f0 \u00e1 varir \u00e1 mannfundum. <br \/> <\/span> <span class=\"ljodatexti\"> <a name=\"6\"><span class=\"versanumer_ljod\">6<\/span><\/a> Hamingju hl\u00fdtur hann og f\u00f6gnu\u00f0 <br \/>og or\u00f0st\u00edr sem aldrei deyr. <br \/> <\/span> <span class=\"ljodatexti\"> <a name=\"7\"><span class=\"versanumer_ljod\">7<\/span><\/a> \u00d3skynsamir hlj\u00f3ta spekina aldrei, <br \/>syndugir menn munu eigi l\u00edta hana. <br \/> <\/span> <span class=\"ljodatexti\"> <a name=\"8\"><span class=\"versanumer_ljod\">8<\/span><\/a> H\u00fan heldur sig fjarri hrokafullum <br \/>og kemur lygurum aldrei \u00ed hug. <br \/> <\/span> <span class=\"ljodatexti\"> <a name=\"9\"><span class=\"versanumer_ljod\">9<\/span><\/a> Lofs\u00f6ngur s\u00e6mir eigi v\u00f6rum syndara<br \/>\u00fev\u00ed a\u00f0 hann er ekki af Drottni sendur. <br \/> <\/span> <span class=\"ljodatexti\"> <a name=\"10\"><span class=\"versanumer_ljod\">10<\/span><\/a> Lofgj\u00f6r\u00f0 skal s\u00e1 flytja sem spekina \u00e1, <br \/>Drottinn mun g\u00e6\u00f0a hana krafti. <\/span> <\/p>\n<h3 class=\"millifyrirsogn_2007\">Um frj\u00e1lsan vilja<\/h3>\n<p><span class=\"ljodatexti\"> <a name=\"11\"><span class=\"versanumer_ljod\">11<\/span><\/a>Seg\u00f0u ekki: \u201eDrottinn l\u00e9t mig falla fr\u00e1.\u201c<br \/>Eigi veldur Drottinn \u00fev\u00ed sem hann hatar. <span class=\"nedan_mal\" title=\" \u00de\u00fd\u00f0ingin er bygg\u00f0 \u00e1 hebreska textanum.\">[<\/span> <br \/> <\/span> <span class=\"ljodatexti\"> <a name=\"12\"><span class=\"versanumer_ljod\">12<\/span><\/a> Seg\u00f0u ekki: \u201e\u00dea\u00f0 er hann sem leiddi mig afvega.\u201c<br \/>Drottinn hefur enga \u00fe\u00f6rf fyrir syndara.<br \/> <\/span> <span class=\"ljodatexti\"> <a name=\"13\"><span class=\"versanumer_ljod\">13<\/span><\/a> Hann hatar alla vi\u00f0urstygg\u00f0,<br \/>enginn sem \u00f3ttast hann ann henni. <br \/> <\/span> <span class=\"ljodatexti\"> <a name=\"14\"><span class=\"versanumer_ljod\">14<\/span><\/a> Hann skapa\u00f0i manninn \u00ed upphafi<br \/>og veitti honum frelsi til a\u00f0 velja. <br \/> <\/span> <span class=\"ljodatexti\"> <a name=\"15\"><span class=\"versanumer_ljod\">15<\/span><\/a> Ef \u00fe\u00fa vilt \u00fe\u00e1 getur \u00fe\u00fa haldi\u00f0 bo\u00f0or\u00f0in,<br \/>veri\u00f0 tr\u00fafastur ef \u00fe\u00e9r \u00fe\u00f3knast.<br \/> <\/span> <span class=\"ljodatexti\"> <a name=\"16\"><span class=\"versanumer_ljod\">16<\/span><\/a> Eld og vatn lag\u00f0i hann fyrir \u00feig,<br \/>teyg\u00f0u fram h\u00f6nd og tak hvort sem \u00fe\u00fa vilt.<br \/> <\/span> <span class=\"ljodatexti\"> <a name=\"17\"><span class=\"versanumer_ljod\">17<\/span><\/a> Andsp\u00e6nis m\u00f6nnum er l\u00edf og dau\u00f0i,<br \/>hvort sem \u00feeir kj\u00f3sa hlotnast \u00feeim. <br \/> <\/span> <span class=\"ljodatexti\"> <a name=\"18\"><span class=\"versanumer_ljod\">18<\/span><\/a> Speki Drottins er mikil,<br \/>m\u00e1ttugur er hann og s\u00e9r allt.<br \/> <\/span> <span class=\"ljodatexti\"> <a name=\"19\"><span class=\"versanumer_ljod\">19<\/span><\/a> Augu hans vaka yfir \u00feeim er \u00f3ttast hann<br \/>og \u00f6ll mannanna verk eru honum kunn. <br \/> <\/span> <span class=\"ljodatexti\"> <a name=\"20\"><span class=\"versanumer_ljod\">20<\/span><\/a> Hann bau\u00f0 engum a\u00f0 lifa gu\u00f0lausu l\u00edfi<br \/>n\u00e9 heimila\u00f0i neinum a\u00f0 syndga. <\/span> <\/p>\n","protected":false},"excerpt":{"rendered":"<p>1\u00deannig breytir s\u00e1 sem \u00f3ttast Drottin, s\u00e1 sem \u00feekkir l\u00f6gm\u00e1li\u00f0 mun spekina hlj\u00f3ta. 2 H\u00fan kemur til m\u00f3ts vi\u00f0 hann eins og m\u00f3\u00f0ir, fagnar honum l\u00edkt og ung br\u00fa\u00f0ur. 3 H\u00fan f\u00e6r honum brau\u00f0 skilnings a\u00f0 eta, veitir honum af vatni spekinnar. 4 Hann sty\u00f0st vi\u00f0 hana og hrasar eigi, treystir henni og ver\u00f0ur ei til skammar. 5 Spekin hefur hann upp yfir lagsmenn hans, leggur honum or\u00f0 \u00e1 varir \u00e1 mannfundum. 6 Hamingju hl\u00fdtur hann og f\u00f6gnu\u00f0 og or\u00f0st\u00edr sem aldrei deyr. 7 \u00d3skynsamir hlj\u00f3ta spekina aldrei, syndugir menn munu eigi l\u00edta hana. 8 H\u00fan heldur sig fjarri hrokafullum <a href=\"https:\/\/biblian.is\/biblian\/siraksbok-15-kafli\/\"> [&#8230;]<\/a><\/p>\n","protected":false},"author":1,"featured_media":0,"parent":0,"menu_order":0,"comment_status":"open","ping_status":"open","template":"bibliukaflar.php","meta":{"footnotes":""},"class_list":["post-2880","page","type-page","status-publish","hentry"],"_links":{"self":[{"href":"https:\/\/biblian.is\/biblian\/wp-json\/wp\/v2\/pages\/2880","targetHints":{"allow":["GET"]}}],"collection":[{"href":"https:\/\/biblian.is\/biblian\/wp-json\/wp\/v2\/pages"}],"about":[{"href":"https:\/\/biblian.is\/biblian\/wp-json\/wp\/v2\/types\/page"}],"author":[{"embeddable":true,"href":"https:\/\/biblian.is\/biblian\/wp-json\/wp\/v2\/users\/1"}],"replies":[{"embeddable":true,"href":"https:\/\/biblian.is\/biblian\/wp-json\/wp\/v2\/comments?post=2880"}],"version-history":[{"count":0,"href":"https:\/\/biblian.is\/biblian\/wp-json\/wp\/v2\/pages\/2880\/revisions"}],"wp:attachment":[{"href":"https:\/\/biblian.is\/biblian\/wp-json\/wp\/v2\/media?parent=2880"}],"curies":[{"name":"wp","href":"https:\/\/api.w.org\/{rel}","templated":true}]}}