{"id":2856,"date":"2017-12-30T21:04:53","date_gmt":"2017-12-30T21:04:53","guid":{"rendered":"http:\/\/biblian.is\/biblian\/speki-sal%c2%97mons-10-kafli\/"},"modified":"2017-12-30T21:04:55","modified_gmt":"2017-12-30T21:04:55","slug":"speki-salomons-10-kafli","status":"publish","type":"page","link":"https:\/\/biblian.is\/biblian\/speki-salomons-10-kafli\/","title":{"rendered":"Speki Sal\u00f3mons 10. kafli"},"content":{"rendered":"<h3 class=\"millifyrirsogn_2007\"> Spekin var\u00f0veitir hina r\u00e9ttl\u00e1tu<\/h3>\n<p><a name=\"1\"><span class=\"versanumer_2007\">1<\/span><\/a> \u00dea\u00f0 var spekin sem var\u00f0veitti \u00feann sem fyrstur var skapa\u00f0ur, forf\u00f6\u00f0ur manna, me\u00f0an hann var einn. H\u00fan bjarga\u00f0i honum \u00feegar hann hrasa\u00f0i <a name=\"2\"><span class=\"versanumer_2007\">2<\/span><\/a> og gaf honum m\u00e1tt til a\u00f0 r\u00edkja yfir \u00f6llu. <a name=\"3\"><span class=\"versanumer_2007\">3<\/span><\/a> En hinn rangl\u00e1ti sneri vi\u00f0 henni baki \u00ed rei\u00f0i og tort\u00edmdist er hann drap br\u00f3\u00f0ur sinn \u00ed heift. <a name=\"4\"><span class=\"versanumer_2007\">4<\/span><\/a> \u00deegar fl\u00f3\u00f0i\u00f0 f\u00e6r\u00f0i j\u00f6r\u00f0ina \u00ed kaf af hans v\u00f6ldum bjarga\u00f0i spekin henni aftur og v\u00edsa\u00f0i hinum r\u00e9ttl\u00e1ta veg \u00e1 l\u00edtilfj\u00f6rlegu fleyi. <a name=\"5\"><span class=\"versanumer_2007\">5<\/span><\/a> Og aftur \u00ed glundro\u00f0anum, \u00feegar \u00fej\u00f3\u00f0irnar h\u00f6f\u00f0u sameinast \u00ed illskunni, fann spekin hinn r\u00e9ttl\u00e1ta og var\u00f0veitti hann flekklausan frammi fyrir Gu\u00f0i og l\u00e9t hann eigi bugast af elsku til sonar s\u00edns.<br \/> <a name=\"6\"><span class=\"versanumer_2007\">6<\/span><\/a> \u00deegar hinir gu\u00f0lausu f\u00f3rust var \u00fea\u00f0 h\u00fan sem frelsa\u00f0i hinn r\u00e9ttl\u00e1ta mann \u00feegar hann fl\u00fd\u00f0i eldinn sem f\u00e9ll \u00e1 borgirnar fimm. <a name=\"7\"><span class=\"versanumer_2007\">7<\/span><\/a> Til vitnis um illsku \u00feeirra er \u00fear enn rj\u00fakandi au\u00f0n og jurtir, sem bera \u00e1vexti \u00ed \u00f3t\u00edma, og saltst\u00f3lpi, bautasteinn um tr\u00falausa s\u00e1l. <a name=\"8\"><span class=\"versanumer_2007\">8<\/span><\/a> \u00dev\u00ed a\u00f0 \u00feeir sk\u00f6ddu\u00f0ust ekki a\u00f0eins af van\u00feekkingu \u00e1 hinu g\u00f3\u00f0a, \u00feegar \u00feeir h\u00f6fnu\u00f0u spekinni, heldur l\u00e9tu \u00feeir auk \u00feess lifendum eftir minnismerki um f\u00e1v\u00edsi s\u00edna svo a\u00f0 afgl\u00f6p \u00feeirra g\u00e6tu eigi leynst. <a name=\"9\"><span class=\"versanumer_2007\">9<\/span><\/a> Spekin frelsa\u00f0i \u00far nau\u00f0um \u00fe\u00e1 sem \u00fej\u00f3nu\u00f0u henni.<br \/> <a name=\"10\"><span class=\"versanumer_2007\">10<\/span><\/a> H\u00fan leiddi hinn r\u00e9ttl\u00e1ta, sem fl\u00fd\u00f0i rei\u00f0i br\u00f3\u00f0ur s\u00edns, um beinar brautir. H\u00fan s\u00fdndi honum Gu\u00f0s r\u00edki og veitti honum \u00feekkingu \u00e1 heil\u00f6gum m\u00e1lum,<span class=\"nedan_mal\" title=\" \u00d6nnur hugsanleg merking: hinum heil\u00f6gu.\">[<\/span> l\u00e9t honum farnast vel \u00ed verkum s\u00ednum og veitti honum umbun erfi\u00f0is s\u00edns. <a name=\"11\"><span class=\"versanumer_2007\">11<\/span><\/a> Spekin veitti honum fulltingi gegn \u00e1s\u00e6lni \u00feeirra sem vildu k\u00faga hann og au\u00f0ga\u00f0i hann. <a name=\"12\"><span class=\"versanumer_2007\">12<\/span><\/a> H\u00fan var\u00f0veitti hann fyrir \u00f3vinum og ger\u00f0i hann \u00f3hultan fyrir \u00feeim er s\u00e1tu um hann. H\u00fan veitti honum sigur \u00ed har\u00f0ri gl\u00edmu til \u00feess a\u00f0 honum l\u00e6r\u00f0ist a\u00f0 gu\u00f0r\u00e6knin er sterkari en allt.<br \/> <a name=\"13\"><span class=\"versanumer_2007\">13<\/span><\/a> H\u00fan yfirgaf ekki hinn r\u00e9ttl\u00e1ta \u00feegar hann var seldur, heldur var\u00f0veitti hann fr\u00e1 synd. <a name=\"14\"><span class=\"versanumer_2007\">14<\/span><\/a> H\u00fan f\u00f3r me\u00f0 honum ofan \u00ed d\u00fdflissu og yfirgaf hann ekki \u00ed fj\u00f6trum. A\u00f0 lokum f\u00e6r\u00f0i h\u00fan honum veldissprota r\u00edkisins og vald yfir \u00feeim sem h\u00f6f\u00f0u k\u00faga\u00f0 hann. H\u00fan afhj\u00fapa\u00f0i lygi \u00feeirra sem h\u00f6f\u00f0u \u00f3fr\u00e6gt hann og veitti honum eil\u00edfan or\u00f0st\u00edr. <br \/> <a name=\"15\"><span class=\"versanumer_2007\">15<\/span><\/a> H\u00fan frelsa\u00f0i heilagan l\u00fd\u00f0 og flekklausa ni\u00f0ja fr\u00e1 \u00fej\u00f3\u00f0 k\u00fagara. <a name=\"16\"><span class=\"versanumer_2007\">16<\/span><\/a> H\u00fan t\u00f3k s\u00e9r b\u00f3lfestu \u00ed s\u00e1l \u00fej\u00f3ns Drottins og st\u00f3\u00f0 \u00ed gegn \u00e6gilegum konungum me\u00f0 undrum og t\u00e1knum. <a name=\"17\"><span class=\"versanumer_2007\">17<\/span><\/a> H\u00fan veitti hinum heil\u00f6gu umbun erfi\u00f0is s\u00edns og leiddi \u00fe\u00e1 um undursamlegan veg. H\u00fan var\u00f0 \u00feeim hl\u00edf um daga og stj\u00f6rnublik um n\u00e6tur. <a name=\"18\"><span class=\"versanumer_2007\">18<\/span><\/a> H\u00fan f\u00f3r me\u00f0 \u00fe\u00e1 um Rau\u00f0ahafi\u00f0 og leiddi \u00fe\u00e1 gegnum v\u00ed\u00f0\u00e1ttumikil v\u00f6tn <a name=\"19\"><span class=\"versanumer_2007\">19<\/span><\/a> en f\u00e6r\u00f0i \u00f3vini \u00feeirra \u00ed kaf og spj\u00f3 \u00feeim \u00far \u00f3gnardj\u00fapinu. <a name=\"20\"><span class=\"versanumer_2007\">20<\/span><\/a> \u00deess vegna r\u00fa\u00f0u hinir r\u00e9ttl\u00e1tu gu\u00f0lausa og \u00feeir sungu, Drottinn, \u00fe\u00ednu heilaga nafni lof og d\u00e1s\u00f6mu\u00f0u einum r\u00f3mi verndarh\u00f6nd \u00fe\u00edna. <a name=\"21\"><span class=\"versanumer_2007\">21<\/span><\/a> Spekin lauk upp munni m\u00e1llausra og l\u00e9t tungu barna tala sk\u00fdrt.<\/p>\n","protected":false},"excerpt":{"rendered":"<p>Spekin var\u00f0veitir hina r\u00e9ttl\u00e1tu 1 \u00dea\u00f0 var spekin sem var\u00f0veitti \u00feann sem fyrstur var skapa\u00f0ur, forf\u00f6\u00f0ur manna, me\u00f0an hann var einn. H\u00fan bjarga\u00f0i honum \u00feegar hann hrasa\u00f0i 2 og gaf honum m\u00e1tt til a\u00f0 r\u00edkja yfir \u00f6llu. 3 En hinn rangl\u00e1ti sneri vi\u00f0 henni baki \u00ed rei\u00f0i og tort\u00edmdist er hann drap br\u00f3\u00f0ur sinn \u00ed heift. 4 \u00deegar fl\u00f3\u00f0i\u00f0 f\u00e6r\u00f0i j\u00f6r\u00f0ina \u00ed kaf af hans v\u00f6ldum bjarga\u00f0i spekin henni aftur og v\u00edsa\u00f0i hinum r\u00e9ttl\u00e1ta veg \u00e1 l\u00edtilfj\u00f6rlegu fleyi. 5 Og aftur \u00ed glundro\u00f0anum, \u00feegar \u00fej\u00f3\u00f0irnar h\u00f6f\u00f0u sameinast \u00ed illskunni, fann spekin hinn r\u00e9ttl\u00e1ta og var\u00f0veitti hann flekklausan frammi fyrir Gu\u00f0i <a href=\"https:\/\/biblian.is\/biblian\/speki-salomons-10-kafli\/\"> [&#8230;]<\/a><\/p>\n","protected":false},"author":1,"featured_media":0,"parent":0,"menu_order":0,"comment_status":"open","ping_status":"open","template":"bibliukaflar.php","meta":{"footnotes":""},"class_list":["post-2856","page","type-page","status-publish","hentry"],"_links":{"self":[{"href":"https:\/\/biblian.is\/biblian\/wp-json\/wp\/v2\/pages\/2856","targetHints":{"allow":["GET"]}}],"collection":[{"href":"https:\/\/biblian.is\/biblian\/wp-json\/wp\/v2\/pages"}],"about":[{"href":"https:\/\/biblian.is\/biblian\/wp-json\/wp\/v2\/types\/page"}],"author":[{"embeddable":true,"href":"https:\/\/biblian.is\/biblian\/wp-json\/wp\/v2\/users\/1"}],"replies":[{"embeddable":true,"href":"https:\/\/biblian.is\/biblian\/wp-json\/wp\/v2\/comments?post=2856"}],"version-history":[{"count":0,"href":"https:\/\/biblian.is\/biblian\/wp-json\/wp\/v2\/pages\/2856\/revisions"}],"wp:attachment":[{"href":"https:\/\/biblian.is\/biblian\/wp-json\/wp\/v2\/media?parent=2856"}],"curies":[{"name":"wp","href":"https:\/\/api.w.org\/{rel}","templated":true}]}}