{"id":2849,"date":"2017-12-30T21:04:53","date_gmt":"2017-12-30T21:04:53","guid":{"rendered":"http:\/\/biblian.is\/biblian\/speki-sal%c2%97mons-3-kafli\/"},"modified":"2018-01-20T21:07:23","modified_gmt":"2018-01-20T21:07:23","slug":"speki-salomons-3-kafli","status":"publish","type":"page","link":"https:\/\/biblian.is\/biblian\/speki-salomons-3-kafli\/","title":{"rendered":"Speki Sal\u00f3mons 3. kafli"},"content":{"rendered":"<h3 class=\"millifyrirsogn_2007\"> Von hinna r\u00e9ttl\u00e1tu<\/h3>\n<p><span class=\"ljodatexti\"><a name=\"1\"><span class=\"versanumer_ljod\">1<\/span><\/a> En s\u00e1lir r\u00e9ttl\u00e1tra eru \u00ed hendi Gu\u00f0s<br \/> og engin kv\u00f6l mun n\u00e1 til \u00feeirra.<br \/> <\/span> <span class=\"ljodatexti\"> <a name=\"2\"><span class=\"versanumer_ljod\">2<\/span><\/a> \u00cd augum heimskingjanna eru \u00feeir d\u00e1nir.<br \/>Brottf\u00f6r \u00feeirra er talin \u00f3g\u00e6fa<br \/> <\/span> <span class=\"ljodatexti\"> <a name=\"3\"><span class=\"versanumer_ljod\">3<\/span><\/a> og vi\u00f0skilna\u00f0ur \u00feeirra vi\u00f0 oss tort\u00edming<br \/>en \u00feeir eru \u00ed fri\u00f0i.<br \/> <\/span> <span class=\"ljodatexti\"> <a name=\"4\"><span class=\"versanumer_ljod\">4<\/span><\/a> Enda \u00fe\u00f3tt \u00feeim v\u00e6ri refsa\u00f0 a\u00f0 mati manna<br \/>eiga \u00feeir vissa von um \u00f3dau\u00f0leika.<br \/> <\/span> <span class=\"ljodatexti\"> <a name=\"5\"><span class=\"versanumer_ljod\">5<\/span><\/a> Eftir skammvinna hirting munu \u00feeir nj\u00f3ta mikillar g\u00e6sku<br \/>\u00fev\u00ed a\u00f0 Gu\u00f0 reyndi \u00fe\u00e1<br \/>og fann a\u00f0 \u00feeir voru honum maklegir.<br \/> <\/span> <span class=\"ljodatexti\"> <a name=\"6\"><span class=\"versanumer_ljod\">6<\/span><\/a> Eins og gull \u00ed deiglu reyndi hann \u00fe\u00e1<br \/>og t\u00f3k vi\u00f0 \u00feeim sem brennif\u00f3rnargj\u00f6f.<br \/> <\/span> <span class=\"ljodatexti\"> <a name=\"7\"><span class=\"versanumer_ljod\">7<\/span><\/a> \u00c1 \u00feeirri stundu er hann kemur og vitjar \u00feeirra munu \u00feeir upptendrast <br \/>eins og neistaflug \u00ed h\u00e1lmi. <br \/> <\/span> <span class=\"ljodatexti\"> <a name=\"8\"><span class=\"versanumer_ljod\">8<\/span><\/a> \u00deeir munu d\u00e6ma \u00fej\u00f3\u00f0irnar og drottna yfir l\u00fd\u00f0unum <br \/>og Drottinn mun ver\u00f0a konungur \u00feeirra a\u00f0 eil\u00edfu. <br \/> <\/span> <span class=\"ljodatexti\"> <a name=\"9\"><span class=\"versanumer_ljod\">9<\/span><\/a> \u00deeir sem treysta \u00e1 hann munu \u00feekkja sannleikann <br \/>og hinir tr\u00fau munu vera hj\u00e1 honum \u00ed k\u00e6rleika. <br \/>Hann mun veita s\u00ednum heil\u00f6gu n\u00e1\u00f0 og miskunn <br \/>og vitja sinna \u00fatv\u00f6ldu. <\/span> <\/p>\n<h3 class=\"millifyrirsogn_2007\">Refsing hinna gu\u00f0lausu<\/h3>\n<p><span class=\"ljodatexti\"> <a name=\"10\"><span class=\"versanumer_ljod\">10<\/span><\/a>En hinir gu\u00f0lausu munu \u00feola refsingu fyrir v\u00e9lr\u00e1\u00f0 s\u00edn, <br \/>\u00feeir sem sm\u00e1nu\u00f0u hinn r\u00e9ttl\u00e1ta og f\u00e9llu fr\u00e1 Drottni. <br \/> <a name=\"11\"><span class=\"versanumer_ljod\">11<\/span><\/a> Ves\u00e6lir eru \u00feeir sem fyrirl\u00edta speki og aga.<br \/>Von \u00feeirra er t\u00e1l, erfi\u00f0i\u00f0 f\u00e1n\u00fdtt <br \/>og verki\u00f0 gagnslaust. <br \/> <a name=\"12\"><span class=\"versanumer_ljod\">12<\/span><\/a> Konur \u00feeirra eru heimskar, <br \/>b\u00f6rn \u00feeirra vond <br \/>og b\u00f6lva\u00f0 \u00feeirra kyn. <br \/> <\/span><\/p>\n<h3 class=\"millifyrirsogn_2007\">Umbun dyg\u00f0arinnar<\/h3>\n<p><span class=\"ljodatexti\"><a name=\"13\"><span class=\"versanumer_ljod\">13<\/span><\/a>S\u00e6l er \u00f3byrjan sem \u00f3flekku\u00f0 er<br \/>og aldrei hefur s\u00e6nga\u00f0 \u00ed synd.<br \/>H\u00fan mun hlj\u00f3ta umbun \u00feegar Gu\u00f0 vitjar s\u00e1lnanna.<br \/> <a name=\"14\"><span class=\"versanumer_ljod\">14<\/span><\/a> S\u00e6ll er geldingurinn sem eigi hefur frami\u00f0 l\u00f6gm\u00e1lsbrot <br \/>og eigi hefur hugsa\u00f0 illt gegn Drottni. <br \/>\u00dev\u00ed a\u00f0 tr\u00fafesti hans mun launu\u00f0 me\u00f0 valinni gj\u00f6f <br \/>og \u00e6\u00f0ra hlutskipti \u00ed musteri Drottins. <br \/> <a name=\"15\"><span class=\"versanumer_ljod\">15<\/span><\/a> \u00c1v\u00f6xtur hei\u00f0arlegrar i\u00f0ju er lofsver\u00f0ur<br \/>og r\u00f3tin, sem viskan sprettur af, er \u00f3hagganleg.<br \/> <a name=\"16\"><span class=\"versanumer_ljod\">16<\/span><\/a> En h\u00f3rb\u00f6rn munu ekki n\u00e1 \u00feroska<br \/>og afsprengi legor\u00f0sbrota munu afm\u00e1\u00f0.<br \/> <a name=\"17\"><span class=\"versanumer_ljod\">17<\/span><\/a> \u00de\u00f3tt \u00feau ver\u00f0i langl\u00edf munu \u00feau a\u00f0 vettugi virt<br \/>og elli \u00feeirra a\u00f0 lyktum \u00e6rulaus.<br \/> <a name=\"18\"><span class=\"versanumer_ljod\">18<\/span><\/a> Deyi \u00feau fyrir aldur fram eiga \u00feau enga von<br \/>og enga huggun \u00e1 skapad\u00e6gri.<br \/> <a name=\"19\"><span class=\"versanumer_ljod\">19<\/span><\/a> Ill eru endalok rangl\u00e1ts kyns.<\/span> <\/p>\n","protected":false},"excerpt":{"rendered":"<p>Von hinna r\u00e9ttl\u00e1tu 1 En s\u00e1lir r\u00e9ttl\u00e1tra eru \u00ed hendi Gu\u00f0s og engin kv\u00f6l mun n\u00e1 til \u00feeirra. 2 \u00cd augum heimskingjanna eru \u00feeir d\u00e1nir.Brottf\u00f6r \u00feeirra er talin \u00f3g\u00e6fa 3 og vi\u00f0skilna\u00f0ur \u00feeirra vi\u00f0 oss tort\u00edmingen \u00feeir eru \u00ed fri\u00f0i. 4 Enda \u00fe\u00f3tt \u00feeim v\u00e6ri refsa\u00f0 a\u00f0 mati mannaeiga \u00feeir vissa von um \u00f3dau\u00f0leika. 5 Eftir skammvinna hirting munu \u00feeir nj\u00f3ta mikillar g\u00e6sku\u00fev\u00ed a\u00f0 Gu\u00f0 reyndi \u00fe\u00e1og fann a\u00f0 \u00feeir voru honum maklegir. 6 Eins og gull \u00ed deiglu reyndi hann \u00fe\u00e1og t\u00f3k vi\u00f0 \u00feeim sem brennif\u00f3rnargj\u00f6f. 7 \u00c1 \u00feeirri stundu er hann kemur og vitjar \u00feeirra munu \u00feeir upptendrast <a href=\"https:\/\/biblian.is\/biblian\/speki-salomons-3-kafli\/\"> [&#8230;]<\/a><\/p>\n","protected":false},"author":1,"featured_media":0,"parent":0,"menu_order":0,"comment_status":"open","ping_status":"open","template":"bibliukaflar.php","meta":{"footnotes":""},"class_list":["post-2849","page","type-page","status-publish","hentry"],"_links":{"self":[{"href":"https:\/\/biblian.is\/biblian\/wp-json\/wp\/v2\/pages\/2849","targetHints":{"allow":["GET"]}}],"collection":[{"href":"https:\/\/biblian.is\/biblian\/wp-json\/wp\/v2\/pages"}],"about":[{"href":"https:\/\/biblian.is\/biblian\/wp-json\/wp\/v2\/types\/page"}],"author":[{"embeddable":true,"href":"https:\/\/biblian.is\/biblian\/wp-json\/wp\/v2\/users\/1"}],"replies":[{"embeddable":true,"href":"https:\/\/biblian.is\/biblian\/wp-json\/wp\/v2\/comments?post=2849"}],"version-history":[{"count":0,"href":"https:\/\/biblian.is\/biblian\/wp-json\/wp\/v2\/pages\/2849\/revisions"}],"wp:attachment":[{"href":"https:\/\/biblian.is\/biblian\/wp-json\/wp\/v2\/media?parent=2849"}],"curies":[{"name":"wp","href":"https:\/\/api.w.org\/{rel}","templated":true}]}}