{"id":2841,"date":"2017-12-30T21:04:53","date_gmt":"2017-12-30T21:04:53","guid":{"rendered":"http:\/\/biblian.is\/biblian\/esterarb%c2%97k-me_-vi_aukum-5-kafli\/"},"modified":"2018-01-22T01:08:07","modified_gmt":"2018-01-22T01:08:07","slug":"esterarbok-med-vidaukum-5-kafli","status":"publish","type":"page","link":"https:\/\/biblian.is\/biblian\/esterarbok-med-vidaukum-5-kafli\/","title":{"rendered":"Esterarb\u00f3k (me\u00f0 vi\u00f0aukum) 5. kafli"},"content":{"rendered":"<div class=\"kaflaheiti\"> D <\/div>\n<h3 class=\"millifyrirsogn_2007\">Ester gengur fyrir konung<\/h3>\n<p><a name=\"1\"><span class=\"versanumer_2007\">1<\/span><\/a> Ester lauk b\u00e6n sinni \u00e1 \u00feri\u00f0ja degi, f\u00f3r \u00far i\u00f0runarb\u00faningi s\u00ednum og bj\u00f3st skartkl\u00e6\u00f0um. <a name=\"2\"><span class=\"versanumer_2007\">2<\/span><\/a> Er h\u00fan var or\u00f0in hin gl\u00e6silegasta \u00e1s\u00fdndum og haf\u00f0i \u00e1kalla\u00f0 Gu\u00f0, sem s\u00e9r allt og frelsar, t\u00f3k h\u00fan b\u00e1\u00f0ar \u00feernur s\u00ednar me\u00f0 s\u00e9r. <a name=\"3\"><span class=\"versanumer_2007\">3<\/span><\/a> H\u00fan studdist l\u00e9ttilega vi\u00f0 a\u00f0ra <a name=\"4\"><span class=\"versanumer_2007\">4<\/span><\/a> en hin fylgdi \u00e1 eftir og bar sl\u00f3\u00f0a hennar. <a name=\"5\"><span class=\"versanumer_2007\">5<\/span><\/a> Ester var rj\u00f3\u00f0 \u00ed v\u00f6ngum, geisla\u00f0i af fegur\u00f0 og yfirlit hennar var gla\u00f0legt og \u00feokkafullt \u00fe\u00f3tt henni v\u00e6ri \u00feungt um hjarta af \u00f3tta. <a name=\"6\"><span class=\"versanumer_2007\">6<\/span><\/a> H\u00fan gekk um einar dyr af \u00f6\u00f0rum uns h\u00fan st\u00f3\u00f0 andsp\u00e6nis konungi. Hann sat \u00ed h\u00e1s\u00e6ti s\u00ednu og var b\u00fainn \u00f6llu s\u00ednu hef\u00f0arst\u00e1ssi. S\u00e1 vart \u00ed hann fyrir gulli og gimsteinum og var hann \u00f3gnvekjandi \u00e1s\u00fdndum. <a name=\"7\"><span class=\"versanumer_2007\">7<\/span><\/a> \u00deegar hann h\u00f3f upp auglit sitt, sem h\u00e1tignarlj\u00f3ma stafa\u00f0i af, leiftru\u00f0u augu hans af rei\u00f0i. \u00de\u00e1 f\u00f6lna\u00f0i drottningin og hn\u00e9 m\u00e1ttvana ni\u00f0ur og halla\u00f0i h\u00f6f\u00f0i a\u00f0 \u00feernunni sem fyrir henni f\u00f3r. <a name=\"8\"><span class=\"versanumer_2007\">8<\/span><\/a> En Gu\u00f0 sneri huga konungs til mildi og spratt hann \u00e1hyggjufullur upp \u00far h\u00e1s\u00e6ti s\u00ednu, t\u00f3k hana \u00ed fangi\u00f0 \u00fear til h\u00fan kom til sj\u00e1lfrar s\u00edn, hugga\u00f0i hana bl\u00ed\u00f0lega <a name=\"9\"><span class=\"versanumer_2007\">9<\/span><\/a> og sag\u00f0i: \u201eHva\u00f0 er a\u00f0, Ester? Vertu \u00f3hr\u00e6dd. \u00c9g er br\u00f3\u00f0ir \u00feinn. <a name=\"10\"><span class=\"versanumer_2007\">10<\/span><\/a> \u00de\u00fa skalt ekki deyja. Fyrirm\u00e6li m\u00edn eiga a\u00f0eins vi\u00f0 um alm\u00fagann. <a name=\"11\"><span class=\"versanumer_2007\">11<\/span><\/a> Komdu.\u201c <a name=\"12\"><span class=\"versanumer_2007\">12<\/span><\/a> S\u00ed\u00f0an lyfti hann gullnum veldissprota s\u00ednum og lag\u00f0i hann vi\u00f0 h\u00e1ls hennar, fa\u00f0ma\u00f0i hana og sag\u00f0i: \u201eSeg\u00f0u m\u00e9r fr\u00e1.\u201c <a name=\"13\"><span class=\"versanumer_2007\">13<\/span><\/a> En h\u00fan svara\u00f0i: \u201e\u00deegar \u00e9g s\u00e1 \u00feig, herra, varst \u00fe\u00fa l\u00edkastur engli Gu\u00f0s. D\u00fdr\u00f0 \u00fe\u00edn fyllti hjarta mitt \u00f3tta. <a name=\"14\"><span class=\"versanumer_2007\">14<\/span><\/a> \u00de\u00fa ert svo undursamlegur, herra, og \u00e1sj\u00f3na \u00fe\u00edn geislar af yndis\u00feokka.\u201c <a name=\"15\"><span class=\"versanumer_2007\">15<\/span><\/a> En sem h\u00fan sag\u00f0i \u00feetta seig h\u00fan saman \u00ed \u00f6ngviti. <a name=\"16\"><span class=\"versanumer_2007\">16<\/span><\/a> Var\u00f0 konungi bilt vi\u00f0 og allt \u00fej\u00f3nustuli\u00f0 hans reyndi a\u00f0 stappa \u00ed hana st\u00e1linu.<\/p>\n<h3 class=\"millifyrirsogn_2007\">Ester b\u00fd\u00f0ur konungi og Haman til veislu<\/h3>\n<p><a name=\"3\"><span class=\"versanumer_2007\">3<\/span><\/a> \u201eHva\u00f0 er \u00fea\u00f0 sem \u00fe\u00fa vilt, Ester?\u201c spur\u00f0i konungur. \u201e\u00de\u00fa skalt f\u00e1 hva\u00f0 sem \u00fe\u00fa bi\u00f0ur um \u00fe\u00f3tt \u00fe\u00fa viljir h\u00e1lft r\u00edki mitt.\u201c <a name=\"4\"><span class=\"versanumer_2007\">4<\/span><\/a> \u201e\u00cd dag held \u00e9g h\u00e1t\u00ed\u00f0,\u201c svara\u00f0i Ester. \u201eEf konunginum \u00fe\u00f3knast, \u00fe\u00e1 komi hann og Haman til veislunnar sem \u00e9g held \u00ed dag.\u201c <a name=\"5\"><span class=\"versanumer_2007\">5<\/span><\/a> Konungur sag\u00f0i: \u201eS\u00e6ki\u00f0 Haman sem skj\u00f3tast svo a\u00f0 v\u00e9r getum gert eins og Ester vill.\u201c<br \/>\u00deeir komu s\u00ed\u00f0an b\u00e1\u00f0ir til veislunnar sem Ester haf\u00f0i tala\u00f0 um. <a name=\"6\"><span class=\"versanumer_2007\">6<\/span><\/a> Me\u00f0an seti\u00f0 var a\u00f0 drykkju spur\u00f0i konungur Ester: \u201eHva\u00f0 er \u00fea\u00f0, Ester drottning? \u00de\u00fa skalt f\u00e1 hva\u00f0 sem \u00fe\u00fa bi\u00f0ur um.\u201c <a name=\"7\"><span class=\"versanumer_2007\">7<\/span><\/a> H\u00fan svara\u00f0i: \u201e\u00dea\u00f0 sem \u00e9g \u00f3ska og bi\u00f0 um er \u00feetta: <a name=\"8\"><span class=\"versanumer_2007\">8<\/span><\/a> Hafi \u00e9g fundi\u00f0 n\u00e1\u00f0 fyrir augum konungs, \u00fe\u00e1 komi konungur og Haman \u00e1 morgun til veislu sem \u00e9g \u00e6tla a\u00f0 halda \u00feeim. Mun s\u00fa \u00e1 morgun ver\u00f0a eins og \u00feessi.\u201c<\/p>\n<h3 class=\"millifyrirsogn_2007\">Haman afr\u00e6\u00f0ur a\u00f0 dey\u00f0a Mardoka\u00ed<\/h3>\n<p><a name=\"9\"><span class=\"versanumer_2007\">9<\/span><\/a> Haman h\u00e9lt s\u00e6ll og gla\u00f0ur fr\u00e1 konungi. En er hann s\u00e1 Mardoka\u00ed Gy\u00f0ing \u00ed hallargar\u00f0inum fylltist hann br\u00e6\u00f0i. <a name=\"10\"><span class=\"versanumer_2007\">10<\/span><\/a> \u00deegar hann kom heim kalla\u00f0i hann \u00e1 vini s\u00edna og S\u00f3s\u00f6ru konu s\u00edna. <a name=\"11\"><span class=\"versanumer_2007\">11<\/span><\/a> H\u00e6ldist hann um af au\u00f0i s\u00ednum fyrir \u00feeim og hve konungur hef\u00f0i au\u00f0s\u00fdnt honum mikinn hei\u00f0ur me\u00f0 \u00fev\u00ed a\u00f0 gera hann fremstan allra a\u00f0 tign og fela honum stj\u00f3rn r\u00edkisins. <a name=\"12\"><span class=\"versanumer_2007\">12<\/span><\/a> \u201eEkki bau\u00f0 drottningin neinum nema m\u00e9r til veislunnar me\u00f0 konungi,\u201c sag\u00f0i Haman \u201eog m\u00e9r er l\u00edka bo\u00f0i\u00f0 \u00e1 morgun. <a name=\"13\"><span class=\"versanumer_2007\">13<\/span><\/a> En \u00e9g hef enga \u00e1n\u00e6gju af \u00feessu \u00fear sem \u00e9g \u00fearf a\u00f0 horfa upp \u00e1 Gy\u00f0inginn Mardoka\u00ed \u00ed hallargar\u00f0inum.\u201c <a name=\"14\"><span class=\"versanumer_2007\">14<\/span><\/a> S\u00f3sara kona hans og vinir hans s\u00f6g\u00f0u \u00fe\u00e1: \u201eL\u00e1ttu gera fyrir \u00feig g\u00e1lga, fimmt\u00edu \u00e1lna h\u00e1an. Snemma \u00ed fyrram\u00e1li\u00f0 skaltu bi\u00f0ja konung um a\u00f0 Mardoka\u00ed ver\u00f0i hengdur upp \u00ed hann. \u00de\u00e1 getur \u00fe\u00fa fari\u00f0 me\u00f0 konunginum til veislunnar og noti\u00f0 hennar.\u201c \u00deetta \u00fe\u00f3tti Haman g\u00f3\u00f0 hugmynd og g\u00e1lginn var \u00fatb\u00fainn. <\/p>\n","protected":false},"excerpt":{"rendered":"<p>D Ester gengur fyrir konung 1 Ester lauk b\u00e6n sinni \u00e1 \u00feri\u00f0ja degi, f\u00f3r \u00far i\u00f0runarb\u00faningi s\u00ednum og bj\u00f3st skartkl\u00e6\u00f0um. 2 Er h\u00fan var or\u00f0in hin gl\u00e6silegasta \u00e1s\u00fdndum og haf\u00f0i \u00e1kalla\u00f0 Gu\u00f0, sem s\u00e9r allt og frelsar, t\u00f3k h\u00fan b\u00e1\u00f0ar \u00feernur s\u00ednar me\u00f0 s\u00e9r. 3 H\u00fan studdist l\u00e9ttilega vi\u00f0 a\u00f0ra 4 en hin fylgdi \u00e1 eftir og bar sl\u00f3\u00f0a hennar. 5 Ester var rj\u00f3\u00f0 \u00ed v\u00f6ngum, geisla\u00f0i af fegur\u00f0 og yfirlit hennar var gla\u00f0legt og \u00feokkafullt \u00fe\u00f3tt henni v\u00e6ri \u00feungt um hjarta af \u00f3tta. 6 H\u00fan gekk um einar dyr af \u00f6\u00f0rum uns h\u00fan st\u00f3\u00f0 andsp\u00e6nis konungi. Hann sat \u00ed <a href=\"https:\/\/biblian.is\/biblian\/esterarbok-med-vidaukum-5-kafli\/\"> [&#8230;]<\/a><\/p>\n","protected":false},"author":1,"featured_media":0,"parent":0,"menu_order":0,"comment_status":"open","ping_status":"open","template":"bibliukaflar.php","meta":{"footnotes":""},"class_list":["post-2841","page","type-page","status-publish","hentry"],"_links":{"self":[{"href":"https:\/\/biblian.is\/biblian\/wp-json\/wp\/v2\/pages\/2841","targetHints":{"allow":["GET"]}}],"collection":[{"href":"https:\/\/biblian.is\/biblian\/wp-json\/wp\/v2\/pages"}],"about":[{"href":"https:\/\/biblian.is\/biblian\/wp-json\/wp\/v2\/types\/page"}],"author":[{"embeddable":true,"href":"https:\/\/biblian.is\/biblian\/wp-json\/wp\/v2\/users\/1"}],"replies":[{"embeddable":true,"href":"https:\/\/biblian.is\/biblian\/wp-json\/wp\/v2\/comments?post=2841"}],"version-history":[{"count":0,"href":"https:\/\/biblian.is\/biblian\/wp-json\/wp\/v2\/pages\/2841\/revisions"}],"wp:attachment":[{"href":"https:\/\/biblian.is\/biblian\/wp-json\/wp\/v2\/media?parent=2841"}],"curies":[{"name":"wp","href":"https:\/\/api.w.org\/{rel}","templated":true}]}}