{"id":2836,"date":"2017-12-30T21:04:49","date_gmt":"2017-12-30T21:04:49","guid":{"rendered":"http:\/\/biblian.is\/biblian\/j%c2%9cd%c2%92tarb%c2%97k-16-kafli\/"},"modified":"2018-01-20T21:14:08","modified_gmt":"2018-01-20T21:14:08","slug":"juditarbok-16-kafli","status":"publish","type":"page","link":"https:\/\/biblian.is\/biblian\/juditarbok-16-kafli\/","title":{"rendered":"J\u00fad\u00edtarb\u00f3k 16. kafli"},"content":{"rendered":"<h3 class=\"millifyrirsogn_2007\"> Lofs\u00f6ngur J\u00fad\u00edtar<\/h3>\n<p><a name=\"1\"><span class=\"versanumer_2007\">1<\/span><\/a> Og J\u00fad\u00edt s\u00f6ng:<br \/> <span class=\"ljodatexti\"> Syngi\u00f0 Gu\u00f0i m\u00ednum lof me\u00f0 bumbusl\u00e6tti,<br \/>vegsami\u00f0 Drottin me\u00f0 sk\u00e1labumbum.<br \/>L\u00e1ti\u00f0 s\u00e1lma og lofgj\u00f6r\u00f0 hlj\u00f3ma honum til hei\u00f0urs.<br \/>Vegsami\u00f0 og \u00e1kalli\u00f0 nafn hans.<br \/><a name=\"2\"><span class=\"versanumer_ljod\">2<\/span><\/a>Gu\u00f0 er Drottinn sem bindur enda \u00e1 styrjaldir. <br \/>\nHann bjarga\u00f0i m\u00e9r \u00ed herb\u00fa\u00f0ir l\u00fd\u00f0s s\u00edns<br \/>\n\u00far h\u00f6ndum \u00feeirra er ofs\u00f3ttu mig.<br \/><a name=\"3\"><span class=\"versanumer_ljod\">3<\/span><\/a>Ass\u00fdr\u00edumenn komu fr\u00e1 fj\u00f6llunum \u00ed nor\u00f0ri,<br \/>\nmerg\u00f0 hermanna \u00feeirra kom.<br \/>\nFj\u00f6ldi hermannanna fyllti \u00e1rfarvegina,<br \/>\nriddarali\u00f0i\u00f0 huldi h\u00e6\u00f0irnar.<br \/><a name=\"4\"><span class=\"versanumer_ljod\">4<\/span><\/a>\u00deeir h\u00f3tu\u00f0u a\u00f0 brenna bygg\u00f0ir m\u00ednar,<br \/>\ndey\u00f0a \u00e6skumenn m\u00edna me\u00f0 sver\u00f0i,<br \/>\nsl\u00e1 brj\u00f3stmylkingum m\u00ednum vi\u00f0 j\u00f6r\u00f0u,<br \/>\ntaka b\u00f6rn m\u00edn a\u00f0 herfangi<br \/>\nog r\u00e6na ungmeyjum m\u00ednum.<br \/><a name=\"5\"><span class=\"versanumer_ljod\">5<\/span><\/a>Alm\u00e1ttugur Drottinn ger\u00f0i r\u00e1\u00f0ager\u00f0 \u00feeirra a\u00f0 engu<br \/>\nme\u00f0 kvenmannshendi.<br \/><a name=\"6\"><span class=\"versanumer_ljod\">6<\/span><\/a>Kappi \u00feeirra var hvorki felldur af \u00e6skum\u00f6nnum<br \/>\nn\u00e9 v\u00f3gu hann risar<br \/>\nog eigi l\u00f6g\u00f0u j\u00f6tnar hann a\u00f0 velli.<br \/>\nNei. \u00dea\u00f0 var J\u00fad\u00edt Merarid\u00f3ttir<br \/>\nsem lama\u00f0i hann me\u00f0 fegur\u00f0 sinni.<br \/><a name=\"7\"><span class=\"versanumer_ljod\">7<\/span><\/a>H\u00fan afkl\u00e6ddist ekkjub\u00faningi s\u00ednum<br \/>\ntil a\u00f0 hefja \u00fejaka\u00f0a \u00ed \u00cdsrael til vegs.<br \/>\nAndlit sitt smur\u00f0i h\u00fan me\u00f0 ilmsmyrslum.<br \/><a name=\"8\"><span class=\"versanumer_ljod\">8<\/span><\/a>H\u00e1r sitt batt h\u00fan undir motri,<br \/>\nkl\u00e6ddist l\u00ednkl\u00e6\u00f0um til a\u00f0 ginna hann.<br \/><a name=\"9\"><span class=\"versanumer_ljod\">9<\/span><\/a>Ilsk\u00f3r hennar heillu\u00f0u auga hans,<br \/>\nhann var\u00f0 hugfanginn af fegur\u00f0 hennar.<br \/>\nSver\u00f0i\u00f0 snei\u00f0 h\u00e1ls hans.<br \/><a name=\"10\"><span class=\"versanumer_ljod\">10<\/span><\/a>Persa hryllti vi\u00f0 hugdirf\u00f0 hennar,<br \/>\n\u00e1r\u00e6\u00f0i hennar ger\u00f0i Meda agndofa.<br \/><a name=\"11\"><span class=\"versanumer_ljod\">11<\/span><\/a>\u00de\u00e1 l\u00e9t m\u00edn au\u00f0m\u00fdkta \u00fej\u00f3\u00f0 kve\u00f0a vi\u00f0 sigur\u00f3p<br \/>\nen \u00f3vinirnir skelfdust.<br \/>\n\u00deeir r\u00e1ku upp \u00f3p og fl\u00fd\u00f0u.<br \/><a name=\"12\"><span class=\"versanumer_ljod\">12<\/span><\/a>Synir ungra m\u00e6\u00f0ra stungu \u00f3vinina \u00ed gegn,<br \/>\ns\u00e6r\u00f0u \u00fe\u00e1 l\u00edkt og stroku\u00fer\u00e6la.<br \/>\nHersveitir Drottins m\u00edns gr\u00f6ndu\u00f0u \u00feeim.<br \/><a name=\"13\"><span class=\"versanumer_ljod\">13<\/span><\/a>\u00c9g vil syngja Gu\u00f0i m\u00ednum n\u00fdjan s\u00f6ng.<br \/>\nDrottinn, mikill ert \u00fe\u00fa og vegsamlegur,<br \/>\nundursamlegur a\u00f0 m\u00e6tti og \u00f3sigrandi.<br \/><a name=\"14\"><span class=\"versanumer_ljod\">14<\/span><\/a>\u00de\u00e9r skyldi allt, sem er skapa\u00f0, \u00fej\u00f3na<br \/>\n\u00fev\u00ed a\u00f0 \u00fe\u00fa tala\u00f0ir og \u00fea\u00f0 var\u00f0.<br \/>\n\u00de\u00fa sendir anda \u00feinn og hann bygg\u00f0i upp sk\u00f6pun \u00fe\u00edna.<br \/>\nGegn raust \u00feinni f\u00e6r enginn sta\u00f0ist.<br \/><a name=\"15\"><span class=\"versanumer_ljod\">15<\/span><\/a>Fj\u00f6ll munu n\u00f6tra til r\u00f3ta og h\u00f6fin \u00e6\u00f0a,<br \/>\nbj\u00f6rgin br\u00e1\u00f0na sem vax undan tilliti \u00fe\u00ednu,<br \/>\nen \u00feeim sem \u00feig \u00f3ttast ert \u00fe\u00fa n\u00e1\u00f0ugur.<br \/><a name=\"16\"><span class=\"versanumer_ljod\">16<\/span><\/a>En allar ilmf\u00f3rnir eru sm\u00e1v\u00e6gi,<br \/>\nh\u00e9g\u00f3mi \u00f6ll feiti sem brennd er \u00fe\u00e9r til f\u00f3rnar.<br \/>\nEn s\u00e1 sem \u00f3ttast Drottin er \u00e6vinlega mikill.<br \/><a name=\"17\"><span class=\"versanumer_ljod\">17<\/span><\/a>Vei hei\u00f0ingjunum sem r\u00edsa gegn \u00fej\u00f3\u00f0 minni.<br \/>\nAlm\u00e1ttugur Drottinn mun refsa \u00feeim \u00e1 degi d\u00f3msins.<br \/>\nHann mun senda eld og orma \u00ed l\u00edkama \u00feeirra.<br \/>\n\u00deeir munu veina af kv\u00f6l um eil\u00edf\u00f0. <br \/><\/span><\/p>\n<h3 class=\"millifyrirsogn_2007\">Sigurh\u00e1t\u00ed\u00f0 \u00ed Jer\u00fasalem<\/h3>\n<p><a name=\"18\"><span class=\"versanumer_2007\">18<\/span><\/a> \u00deegar f\u00f3lki\u00f0 kom til Jer\u00fasalem tilba\u00f0 \u00fea\u00f0 Gu\u00f0 og eftir a\u00f0 \u00fea\u00f0 haf\u00f0i hreinsa\u00f0 sig bar \u00fea\u00f0 fram brennif\u00f3rn s\u00edna, sj\u00e1lfviljaf\u00f3rnir og gjafir. <a name=\"19\"><span class=\"versanumer_2007\">19<\/span><\/a> J\u00fad\u00edt helga\u00f0i Gu\u00f0i alla muni H\u00f3lofernesar sem f\u00f3lki\u00f0 haf\u00f0i fengi\u00f0 henni til eignar. Flugnaneti\u00f0, sem h\u00fan haf\u00f0i sj\u00e1lf teki\u00f0 \u00far svefnh\u00fdsi hans, gaf h\u00fan Gu\u00f0i sem heitgj\u00f6f. <a name=\"20\"><span class=\"versanumer_2007\">20<\/span><\/a> \u00cd \u00ferj\u00e1 m\u00e1nu\u00f0i fagna\u00f0i f\u00f3lki\u00f0 fyrir utan musteri\u00f0 \u00ed Jer\u00fasalem og dvaldist J\u00fad\u00edt me\u00f0al \u00feess.<br \/>\n<a name=\"21\"><span class=\"versanumer_2007\">21<\/span><\/a> A\u00f0 \u00feeim t\u00edma li\u00f0num h\u00e9lt hver til s\u00edns heima. F\u00f3r J\u00fad\u00edt heim til Bet\u00fal\u00fau. H\u00fan sat a\u00f0 s\u00ednu og naut mikils \u00e1lits um land allt alla \u00e6vidaga s\u00edna. <a name=\"22\"><span class=\"versanumer_2007\">22<\/span><\/a> Margir ur\u00f0u til a\u00f0 bi\u00f0ja hennar en allt fr\u00e1 \u00feeim degi a\u00f0 Manasse ma\u00f0ur hennar d\u00f3 og safna\u00f0ist til fe\u00f0ra sinna og \u00e1 me\u00f0an h\u00fan lif\u00f0i kenndi hennar enginn ma\u00f0ur. <a name=\"23\"><span class=\"versanumer_2007\">23<\/span><\/a> H\u00fan bj\u00f3 til h\u00e1rrar elli \u00ed h\u00fasi manns s\u00edns og n\u00e1\u00f0i hundra\u00f0 og fimm \u00e1ra aldri. \u00deernu sinni gaf h\u00fan frelsi. \u00deegar J\u00fad\u00edt l\u00e9st \u00ed Bet\u00fal\u00fau var h\u00fan l\u00f6g\u00f0 til grafar \u00ed grafh\u00fdsi Manasse manns s\u00edns. <a name=\"24\"><span class=\"versanumer_2007\">24<\/span><\/a> \u00cdsraelsmenn h\u00f6rmu\u00f0u hana \u00ed sj\u00f6 daga. Fyrir andl\u00e1t sitt skipti h\u00fan eigum s\u00ednum milli allra \u00e1stvina Manasse manns s\u00edns og milli sinna n\u00e1nustu \u00e6ttingja.<br \/>\n<a name=\"25\"><span class=\"versanumer_2007\">25<\/span><\/a> Me\u00f0an J\u00fad\u00edt lif\u00f0i \u00f3gna\u00f0i enginn \u00cdsraelsm\u00f6nnum og ekki langa hr\u00ed\u00f0 eftir a\u00f0 h\u00fan hvarf af heimi. <\/p>\n","protected":false},"excerpt":{"rendered":"<p>Lofs\u00f6ngur J\u00fad\u00edtar 1 Og J\u00fad\u00edt s\u00f6ng: Syngi\u00f0 Gu\u00f0i m\u00ednum lof me\u00f0 bumbusl\u00e6tti,vegsami\u00f0 Drottin me\u00f0 sk\u00e1labumbum.L\u00e1ti\u00f0 s\u00e1lma og lofgj\u00f6r\u00f0 hlj\u00f3ma honum til hei\u00f0urs.Vegsami\u00f0 og \u00e1kalli\u00f0 nafn hans.2Gu\u00f0 er Drottinn sem bindur enda \u00e1 styrjaldir. Hann bjarga\u00f0i m\u00e9r \u00ed herb\u00fa\u00f0ir l\u00fd\u00f0s s\u00edns \u00far h\u00f6ndum \u00feeirra er ofs\u00f3ttu mig.3Ass\u00fdr\u00edumenn komu fr\u00e1 fj\u00f6llunum \u00ed nor\u00f0ri, merg\u00f0 hermanna \u00feeirra kom. Fj\u00f6ldi hermannanna fyllti \u00e1rfarvegina, riddarali\u00f0i\u00f0 huldi h\u00e6\u00f0irnar.4\u00deeir h\u00f3tu\u00f0u a\u00f0 brenna bygg\u00f0ir m\u00ednar, dey\u00f0a \u00e6skumenn m\u00edna me\u00f0 sver\u00f0i, sl\u00e1 brj\u00f3stmylkingum m\u00ednum vi\u00f0 j\u00f6r\u00f0u, taka b\u00f6rn m\u00edn a\u00f0 herfangi og r\u00e6na ungmeyjum m\u00ednum.5Alm\u00e1ttugur Drottinn ger\u00f0i r\u00e1\u00f0ager\u00f0 \u00feeirra a\u00f0 engu me\u00f0 kvenmannshendi.6Kappi \u00feeirra var hvorki felldur af \u00e6skum\u00f6nnum <a href=\"https:\/\/biblian.is\/biblian\/juditarbok-16-kafli\/\"> [&#8230;]<\/a><\/p>\n","protected":false},"author":1,"featured_media":0,"parent":0,"menu_order":0,"comment_status":"open","ping_status":"open","template":"bibliukaflar.php","meta":{"footnotes":""},"class_list":["post-2836","page","type-page","status-publish","hentry"],"_links":{"self":[{"href":"https:\/\/biblian.is\/biblian\/wp-json\/wp\/v2\/pages\/2836","targetHints":{"allow":["GET"]}}],"collection":[{"href":"https:\/\/biblian.is\/biblian\/wp-json\/wp\/v2\/pages"}],"about":[{"href":"https:\/\/biblian.is\/biblian\/wp-json\/wp\/v2\/types\/page"}],"author":[{"embeddable":true,"href":"https:\/\/biblian.is\/biblian\/wp-json\/wp\/v2\/users\/1"}],"replies":[{"embeddable":true,"href":"https:\/\/biblian.is\/biblian\/wp-json\/wp\/v2\/comments?post=2836"}],"version-history":[{"count":0,"href":"https:\/\/biblian.is\/biblian\/wp-json\/wp\/v2\/pages\/2836\/revisions"}],"wp:attachment":[{"href":"https:\/\/biblian.is\/biblian\/wp-json\/wp\/v2\/media?parent=2836"}],"curies":[{"name":"wp","href":"https:\/\/api.w.org\/{rel}","templated":true}]}}