{"id":2835,"date":"2017-12-30T21:04:49","date_gmt":"2017-12-30T21:04:49","guid":{"rendered":"http:\/\/biblian.is\/biblian\/j%c2%9cd%c2%92tarb%c2%97k-15-kafli\/"},"modified":"2018-01-12T19:25:01","modified_gmt":"2018-01-12T19:25:01","slug":"juditarbok-15-kafli","status":"publish","type":"page","link":"https:\/\/biblian.is\/biblian\/juditarbok-15-kafli\/","title":{"rendered":"J\u00fad\u00edtarb\u00f3k 15. kafli"},"content":{"rendered":"<h3 class=\"millifyrirsogn_2007\"> Sigur \u00cdsraels<\/h3>\n<p><a name=\"1\"><span class=\"versanumer_2007\">1<\/span><\/a> \u00deeir sem voru \u00ed tj\u00f6ldunum heyr\u00f0u \u00feetta og \u00fea\u00f0 sem gerst haf\u00f0i fyllti \u00fe\u00e1 skelfingu. <a name=\"2\"><span class=\"versanumer_2007\">2<\/span><\/a> Ur\u00f0u \u00feeir svo felmtra\u00f0ir og \u00f3ttaslegnir a\u00f0 \u00feeir h\u00e6ttu a\u00f0 halda h\u00f3pinn og tv\u00edstru\u00f0ust \u00ed allar \u00e1ttir, t\u00f3ku til f\u00f3tanna og \u00feutu \u00fat \u00e1 alla vegi \u00e1 sl\u00e9ttunni og \u00ed fj\u00f6llunum. <a name=\"3\"><span class=\"versanumer_2007\">3<\/span><\/a> Einnig l\u00f6g\u00f0u \u00feeir sem voru \u00ed var\u00f0st\u00f6\u00f0vunum \u00ed fj\u00f6llunum kringum Bet\u00fal\u00fau \u00e1 fl\u00f3tta. \u00de\u00e1 ger\u00f0u allir vopnf\u00e6rir \u00cdsraelsmenn \u00e1r\u00e1s \u00e1 \u00fe\u00e1.<br \/> <a name=\"4\"><span class=\"versanumer_2007\">4<\/span><\/a> \u00dass\u00eda sendi bo\u00f0 um \u00fea\u00f0 sem gerst haf\u00f0i til Bet\u00f3mesta\u00edm, Beba\u00ed, K\u00f3ba\u00ed og K\u00f3la og um allar bygg\u00f0ir \u00cdsraels. Hann hvatti alla til a\u00f0 r\u00e1\u00f0ast \u00e1 \u00f3vinina og gera \u00fat af vi\u00f0 \u00fe\u00e1. <a name=\"5\"><span class=\"versanumer_2007\">5<\/span><\/a> Um lei\u00f0 og \u00cdsraelsm\u00f6nnum b\u00e1rust t\u00ed\u00f0indin r\u00e9\u00f0ust \u00feeir allir sem einn \u00e1 \u00f3vinina og hjuggu \u00fe\u00e1 ni\u00f0ur allt \u00fear til \u00feeir voru komnir til K\u00f3ba. Einnig komu menn fr\u00e1 Jer\u00fasalem og fr\u00e1 \u00f6llu fjalllendinu til li\u00f0s vi\u00f0 \u00fe\u00e1 er \u00feeir fr\u00e9ttu af \u00fev\u00ed sem ger\u00f0ist \u00ed herb\u00fa\u00f0um \u00f3vina \u00feeirra. G\u00edlea\u00f0b\u00faar og Gal\u00edleumenn r\u00e9\u00f0ust \u00e1 \u00f3vinina fr\u00e1 hli\u00f0 og ollu \u00feeim miklu tj\u00f3ni allt \u00fear til \u00feeir voru komnir fram hj\u00e1 Damaskus og bygg\u00f0um hennar. <a name=\"6\"><span class=\"versanumer_2007\">6<\/span><\/a> \u00deeir Bet\u00fal\u00faub\u00faar sem eftir ur\u00f0u \u00ed borginni r\u00e9\u00f0ust \u00e1 herb\u00fa\u00f0ir Ass\u00fdr\u00edumanna og r\u00e6ndu \u00fe\u00e6r og au\u00f0gu\u00f0ust mj\u00f6g a\u00f0 ver\u00f0m\u00e6tum. <a name=\"7\"><span class=\"versanumer_2007\">7<\/span><\/a> En \u00fea\u00f0 sem eftir var\u00f0 t\u00f3ku \u00feeir \u00cdsraelsmenn sem sneru aftur fr\u00e1 v\u00edgunum. Fengu \u00feorpin og b\u00e6irnir \u00ed fjalllendinu og \u00e1 sl\u00e9ttunni einnig miki\u00f0 herfang enda var af n\u00f3gu a\u00f0 taka.<\/p>\n<h3 class=\"millifyrirsogn_2007\">\u00cdsraelsmenn fagna sigri<\/h3>\n<p><a name=\"8\"><span class=\"versanumer_2007\">8<\/span><\/a> J\u00f3akim \u00e6\u00f0sti prestur og \u00f6ldungar\u00e1\u00f0 \u00cdsraelsmanna \u00ed Jer\u00fasalem komu til a\u00f0 sj\u00e1 \u00fea\u00f0 d\u00e1semdarverk sem Drottinn haf\u00f0i unni\u00f0 fyrir \u00cdsrael og til a\u00f0 hitta J\u00fad\u00edt og f\u00e6ra henni heilla\u00f3skir. <a name=\"9\"><span class=\"versanumer_2007\">9<\/span><\/a> \u00deegar \u00feeir komu til hennar blessu\u00f0u \u00feeir hana allir einum r\u00f3mi og s\u00f6g\u00f0u: \u201e\u00de\u00fa ert vegsemd Jer\u00fasalem, \u00fe\u00fa ert hin mikla pr\u00fd\u00f0i \u00cdsraels, \u00fe\u00fa ert meginstolt \u00fej\u00f3\u00f0arinnar! <a name=\"10\"><span class=\"versanumer_2007\">10<\/span><\/a> Allt \u00feetta hefur \u00fe\u00fa gert me\u00f0 eigin hendi. \u00de\u00fa hefur gert d\u00e1semdarverk fyrir \u00cdsrael og \u00fea\u00f0 var Gu\u00f0i \u00fe\u00f3knanlegt. Blessu\u00f0 s\u00e9rt \u00fe\u00fa af alm\u00e1ttugum Drottni a\u00f0 eil\u00edfu.\u201c Og f\u00f3lki\u00f0 allt sag\u00f0i: \u201eAmen.\u201c<br \/> <a name=\"11\"><span class=\"versanumer_2007\">11<\/span><\/a> \u00cd \u00ferj\u00e1t\u00edu daga l\u00e9t f\u00f3lki\u00f0 greipar s\u00f3pa um herb\u00fa\u00f0irnar. J\u00fad\u00edt var gefi\u00f0 tjald H\u00f3lofernesar og allur silfurbor\u00f0b\u00fana\u00f0ur hans, r\u00fam, sk\u00e1lar og \u00f6ll hans \u00e1h\u00f6ld. H\u00fan t\u00f3k vi\u00f0 \u00feessu, lag\u00f0i \u00e1 m\u00falasna sinn, l\u00e9t spenna fyrir vagna s\u00edna og hl\u00f3\u00f0 \u00feessu \u00e1 \u00fe\u00e1. <a name=\"12\"><span class=\"versanumer_2007\">12<\/span><\/a> Allar konur \u00ed \u00cdsrael komu hlaupandi til a\u00f0 sj\u00e1 J\u00fad\u00edt og \u00fe\u00e6r blessu\u00f0u hana og sumar d\u00f6nsu\u00f0u henni til hei\u00f0urs. Sj\u00e1lf t\u00f3k h\u00fan laufstafi s\u00e9r \u00ed h\u00f6nd og gaf konunum sem me\u00f0 henni voru. <a name=\"13\"><span class=\"versanumer_2007\">13<\/span><\/a> B\u00e6\u00f0i h\u00fan og hinar konurnar settu upp \u00f3l\u00edfuvi\u00f0arsveiga. J\u00fad\u00edt dansa\u00f0i fremst \u00ed flokki kvennanna, sem f\u00f3ru fyrir, en allir karlmenn \u00ed \u00cdsrael sl\u00f3gust \u00ed h\u00f3pinn, b\u00e1ru vopn s\u00edn me\u00f0 kransa \u00e1 h\u00f6f\u00f0i og sungu s\u00e1lma. <a name=\"14\"><span class=\"versanumer_2007\">14<\/span><\/a> En J\u00fad\u00edt h\u00f3f upp raust s\u00edna og s\u00f6ng eftirfarandi lofgj\u00f6r\u00f0 fyrir alla \u00ed \u00cdsrael og t\u00f3k allt f\u00f3lki\u00f0 undir lofs\u00f6nginn. <\/p>\n","protected":false},"excerpt":{"rendered":"<p>Sigur \u00cdsraels 1 \u00deeir sem voru \u00ed tj\u00f6ldunum heyr\u00f0u \u00feetta og \u00fea\u00f0 sem gerst haf\u00f0i fyllti \u00fe\u00e1 skelfingu. 2 Ur\u00f0u \u00feeir svo felmtra\u00f0ir og \u00f3ttaslegnir a\u00f0 \u00feeir h\u00e6ttu a\u00f0 halda h\u00f3pinn og tv\u00edstru\u00f0ust \u00ed allar \u00e1ttir, t\u00f3ku til f\u00f3tanna og \u00feutu \u00fat \u00e1 alla vegi \u00e1 sl\u00e9ttunni og \u00ed fj\u00f6llunum. 3 Einnig l\u00f6g\u00f0u \u00feeir sem voru \u00ed var\u00f0st\u00f6\u00f0vunum \u00ed fj\u00f6llunum kringum Bet\u00fal\u00fau \u00e1 fl\u00f3tta. \u00de\u00e1 ger\u00f0u allir vopnf\u00e6rir \u00cdsraelsmenn \u00e1r\u00e1s \u00e1 \u00fe\u00e1. 4 \u00dass\u00eda sendi bo\u00f0 um \u00fea\u00f0 sem gerst haf\u00f0i til Bet\u00f3mesta\u00edm, Beba\u00ed, K\u00f3ba\u00ed og K\u00f3la og um allar bygg\u00f0ir \u00cdsraels. Hann hvatti alla til a\u00f0 r\u00e1\u00f0ast \u00e1 \u00f3vinina <a href=\"https:\/\/biblian.is\/biblian\/juditarbok-15-kafli\/\"> [&#8230;]<\/a><\/p>\n","protected":false},"author":1,"featured_media":0,"parent":0,"menu_order":0,"comment_status":"open","ping_status":"open","template":"bibliukaflar.php","meta":{"footnotes":""},"class_list":["post-2835","page","type-page","status-publish","hentry"],"_links":{"self":[{"href":"https:\/\/biblian.is\/biblian\/wp-json\/wp\/v2\/pages\/2835","targetHints":{"allow":["GET"]}}],"collection":[{"href":"https:\/\/biblian.is\/biblian\/wp-json\/wp\/v2\/pages"}],"about":[{"href":"https:\/\/biblian.is\/biblian\/wp-json\/wp\/v2\/types\/page"}],"author":[{"embeddable":true,"href":"https:\/\/biblian.is\/biblian\/wp-json\/wp\/v2\/users\/1"}],"replies":[{"embeddable":true,"href":"https:\/\/biblian.is\/biblian\/wp-json\/wp\/v2\/comments?post=2835"}],"version-history":[{"count":0,"href":"https:\/\/biblian.is\/biblian\/wp-json\/wp\/v2\/pages\/2835\/revisions"}],"wp:attachment":[{"href":"https:\/\/biblian.is\/biblian\/wp-json\/wp\/v2\/media?parent=2835"}],"curies":[{"name":"wp","href":"https:\/\/api.w.org\/{rel}","templated":true}]}}