{"id":2830,"date":"2017-12-30T21:04:49","date_gmt":"2017-12-30T21:04:49","guid":{"rendered":"http:\/\/biblian.is\/biblian\/j%c2%9cd%c2%92tarb%c2%97k-10-kafli\/"},"modified":"2018-01-12T19:14:25","modified_gmt":"2018-01-12T19:14:25","slug":"juditarbok-10-kafli","status":"publish","type":"page","link":"https:\/\/biblian.is\/biblian\/juditarbok-10-kafli\/","title":{"rendered":"J\u00fad\u00edtarb\u00f3k 10. kafli"},"content":{"rendered":"<h3 class=\"millifyrirsogn_2007\"> J\u00fad\u00edt heldur til herb\u00fa\u00f0a H\u00f3lofernesar<\/h3>\n<p><a name=\"1\"><span class=\"versanumer_2007\">1<\/span><\/a> \u00deegar J\u00fad\u00edt haf\u00f0i loki\u00f0 \u00e1kalli s\u00ednu til Gu\u00f0s \u00cdsraels <a name=\"2\"><span class=\"versanumer_2007\">2<\/span><\/a> st\u00f3\u00f0 h\u00fan \u00e1 f\u00e6tur, kalla\u00f0i \u00e1 \u00feernu s\u00edna og gekk ni\u00f0ur \u00ed h\u00fasi\u00f0 sem h\u00fan dvaldist \u00ed \u00e1 hv\u00edldard\u00f6gum og h\u00e1t\u00ed\u00f0um. <a name=\"3\"><span class=\"versanumer_2007\">3<\/span><\/a> Lag\u00f0i h\u00fan af s\u00e9r h\u00e6rusekkinn og afkl\u00e6ddist ekkjub\u00faningnum, \u00fevo\u00f0i s\u00e9r h\u00e1tt og l\u00e1gt og smur\u00f0i sig d\u00fdrindis ilmsmyrslum. \u00de\u00e1 greiddi h\u00fan h\u00e1r sitt, falda\u00f0i h\u00f6fu\u00f0i\u00f0 og f\u00f3r \u00ed veislub\u00faning \u00feann sem h\u00fan haf\u00f0i kl\u00e6\u00f0st me\u00f0an Manasse ma\u00f0ur hennar var \u00e1 l\u00edfi. <a name=\"4\"><span class=\"versanumer_2007\">4<\/span><\/a> H\u00fan setti ilsk\u00f3 \u00e1 f\u00e6turna, l\u00e9t \u00e1 sig armb\u00f6nd og \u00f6kklahringi, hringa, eyrnalokka og allt sitt skart. H\u00fan bj\u00f3 sig svo fagurlega til \u00feess a\u00f0 ganga \u00ed augun \u00e1 hverjum \u00feeim manni sem s\u00e6i hana. <a name=\"5\"><span class=\"versanumer_2007\">5<\/span><\/a> S\u00ed\u00f0an f\u00e9kk h\u00fan \u00feernu sinni skinnbelg me\u00f0 v\u00edni og ol\u00edukr\u00fas og fyllti mal af ristu\u00f0u korni, f\u00edkjuk\u00f6kum og hreinu brau\u00f0i, bj\u00f3 s\u00ed\u00f0an vel um matar\u00e1h\u00f6ld s\u00edn og l\u00e9t \u00feernuna bera \u00feau.<br \/> <a name=\"6\"><span class=\"versanumer_2007\">6<\/span><\/a> S\u00ed\u00f0an gengu \u00fe\u00e6r \u00fat a\u00f0 hli\u00f0i Bet\u00fal\u00fauborgar og hittu \u00dass\u00eda og borgar\u00f6ldungana Kabr\u00eds og Karm\u00eds sem \u00fear st\u00f3\u00f0u. <a name=\"7\"><span class=\"versanumer_2007\">7<\/span><\/a> Er \u00feeir s\u00e1u hana og hve yfirbrag\u00f0 hennar var or\u00f0i\u00f0 breytt og kl\u00e6\u00f0na\u00f0ur annar en \u00e1\u00f0ur, undru\u00f0ust \u00feeir fegur\u00f0 hennar og s\u00f6g\u00f0u vi\u00f0 hana: <a name=\"8\"><span class=\"versanumer_2007\">8<\/span><\/a> \u201eGu\u00f0 fe\u00f0ra okkar gefi \u00fe\u00e9r n\u00e1\u00f0 til a\u00f0 lj\u00faka \u00e6tlunarverki \u00fe\u00ednu \u00cdsraelsm\u00f6nnum til vegsemdar og Jer\u00fasalem til d\u00fdr\u00f0ar.\u201c Og \u00feeir f\u00e9llu \u00e1 kn\u00e9 og b\u00e1\u00f0u til Gu\u00f0s, <a name=\"9\"><span class=\"versanumer_2007\">9<\/span><\/a> en h\u00fan sag\u00f0i vi\u00f0 \u00fe\u00e1: \u201eL\u00e1ti\u00f0 opna borgarhli\u00f0i\u00f0 fyrir m\u00e9r. \u00de\u00e1 mun \u00e9g ganga \u00fat til \u00feess a\u00f0 framkv\u00e6ma \u00fea\u00f0 sem \u00fei\u00f0 voru\u00f0 a\u00f0 tala um.\u201c \u00deeir bu\u00f0u ungu m\u00f6nnunum a\u00f0 opna fyrir henni eins og h\u00fan haf\u00f0i be\u00f0i\u00f0 um. <a name=\"10\"><span class=\"versanumer_2007\">10<\/span><\/a> \u00dea\u00f0 var gert og J\u00fad\u00edt gekk \u00fat \u00e1samt \u00feernu sinni. Borgarb\u00faar fylgdu henni eftir me\u00f0 augunum \u00fear sem h\u00fan gekk ofan fjalli\u00f0 \u00fear til h\u00fan var komin ofan \u00ed dalinn og hvarf \u00feeim \u00far augs\u00fdn.<br \/> <a name=\"11\"><span class=\"versanumer_2007\">11<\/span><\/a> \u00dear sem \u00fe\u00e6r gengu raklei\u00f0is fram dalinn m\u00e6tti ass\u00fdr\u00edsk framvar\u00f0arsveit \u00feeim. <a name=\"12\"><span class=\"versanumer_2007\">12<\/span><\/a> Gripu hermennirnir J\u00fad\u00edt og spur\u00f0u: \u201eHverra manna ertu, hva\u00f0an kemur\u00f0u? Og hvert \u00e6tlar\u00f0u?\u201c H\u00fan svara\u00f0i: \u201e\u00c9g er hebresk kona og er \u00e1 fl\u00f3tta fr\u00e1 l\u00f6ndum m\u00ednum af \u00fev\u00ed a\u00f0 \u00feeir munu gefnir ykkur a\u00f0 br\u00e1\u00f0. <a name=\"13\"><span class=\"versanumer_2007\">13<\/span><\/a> \u00c9g er \u00e1 lei\u00f0 til H\u00f3lofernesar, yfirhersh\u00f6f\u00f0ingja ykkar, til \u00feess a\u00f0 gefa honum \u00e1rei\u00f0anlegar uppl\u00fdsingar. \u00c9g \u00e6tla a\u00f0 v\u00edsa honum \u00e1 veg sem hann getur fari\u00f0 og n\u00e1\u00f0 \u00f6llu fjalllendinu \u00e1 sitt vald \u00e1n \u00feess a\u00f0 nokkur lifandi ma\u00f0ur af li\u00f0i hans falli.\u201c<br \/> <a name=\"14\"><span class=\"versanumer_2007\">14<\/span><\/a> \u00deegar mennirnir heyr\u00f0u \u00fea\u00f0 sem J\u00fad\u00edt sag\u00f0i og virtu hana fyrir s\u00e9r hrifust \u00feeir af fegur\u00f0 hennar og s\u00f6g\u00f0u: <a name=\"15\"><span class=\"versanumer_2007\">15<\/span><\/a> \u201e\u00de\u00fa hefur bjarga\u00f0 l\u00edfi \u00fe\u00ednu me\u00f0 \u00fev\u00ed a\u00f0 hra\u00f0a \u00fe\u00e9r hinga\u00f0 ofan til h\u00fasb\u00f3nda okkar. Haltu \u00e1fram til tjalds hans. Nokkrir okkar munu fylgja \u00fe\u00e9r og skila \u00fe\u00e9r \u00ed hendur hans. <a name=\"16\"><span class=\"versanumer_2007\">16<\/span><\/a> \u00deegar \u00fe\u00fa gengur fyrir hann skalt \u00fe\u00fa ekki \u00f3ttast. Seg\u00f0u honum \u00fea\u00f0 sama og \u00fe\u00fa varst a\u00f0 segja og hann mun gera vel vi\u00f0 \u00feig.\u201c <a name=\"17\"><span class=\"versanumer_2007\">17<\/span><\/a> \u00deeir v\u00f6ldu s\u00ed\u00f0an hundra\u00f0 menn \u00far li\u00f0inu til a\u00f0 fara me\u00f0 J\u00fad\u00edt og \u00feernu hennar. Fylgdu \u00feeir konunum a\u00f0 tjaldi H\u00f3lofernesar. <a name=\"18\"><span class=\"versanumer_2007\">18<\/span><\/a> En menn \u00feustu \u00far \u00f6llum herb\u00fa\u00f0unum af \u00fev\u00ed a\u00f0 fr\u00e9ttin um komu J\u00fad\u00edtar haf\u00f0i borist um tj\u00f6ldin. Sl\u00f3gu \u00feeir hring um J\u00fad\u00edt \u00fear sem h\u00fan st\u00f3\u00f0 fyrir utan tjald H\u00f3lofernesar \u00e1 me\u00f0an honum var sk\u00fdrt fr\u00e1 komu hennar. <a name=\"19\"><span class=\"versanumer_2007\">19<\/span><\/a> D\u00e1\u00f0ust \u00feeir a\u00f0 fegur\u00f0 hennar og a\u00f0 \u00cdsraelsm\u00f6nnum sakir hennar og s\u00f6g\u00f0u hver vi\u00f0 annan: \u201eHver getur fyrirliti\u00f0 \u00fe\u00e1 \u00fej\u00f3\u00f0 sem \u00e1 sl\u00edkar konur s\u00edn \u00e1 me\u00f0al? Ekki v\u00e6ri r\u00e1\u00f0legt a\u00f0 \u00feyrma einum einasta manni af sl\u00edkri \u00fej\u00f3\u00f0. Komist \u00feeir undan geta \u00feeir heilla\u00f0 allan heiminn.\u201c<br \/> <a name=\"20\"><span class=\"versanumer_2007\">20<\/span><\/a> L\u00edfver\u00f0ir H\u00f3lofernesar og allir \u00fej\u00f3nar hans a\u00f0rir komu n\u00fa \u00fat og leiddu J\u00fad\u00edt inn \u00ed tjaldi\u00f0. <a name=\"21\"><span class=\"versanumer_2007\">21<\/span><\/a> H\u00f3lofernes l\u00e1 \u00ed hv\u00edlu sinni undir flugnaneti sem var ofi\u00f0 \u00far purpura og gull\u00fer\u00e6\u00f0i og voru sauma\u00f0ir \u00ed \u00fea\u00f0 smarag\u00f0ar og e\u00f0alsteinar. <a name=\"22\"><span class=\"versanumer_2007\">22<\/span><\/a> Hann gekk fram \u00ed fortjaldi\u00f0 er honum var sagt fr\u00e1 komu J\u00fad\u00edtar og voru silfurlampar bornir fyrir honum. <a name=\"23\"><span class=\"versanumer_2007\">23<\/span><\/a> \u00deegar hann og \u00fej\u00f3nar hans s\u00e1u J\u00fad\u00edt undru\u00f0ust \u00feeir allir fegur\u00f0 hennar. H\u00fan f\u00e9ll fram \u00e1 \u00e1sj\u00f3nu s\u00edna og laut honum en \u00fej\u00f3nar H\u00f3lofernesar reistu hana \u00e1 f\u00e6tur.<\/p>\n","protected":false},"excerpt":{"rendered":"<p>J\u00fad\u00edt heldur til herb\u00fa\u00f0a H\u00f3lofernesar 1 \u00deegar J\u00fad\u00edt haf\u00f0i loki\u00f0 \u00e1kalli s\u00ednu til Gu\u00f0s \u00cdsraels 2 st\u00f3\u00f0 h\u00fan \u00e1 f\u00e6tur, kalla\u00f0i \u00e1 \u00feernu s\u00edna og gekk ni\u00f0ur \u00ed h\u00fasi\u00f0 sem h\u00fan dvaldist \u00ed \u00e1 hv\u00edldard\u00f6gum og h\u00e1t\u00ed\u00f0um. 3 Lag\u00f0i h\u00fan af s\u00e9r h\u00e6rusekkinn og afkl\u00e6ddist ekkjub\u00faningnum, \u00fevo\u00f0i s\u00e9r h\u00e1tt og l\u00e1gt og smur\u00f0i sig d\u00fdrindis ilmsmyrslum. \u00de\u00e1 greiddi h\u00fan h\u00e1r sitt, falda\u00f0i h\u00f6fu\u00f0i\u00f0 og f\u00f3r \u00ed veislub\u00faning \u00feann sem h\u00fan haf\u00f0i kl\u00e6\u00f0st me\u00f0an Manasse ma\u00f0ur hennar var \u00e1 l\u00edfi. 4 H\u00fan setti ilsk\u00f3 \u00e1 f\u00e6turna, l\u00e9t \u00e1 sig armb\u00f6nd og \u00f6kklahringi, hringa, eyrnalokka og allt sitt skart. H\u00fan bj\u00f3 sig <a href=\"https:\/\/biblian.is\/biblian\/juditarbok-10-kafli\/\"> [&#8230;]<\/a><\/p>\n","protected":false},"author":1,"featured_media":0,"parent":0,"menu_order":0,"comment_status":"open","ping_status":"open","template":"bibliukaflar.php","meta":{"footnotes":""},"class_list":["post-2830","page","type-page","status-publish","hentry"],"_links":{"self":[{"href":"https:\/\/biblian.is\/biblian\/wp-json\/wp\/v2\/pages\/2830","targetHints":{"allow":["GET"]}}],"collection":[{"href":"https:\/\/biblian.is\/biblian\/wp-json\/wp\/v2\/pages"}],"about":[{"href":"https:\/\/biblian.is\/biblian\/wp-json\/wp\/v2\/types\/page"}],"author":[{"embeddable":true,"href":"https:\/\/biblian.is\/biblian\/wp-json\/wp\/v2\/users\/1"}],"replies":[{"embeddable":true,"href":"https:\/\/biblian.is\/biblian\/wp-json\/wp\/v2\/comments?post=2830"}],"version-history":[{"count":0,"href":"https:\/\/biblian.is\/biblian\/wp-json\/wp\/v2\/pages\/2830\/revisions"}],"wp:attachment":[{"href":"https:\/\/biblian.is\/biblian\/wp-json\/wp\/v2\/media?parent=2830"}],"curies":[{"name":"wp","href":"https:\/\/api.w.org\/{rel}","templated":true}]}}