{"id":2817,"date":"2017-12-30T21:04:44","date_gmt":"2017-12-30T21:04:44","guid":{"rendered":"http:\/\/biblian.is\/biblian\/t%c2%97b%c2%92tsb%c2%97k-11-kafli\/"},"modified":"2018-01-12T18:45:56","modified_gmt":"2018-01-12T18:45:56","slug":"tobitsbok-11-kafli","status":"publish","type":"page","link":"https:\/\/biblian.is\/biblian\/tobitsbok-11-kafli\/","title":{"rendered":"T\u00f3b\u00edtsb\u00f3k 11. kafli"},"content":{"rendered":"<h3 class=\"millifyrirsogn_2007\"> Heimkoman<\/h3>\n<p><a name=\"1\"><span class=\"versanumer_2007\">1<\/span><\/a> \u00deegar \u00feau n\u00e1lgu\u00f0ust Kaserin, sem er skammt fr\u00e1 N\u00edn\u00edve, <a name=\"2\"><span class=\"versanumer_2007\">2<\/span><\/a> sag\u00f0i Rafael: \u201e\u00de\u00fa manst hvernig f\u00f6\u00f0ur \u00fe\u00ednum lei\u00f0 \u00feegar vi\u00f0 f\u00f3rum. <a name=\"3\"><span class=\"versanumer_2007\">3<\/span><\/a> Vi\u00f0 skulum fl\u00fdta okkur \u00e1 undan konu \u00feinni og b\u00faa h\u00fasi\u00f0 undir komu hinna.\u201c <a name=\"4\"><span class=\"versanumer_2007\">4<\/span><\/a> \u00deeir h\u00e9ldu \u00e1fram b\u00e1\u00f0ir tveir og Rafael sag\u00f0i T\u00f3b\u00edasi a\u00f0 hafa gallbl\u00f6\u00f0runa vi\u00f0 h\u00f6ndina. Hundurinn hlj\u00f3p \u00e1 eftir \u00feeim T\u00f3b\u00edasi.<br \/> <a name=\"5\"><span class=\"versanumer_2007\">5<\/span><\/a> Anna sat og skima\u00f0i \u00fat veginn eftir syni s\u00ednum. <a name=\"6\"><span class=\"versanumer_2007\">6<\/span><\/a> H\u00fan kom auga \u00e1 hann \u00feegar hann n\u00e1lga\u00f0ist og sag\u00f0i vi\u00f0 f\u00f6\u00f0ur hans: \u201eSonur \u00feinn er a\u00f0 koma og l\u00edka ma\u00f0urinn sem f\u00f3r me\u00f0 honum!\u201c <a name=\"7\"><span class=\"versanumer_2007\">7<\/span><\/a> \u00c1\u00f0ur en T\u00f3b\u00edas kom til f\u00f6\u00f0ur s\u00edns sag\u00f0i Rafael vi\u00f0 hann: \u201e\u00c9g veit a\u00f0 augum hans mun loki\u00f0 upp. <a name=\"8\"><span class=\"versanumer_2007\">8<\/span><\/a> \u00de\u00fa skalt smyrja galli fisksins \u00ed augu hans. Lyfi\u00f0 mun l\u00e1ta himnurnar \u00e1 augunum skorpna og flagna af og fa\u00f0ir \u00feinn mun f\u00e1 sj\u00f3nina aftur og geta s\u00e9\u00f0 lj\u00f3si\u00f0.\u201c <a name=\"9\"><span class=\"versanumer_2007\">9<\/span><\/a> Anna hlj\u00f3p til, varpa\u00f0i s\u00e9r um h\u00e1lsinn \u00e1 syni s\u00ednum og sag\u00f0i: \u201eN\u00fa, \u00feegar \u00e9g hef fengi\u00f0 a\u00f0 sj\u00e1 \u00feig, barni\u00f0 mitt, get \u00e9g d\u00e1i\u00f0.\u201c Og h\u00fan gr\u00e9t.<\/p>\n<h3 class=\"millifyrirsogn_2007\">T\u00f3b\u00edt l\u00e6kna\u00f0ur<\/h3>\n<p><a name=\"10\"><span class=\"versanumer_2007\">10<\/span><\/a> T\u00f3b\u00edt st\u00f3\u00f0 l\u00edka upp og staula\u00f0ist \u00fat um gar\u00f0hli\u00f0i\u00f0. T\u00f3b\u00edas gekk til hans <a name=\"11\"><span class=\"versanumer_2007\">11<\/span><\/a> og haf\u00f0i fiskgalli\u00f0 \u00ed hendi, bl\u00e9s \u00ed augu hans, greip \u00ed hann og sag\u00f0i: \u201eVertu hughraustur, fa\u00f0ir.\u201c S\u00ed\u00f0an rau\u00f0 hann lyfinu \u00ed augu hans og sleppti honum. <a name=\"12\"><span class=\"versanumer_2007\">12<\/span><\/a>\/<a name=\"13\"><span class=\"versanumer_2007\">13<\/span><\/a> Fa\u00f0ir hans fletti himnunni \u00far augnkr\u00f3kunum me\u00f0 b\u00e1\u00f0um h\u00f6ndum. A\u00f0 \u00fev\u00ed b\u00fanu f\u00e9ll hann um h\u00e1ls sonar s\u00edns, <a name=\"14\"><span class=\"versanumer_2007\">14<\/span><\/a> gr\u00e9t og sag\u00f0i: \u201e\u00c9g s\u00e9 \u00feig, barn, augasteinninn minn.\u201c S\u00ed\u00f0an sag\u00f0i hann:<br \/> <span class=\"ljodatexti\"> Lofa\u00f0ur s\u00e9 Gu\u00f0,<br \/>lofa\u00f0 s\u00e9 hans mikla nafn, <br \/>lofa\u00f0ir allir heilagir englar hans. <br \/>Megi nafn hans miklast af oss.<br \/>Lofa\u00f0ir s\u00e9u allir englar hans um eil\u00edf\u00f0 alla.<br \/> <a name=\"15\"><span class=\"versanumer_ljod\">15<\/span><\/a> Hann refsa\u00f0i m\u00e9r<br \/>en skyndilega s\u00e9 \u00e9g T\u00f3b\u00edas son minn.<br \/><\/span> T\u00f3b\u00edas gekk inn, fagna\u00f0i og lofa\u00f0i Gu\u00f0 h\u00e1st\u00f6fum. Hann sag\u00f0i f\u00f6\u00f0ur s\u00ednum fr\u00e1 \u00fev\u00ed hversu vel fer\u00f0 hans haf\u00f0i l\u00e1nast og a\u00f0 hann k\u00e6mi ekki a\u00f0eins me\u00f0 peningana heldur l\u00edka S\u00f6ru Rag\u00faelsd\u00f3ttur sem hann v\u00e6ri kv\u00e6ntur. \u201eH\u00fan er \u00e1 lei\u00f0inni hinga\u00f0,\u201c sag\u00f0i hann, \u201eog er r\u00e9tt fyrir utan borgarhli\u00f0 N\u00edn\u00edve.\u201c<br \/> <\/span><\/p>\n<h3 class=\"millifyrirsogn_2007\">Koma S\u00f6ru<\/h3>\n<p> <a name=\"16\"><span class=\"versanumer_2007\">16<\/span><\/a> T\u00f3b\u00edt fl\u00fdtti s\u00e9r \u00fat a\u00f0 borgarhli\u00f0i N\u00edn\u00edve til m\u00f3ts vi\u00f0 br\u00fa\u00f0i sonar s\u00edns, fagna\u00f0i og lofa\u00f0i Gu\u00f0. Er N\u00edn\u00edveb\u00faar s\u00e1u hann ganga styrkum skrefum og rakleitt \u00e1n \u00feess a\u00f0 nokkur leiddi hann ur\u00f0u \u00feeir fur\u00f0u lostnir. <a name=\"17\"><span class=\"versanumer_2007\">17<\/span><\/a> Frammi fyrir \u00feeim \u00f6llum lofa\u00f0i T\u00f3b\u00edt Gu\u00f0 fyrir a\u00f0 au\u00f0s\u00fdna s\u00e9r miskunn og veita s\u00e9r sj\u00f3nina. \u00deegar T\u00f3b\u00edt kom til S\u00f6ru, konu T\u00f3b\u00edasar sonar s\u00edns, heilsa\u00f0i hann henni me\u00f0 \u00feessum or\u00f0um: \u201eKomdu heil og s\u00e6l, d\u00f3ttir m\u00edn. Lofa\u00f0ur s\u00e9 Gu\u00f0 \u00feinn sem leiddi \u00feig til okkar, d\u00f3ttir. Blessa\u00f0ur s\u00e9 fa\u00f0ir \u00feinn og blessa\u00f0ur T\u00f3b\u00edas sonur minn og blessu\u00f0 s\u00e9rt \u00fe\u00fa, d\u00f3ttir m\u00edn. Gakk \u00fe\u00fa heil inn \u00ed h\u00fas \u00feitt me\u00f0 lofgj\u00f6r\u00f0 og f\u00f6gnu\u00f0i. Velkomin, d\u00f3ttir m\u00edn.\u201c \u00deennan dag f\u00f6gnu\u00f0u allir Gy\u00f0ingarnir \u00ed N\u00edn\u00edve. <\/span> <a name=\"18\"><span class=\"versanumer_2007\">18<\/span><\/a> Br\u00f3\u00f0ursynir T\u00f3b\u00edts, \u00feeir Ak\u00edkar og Nabad, komu til hans til a\u00f0 samgle\u00f0jast honum.<\/p>\n","protected":false},"excerpt":{"rendered":"<p>Heimkoman 1 \u00deegar \u00feau n\u00e1lgu\u00f0ust Kaserin, sem er skammt fr\u00e1 N\u00edn\u00edve, 2 sag\u00f0i Rafael: \u201e\u00de\u00fa manst hvernig f\u00f6\u00f0ur \u00fe\u00ednum lei\u00f0 \u00feegar vi\u00f0 f\u00f3rum. 3 Vi\u00f0 skulum fl\u00fdta okkur \u00e1 undan konu \u00feinni og b\u00faa h\u00fasi\u00f0 undir komu hinna.\u201c 4 \u00deeir h\u00e9ldu \u00e1fram b\u00e1\u00f0ir tveir og Rafael sag\u00f0i T\u00f3b\u00edasi a\u00f0 hafa gallbl\u00f6\u00f0runa vi\u00f0 h\u00f6ndina. Hundurinn hlj\u00f3p \u00e1 eftir \u00feeim T\u00f3b\u00edasi. 5 Anna sat og skima\u00f0i \u00fat veginn eftir syni s\u00ednum. 6 H\u00fan kom auga \u00e1 hann \u00feegar hann n\u00e1lga\u00f0ist og sag\u00f0i vi\u00f0 f\u00f6\u00f0ur hans: \u201eSonur \u00feinn er a\u00f0 koma og l\u00edka ma\u00f0urinn sem f\u00f3r me\u00f0 honum!\u201c 7 \u00c1\u00f0ur en T\u00f3b\u00edas kom <a href=\"https:\/\/biblian.is\/biblian\/tobitsbok-11-kafli\/\"> [&#8230;]<\/a><\/p>\n","protected":false},"author":1,"featured_media":0,"parent":0,"menu_order":0,"comment_status":"open","ping_status":"open","template":"bibliukaflar.php","meta":{"footnotes":""},"class_list":["post-2817","page","type-page","status-publish","hentry"],"_links":{"self":[{"href":"https:\/\/biblian.is\/biblian\/wp-json\/wp\/v2\/pages\/2817","targetHints":{"allow":["GET"]}}],"collection":[{"href":"https:\/\/biblian.is\/biblian\/wp-json\/wp\/v2\/pages"}],"about":[{"href":"https:\/\/biblian.is\/biblian\/wp-json\/wp\/v2\/types\/page"}],"author":[{"embeddable":true,"href":"https:\/\/biblian.is\/biblian\/wp-json\/wp\/v2\/users\/1"}],"replies":[{"embeddable":true,"href":"https:\/\/biblian.is\/biblian\/wp-json\/wp\/v2\/comments?post=2817"}],"version-history":[{"count":0,"href":"https:\/\/biblian.is\/biblian\/wp-json\/wp\/v2\/pages\/2817\/revisions"}],"wp:attachment":[{"href":"https:\/\/biblian.is\/biblian\/wp-json\/wp\/v2\/media?parent=2817"}],"curies":[{"name":"wp","href":"https:\/\/api.w.org\/{rel}","templated":true}]}}