{"id":2815,"date":"2017-12-30T21:04:44","date_gmt":"2017-12-30T21:04:44","guid":{"rendered":"http:\/\/biblian.is\/biblian\/t%c2%97b%c2%92tsb%c2%97k-9-kafli\/"},"modified":"2018-01-12T18:33:15","modified_gmt":"2018-01-12T18:33:15","slug":"tobitsbok-9-kafli","status":"publish","type":"page","link":"https:\/\/biblian.is\/biblian\/tobitsbok-9-kafli\/","title":{"rendered":"T\u00f3b\u00edtsb\u00f3k 9. kafli"},"content":{"rendered":"<h3 class=\"millifyrirsogn_2007\"> Fer\u00f0in til Rages<\/h3>\n<p><a name=\"1\"><span class=\"versanumer_2007\">1<\/span><\/a> T\u00f3b\u00edas sendi eftir Rafael og sag\u00f0i vi\u00f0 hann: <a name=\"2\"><span class=\"versanumer_2007\">2<\/span><\/a> \u201eAsar\u00eda, br\u00f3\u00f0ir, taktu me\u00f0 \u00fe\u00e9r fj\u00f3ra \u00fej\u00f3na og tvo \u00falfalda og far\u00f0u til Rages. \u00dear finnur \u00fe\u00fa Gabael. L\u00e1ttu hann f\u00e1 skjali\u00f0<span class=\"nedan_mal\" title=\" Sbr. 5.3.\">[<\/span> og taktu vi\u00f0 peningunum. Komdu s\u00ed\u00f0an me\u00f0 hann me\u00f0 \u00fe\u00e9r til br\u00fa\u00f0kaupsveislunnar. <a name=\"3\"><span class=\"versanumer_2007\">3<\/span><\/a>\/<a name=\"4\"><span class=\"versanumer_2007\">4<\/span><\/a> \u00de\u00fa veist a\u00f0 fa\u00f0ir minn telur dagana og ef m\u00e9r dvelst einum degi of lengi veldur \u00fea\u00f0 honum miklu hugarangri. \u00de\u00fa \u00feekkir l\u00edka hva\u00f0 Rag\u00fael hefur svari\u00f0 og ekki get \u00e9g gengi\u00f0 \u00ed berh\u00f6gg vi\u00f0 ei\u00f0 hans.\u201c<span class=\"nedan_mal\" title=\" T\u00f3b\u00edas ney\u00f0ist til a\u00f0 vera um kyrrt, annars kynni b\u00f6lvun a\u00f0 hr\u00edna \u00e1 Rag\u00fael, sbr. 8.20nm.\">[<\/span> <br \/> <a name=\"5\"><span class=\"versanumer_2007\">5<\/span><\/a> Rafael og \u00fej\u00f3narnir fj\u00f3rir h\u00e9ldu me\u00f0 \u00falfaldana tvo til Rages \u00ed Med\u00edu og dv\u00f6ldu hj\u00e1 Gabael. Rafael afhenti honum skjali\u00f0 og sag\u00f0i honum fr\u00e1 T\u00f3b\u00edasi T\u00f3b\u00edtssyni, a\u00f0 hann v\u00e6ri kv\u00e6ntur og by\u00f0i Gabael til br\u00fa\u00f0kaups s\u00edns. Gabael reiddi jafnskj\u00f3tt fram peningaskjattana sem enn voru innsigla\u00f0ir og stafla\u00f0i \u00feeim upp.<br \/> <a name=\"6\"><span class=\"versanumer_2007\">6<\/span><\/a> \u00c1rla n\u00e6sta morgun h\u00e9ldu \u00feeir af sta\u00f0 til br\u00fa\u00f0kaupsins. \u00deegar \u00feeir komu inn til Rag\u00faels sat T\u00f3b\u00edas til bor\u00f0s. Hann spratt upp, fa\u00f0ma\u00f0i Gabael sem brast \u00ed gr\u00e1t, blessa\u00f0i hann og sag\u00f0i:<br \/> \u201eG\u00f6fugi og g\u00f3\u00f0i vinur, sonur g\u00f6fugs, g\u00f3\u00f0s, r\u00e9ttl\u00e1ts og gjafmilds manns. Drottinn gefi \u00fe\u00e9r og eiginkonu \u00feinni himneska blessun og f\u00f6\u00f0ur \u00fe\u00ednum og m\u00f3\u00f0ur hennar. Lofa\u00f0ur s\u00e9 Gu\u00f0 fyrir a\u00f0 leyfa m\u00e9r a\u00f0 l\u00edta T\u00f3b\u00edas sem er lifandi eftirmynd f\u00f6\u00f0ur s\u00edns.\u201c<\/p>\n","protected":false},"excerpt":{"rendered":"<p>Fer\u00f0in til Rages 1 T\u00f3b\u00edas sendi eftir Rafael og sag\u00f0i vi\u00f0 hann: 2 \u201eAsar\u00eda, br\u00f3\u00f0ir, taktu me\u00f0 \u00fe\u00e9r fj\u00f3ra \u00fej\u00f3na og tvo \u00falfalda og far\u00f0u til Rages. \u00dear finnur \u00fe\u00fa Gabael. L\u00e1ttu hann f\u00e1 skjali\u00f0[ og taktu vi\u00f0 peningunum. Komdu s\u00ed\u00f0an me\u00f0 hann me\u00f0 \u00fe\u00e9r til br\u00fa\u00f0kaupsveislunnar. 3\/4 \u00de\u00fa veist a\u00f0 fa\u00f0ir minn telur dagana og ef m\u00e9r dvelst einum degi of lengi veldur \u00fea\u00f0 honum miklu hugarangri. \u00de\u00fa \u00feekkir l\u00edka hva\u00f0 Rag\u00fael hefur svari\u00f0 og ekki get \u00e9g gengi\u00f0 \u00ed berh\u00f6gg vi\u00f0 ei\u00f0 hans.\u201c[ 5 Rafael og \u00fej\u00f3narnir fj\u00f3rir h\u00e9ldu me\u00f0 \u00falfaldana tvo til Rages \u00ed Med\u00edu og dv\u00f6ldu <a href=\"https:\/\/biblian.is\/biblian\/tobitsbok-9-kafli\/\"> [&#8230;]<\/a><\/p>\n","protected":false},"author":1,"featured_media":0,"parent":0,"menu_order":0,"comment_status":"open","ping_status":"open","template":"bibliukaflar.php","meta":{"footnotes":""},"class_list":["post-2815","page","type-page","status-publish","hentry"],"_links":{"self":[{"href":"https:\/\/biblian.is\/biblian\/wp-json\/wp\/v2\/pages\/2815","targetHints":{"allow":["GET"]}}],"collection":[{"href":"https:\/\/biblian.is\/biblian\/wp-json\/wp\/v2\/pages"}],"about":[{"href":"https:\/\/biblian.is\/biblian\/wp-json\/wp\/v2\/types\/page"}],"author":[{"embeddable":true,"href":"https:\/\/biblian.is\/biblian\/wp-json\/wp\/v2\/users\/1"}],"replies":[{"embeddable":true,"href":"https:\/\/biblian.is\/biblian\/wp-json\/wp\/v2\/comments?post=2815"}],"version-history":[{"count":0,"href":"https:\/\/biblian.is\/biblian\/wp-json\/wp\/v2\/pages\/2815\/revisions"}],"wp:attachment":[{"href":"https:\/\/biblian.is\/biblian\/wp-json\/wp\/v2\/media?parent=2815"}],"curies":[{"name":"wp","href":"https:\/\/api.w.org\/{rel}","templated":true}]}}