{"id":2810,"date":"2017-12-30T21:04:44","date_gmt":"2017-12-30T21:04:44","guid":{"rendered":"http:\/\/biblian.is\/biblian\/t%c2%97b%c2%92tsb%c2%97k-4-kafli\/"},"modified":"2018-01-12T18:13:35","modified_gmt":"2018-01-12T18:13:35","slug":"tobitsbok-4-kafli","status":"publish","type":"page","link":"https:\/\/biblian.is\/biblian\/tobitsbok-4-kafli\/","title":{"rendered":"T\u00f3b\u00edtsb\u00f3k 4. kafli"},"content":{"rendered":"<h3 class=\"millifyrirsogn_2007\"> T\u00f3b\u00edt gefur T\u00f3b\u00edasi r\u00e1\u00f0<\/h3>\n<p><a name=\"1\"><span class=\"versanumer_2007\">1<\/span><\/a> \u00deennan sama dag minntist T\u00f3b\u00edt silfursins sem hann haf\u00f0i fali\u00f0 Gabael \u00ed Rages \u00ed Med\u00edu til geymslu. <a name=\"2\"><span class=\"versanumer_2007\">2<\/span><\/a> Hann hugsa\u00f0i me\u00f0 s\u00e9r: \u201eN\u00fa hef \u00e9g be\u00f0i\u00f0 um a\u00f0 f\u00e1 a\u00f0 deyja. \u00c6tti \u00e9g \u00fe\u00e1 ekki a\u00f0 kalla \u00e1 T\u00f3b\u00edas son minn og segja honum fr\u00e1 peningunum \u00e1\u00f0ur en \u00e9g dey?\u201c <a name=\"3\"><span class=\"versanumer_2007\">3<\/span><\/a> Kalla\u00f0i hann \u00e1 T\u00f3b\u00edas son sinn og sag\u00f0i vi\u00f0 hann \u00feegar hann kom: \u201eVeittu m\u00e9r vir\u00f0ulega \u00fatf\u00f6r. Hei\u00f0ra \u00fe\u00fa m\u00f3\u00f0ur \u00fe\u00edna l\u00edka og yfirgef hana aldrei svo lengi sem h\u00fan lifir. Vertu henni \u00fe\u00f3knanlegur og ger\u00f0u aldrei neitt sem veldur henni hrygg\u00f0. <a name=\"4\"><span class=\"versanumer_2007\">4<\/span><\/a> Minnstu \u00feess, barn, a\u00f0 marga h\u00e6ttu lag\u00f0i h\u00fan sig \u00ed \u00fe\u00edn vegna er h\u00fan bar \u00feig \u00ed m\u00f3\u00f0url\u00edfi. \u00deegar h\u00fan deyr skaltu leggja hana vi\u00f0 hli\u00f0 m\u00e9r \u00ed s\u00f6mu gr\u00f6f.<br \/> <a name=\"5\"><span class=\"versanumer_2007\">5<\/span><\/a> Minnstu Drottins alla \u00e6vidaga \u00fe\u00edna, barni\u00f0 mitt. Varastu a\u00f0 syndga og breyta gegn bo\u00f0um Drottins. I\u00f0ka\u00f0u r\u00e9ttl\u00e6ti alla \u00e6vi \u00fe\u00edna og gakktu eigi \u00e1 vegum rangl\u00e6tis. <a name=\"6\"><span class=\"versanumer_2007\">6<\/span><\/a> \u00deeim farnast vel \u00ed \u00f6llum verkum s\u00ednum sem eru hei\u00f0arlegir. \u00d6llum, sem i\u00f0ka r\u00e9ttl\u00e6ti, <a name=\"7\"><span class=\"versanumer_2007\">7<\/span><\/a> skalt \u00fe\u00fa gefa \u00f6lmusur af eigum \u00fe\u00ednum og ekki horfa \u00e1 eftir \u00feeim me\u00f0 eftirsj\u00e1.<span class=\"nedan_mal\" title=\" 7.\u201319. vers vantar \u00ed helstu handrit.\">[<\/span> Sn\u00fa \u00fe\u00fa aldrei baki vi\u00f0 f\u00e1t\u00e6kum svo a\u00f0 Gu\u00f0 sn\u00fai ekki baki vi\u00f0 \u00fe\u00e9r. <a name=\"8\"><span class=\"versanumer_2007\">8<\/span><\/a> Gef\u00f0u eins og efni \u00fe\u00edn leyfa, barni\u00f0 mitt. Ef \u00fe\u00fa \u00e1tt miki\u00f0 \u00fe\u00e1 skalt \u00fe\u00fa nota \u00fea\u00f0 til \u00feess a\u00f0 hj\u00e1lpa \u00f6\u00f0rum. Eigir \u00fe\u00fa l\u00edti\u00f0 skaltu samt mi\u00f0la \u00f6\u00f0rum af \u00fev\u00ed. Vertu ekki hr\u00e6ddur, barni\u00f0 mitt, vi\u00f0 a\u00f0 gefa \u00f6lmusu. <a name=\"9\"><span class=\"versanumer_2007\">9<\/span><\/a> Me\u00f0 \u00fev\u00ed safnar \u00fe\u00fa \u00fe\u00e9r fj\u00e1rsj\u00f3\u00f0i til \u00ferengingart\u00edma. <a name=\"10\"><span class=\"versanumer_2007\">10<\/span><\/a> G\u00f3\u00f0verk frelsa fr\u00e1 dau\u00f0a og varna \u00fev\u00ed a\u00f0 lenda \u00ed myrkri. <a name=\"11\"><span class=\"versanumer_2007\">11<\/span><\/a> \u00deeir sem gera g\u00f3\u00f0verk f\u00e6ra Hinum h\u00e6sta f\u00f3rn sem hann metur mikils.<br \/> <a name=\"12\"><span class=\"versanumer_2007\">12<\/span><\/a> For\u00f0astu, barni\u00f0 mitt, allt \u00f3sk\u00edrl\u00edfi. Gakktu umfram allt a\u00f0 eiga konu af \u00e6tt fe\u00f0ra \u00feinna. Kv\u00e6nstu ekki \u00fatlendri konu sem ekki er af kyni f\u00f6\u00f0ur \u00fe\u00edns. Vi\u00f0 erum ni\u00f0jar sp\u00e1manna. Minnstu, barni\u00f0 mitt, N\u00f3a, Abrahams, \u00cdsaks og Jakobs, fyrstu forfe\u00f0ra okkar. \u00deeir t\u00f3ku s\u00e9r allir konu af eigin \u00e6tt. \u00deess vegna hlutu \u00feeir allir blessun af b\u00f6rnum s\u00ednum og ni\u00f0jar \u00feeirra munu landi\u00f0 erfa. <a name=\"13\"><span class=\"versanumer_2007\">13<\/span><\/a> Elska\u00f0u br\u00e6\u00f0ur \u00fe\u00edna, barni\u00f0 mitt, og au\u00f0s\u00fdndu sonum \u00fej\u00f3\u00f0ar \u00feinnar ekki yfirl\u00e6ti og ekki heldur d\u00e6trum me\u00f0 \u00fev\u00ed a\u00f0 \u00feykjast of g\u00f3\u00f0ur til a\u00f0 kv\u00e6nast \u00feeim. \u00dev\u00ed a\u00f0 hroka fylgir \u00f3g\u00e6fa og r\u00e1\u00f0leysi eins og leti lei\u00f0ir til f\u00e1t\u00e6ktar og umkomuleysis. D\u00e1\u00f0leysi er m\u00f3\u00f0ir hungurs.<br \/> <a name=\"14\"><span class=\"versanumer_2007\">14<\/span><\/a> \u00de\u00fa skalt grei\u00f0a \u00feeim sem starfar hj\u00e1 \u00fe\u00e9r laun s\u00edn samd\u00e6gurs, greiddu honum laun s\u00edn \u00e1n tafar. Ef \u00fe\u00fa \u00fej\u00f3nar Gu\u00f0i ver\u00f0ur \u00fe\u00e9r endurgoldi\u00f0. Haf\u00f0u g\u00e1t \u00e1 \u00f6llum gj\u00f6r\u00f0um \u00fe\u00ednum, barni\u00f0 mitt, og heg\u00f0a\u00f0u \u00fe\u00e9r \u00ed hv\u00edvetna vel. <a name=\"15\"><span class=\"versanumer_2007\">15<\/span><\/a> Ger\u00f0u engum \u00fea\u00f0 sem k\u00e6mi illa vi\u00f0 \u00feig sj\u00e1lfan. Drekktu \u00feig ekki drukkinn af v\u00edni og drykkjuskapur s\u00e9 ekki f\u00f6runautur \u00feinn. <a name=\"16\"><span class=\"versanumer_2007\">16<\/span><\/a> Mi\u00f0la\u00f0u hungru\u00f0um af brau\u00f0i \u00fe\u00ednu og n\u00f6ktum af kl\u00e6\u00f0um \u00fe\u00ednum. Gef\u00f0u allt sem \u00fe\u00fa getur \u00e1n veri\u00f0, barni\u00f0 mitt, og horf\u00f0u ekki \u00e1 eftir gj\u00f6fum \u00fe\u00ednum me\u00f0 eftirsj\u00e1. <a name=\"17\"><span class=\"versanumer_2007\">17<\/span><\/a> Veittu mat og v\u00edn vi\u00f0 greftran r\u00e9ttl\u00e1tra en gef\u00f0u ekki syndurum neitt. <a name=\"18\"><span class=\"versanumer_2007\">18<\/span><\/a> Leita\u00f0u r\u00e1\u00f0a hj\u00e1 vitrum m\u00f6nnum og teldu \u00feig ekki yfir \u00fea\u00f0 hafinn a\u00f0 \u00feiggja nyts\u00f6m r\u00e1\u00f0. <a name=\"19\"><span class=\"versanumer_2007\">19<\/span><\/a> \u00de\u00fa skalt \u00e1vallt lofa Gu\u00f0 og bi\u00f0ja hann a\u00f0 grei\u00f0a g\u00f6tu \u00fe\u00edna og l\u00e1ta allar gj\u00f6r\u00f0ir \u00fe\u00ednar og \u00e1form heppnast. A\u00f0rar \u00fej\u00f3\u00f0ir skortir skilning. \u00dea\u00f0 er Drottinn sj\u00e1lfur sem veitir vitsmuni. Hann upphefur \u00fe\u00e1 sem \u00fe\u00f3knast honum en hann sendir \u00fe\u00e1 sem hann vill ni\u00f0ur til heljar. Minnstu \u00feessara fyrirm\u00e6la, sonur minn, og afm\u00e1 \u00feau aldrei \u00far hjarta \u00fe\u00ednu.<br \/> <a name=\"20\"><span class=\"versanumer_2007\">20<\/span><\/a> En n\u00fa \u00e6tla \u00e9g, barni\u00f0 mitt, a\u00f0 v\u00edsa \u00fe\u00e9r \u00e1 t\u00edu talentur silfurs sem \u00e9g f\u00f3l Gabael Gabrissyni \u00ed Rages \u00ed Med\u00edu til geymslu. <a name=\"21\"><span class=\"versanumer_2007\">21<\/span><\/a> Vertu \u00f3hr\u00e6ddur um \u00fea\u00f0, barni\u00f0 mitt, a\u00f0 vi\u00f0 s\u00e9um f\u00e1t\u00e6kir. \u00de\u00fa \u00e1tt v\u00edsa gn\u00f3tt ef \u00fe\u00fa \u00f3ttast Gu\u00f0 og for\u00f0ast a\u00f0 syndga og gerir \u00fea\u00f0 sem gott er \u00ed augum Drottins, Gu\u00f0s \u00fe\u00edns.\u201c<\/p>\n","protected":false},"excerpt":{"rendered":"<p>T\u00f3b\u00edt gefur T\u00f3b\u00edasi r\u00e1\u00f0 1 \u00deennan sama dag minntist T\u00f3b\u00edt silfursins sem hann haf\u00f0i fali\u00f0 Gabael \u00ed Rages \u00ed Med\u00edu til geymslu. 2 Hann hugsa\u00f0i me\u00f0 s\u00e9r: \u201eN\u00fa hef \u00e9g be\u00f0i\u00f0 um a\u00f0 f\u00e1 a\u00f0 deyja. \u00c6tti \u00e9g \u00fe\u00e1 ekki a\u00f0 kalla \u00e1 T\u00f3b\u00edas son minn og segja honum fr\u00e1 peningunum \u00e1\u00f0ur en \u00e9g dey?\u201c 3 Kalla\u00f0i hann \u00e1 T\u00f3b\u00edas son sinn og sag\u00f0i vi\u00f0 hann \u00feegar hann kom: \u201eVeittu m\u00e9r vir\u00f0ulega \u00fatf\u00f6r. Hei\u00f0ra \u00fe\u00fa m\u00f3\u00f0ur \u00fe\u00edna l\u00edka og yfirgef hana aldrei svo lengi sem h\u00fan lifir. Vertu henni \u00fe\u00f3knanlegur og ger\u00f0u aldrei neitt sem veldur henni hrygg\u00f0. 4 Minnstu <a href=\"https:\/\/biblian.is\/biblian\/tobitsbok-4-kafli\/\"> [&#8230;]<\/a><\/p>\n","protected":false},"author":1,"featured_media":0,"parent":0,"menu_order":0,"comment_status":"open","ping_status":"open","template":"bibliukaflar.php","meta":{"footnotes":""},"class_list":["post-2810","page","type-page","status-publish","hentry"],"_links":{"self":[{"href":"https:\/\/biblian.is\/biblian\/wp-json\/wp\/v2\/pages\/2810","targetHints":{"allow":["GET"]}}],"collection":[{"href":"https:\/\/biblian.is\/biblian\/wp-json\/wp\/v2\/pages"}],"about":[{"href":"https:\/\/biblian.is\/biblian\/wp-json\/wp\/v2\/types\/page"}],"author":[{"embeddable":true,"href":"https:\/\/biblian.is\/biblian\/wp-json\/wp\/v2\/users\/1"}],"replies":[{"embeddable":true,"href":"https:\/\/biblian.is\/biblian\/wp-json\/wp\/v2\/comments?post=2810"}],"version-history":[{"count":0,"href":"https:\/\/biblian.is\/biblian\/wp-json\/wp\/v2\/pages\/2810\/revisions"}],"wp:attachment":[{"href":"https:\/\/biblian.is\/biblian\/wp-json\/wp\/v2\/media?parent=2810"}],"curies":[{"name":"wp","href":"https:\/\/api.w.org\/{rel}","templated":true}]}}