{"id":2805,"date":"2017-12-30T21:04:44","date_gmt":"2017-12-30T21:04:44","guid":{"rendered":"http:\/\/biblian.is\/biblian\/opinberunarb%c2%97kin-21-kafli\/"},"modified":"2019-08-26T23:31:19","modified_gmt":"2019-08-26T23:31:19","slug":"opinberunarbok-johannesar-21-kafli","status":"publish","type":"page","link":"https:\/\/biblian.is\/biblian\/opinberunarbok-johannesar-21-kafli\/","title":{"rendered":"Opinberunarb\u00f3k J\u00f3hannesar 21. kafli"},"content":{"rendered":"<h3 class=\"millifyrirsogn_2007\"> N\u00fdr himinn, n\u00fd j\u00f6r\u00f0<\/h3>\n<p><a name=\"1\"><span class=\"versanumer_2007\">1<\/span><\/a> Og \u00e9g s\u00e1 n\u00fdjan himin og n\u00fdja j\u00f6r\u00f0 \u00fev\u00ed a\u00f0 hinn fyrri himinn og hin fyrri j\u00f6r\u00f0 voru horfin og hafi\u00f0 var ekki framar til. <a name=\"2\"><span class=\"versanumer_2007\">2<\/span><\/a> Og \u00e9g s\u00e1 borgina helgu, n\u00fdja Jer\u00fasalem, st\u00edga ni\u00f0ur af himni fr\u00e1 Gu\u00f0i, b\u00fana sem br\u00fa\u00f0i er skartar fyrir manni s\u00ednum. <a name=\"3\"><span class=\"versanumer_2007\">3<\/span><\/a> Og \u00e9g heyr\u00f0i raust mikla fr\u00e1 h\u00e1s\u00e6tinu er sag\u00f0i: \u201eSj\u00e1, tjaldb\u00fa\u00f0 Gu\u00f0s er me\u00f0al mannanna og hann mun b\u00faa hj\u00e1 \u00feeim og \u00feeir munu vera f\u00f3lk hans og Gu\u00f0 sj\u00e1lfur mun vera hj\u00e1 \u00feeim, Gu\u00f0 \u00feeirra. <a name=\"4\"><span class=\"versanumer_2007\">4<\/span><\/a> Og hann mun \u00feerra hvert t\u00e1r af augum \u00feeirra. Og dau\u00f0inn mun ekki framar til vera, hvorki harmur n\u00e9 vein n\u00e9 kv\u00f6l er framar til. Hi\u00f0 fyrra er fari\u00f0.\u201c <br \/> <a name=\"5\"><span class=\"versanumer_2007\">5<\/span><\/a> S\u00e1 sem \u00ed h\u00e1s\u00e6tinu sat sag\u00f0i: \u201eSj\u00e1, \u00e9g geri alla hluti n\u00fdja,\u201c og hann segir: \u201eRita \u00fe\u00fa, \u00fev\u00ed a\u00f0 \u00feetta eru or\u00f0in tr\u00fau og s\u00f6nnu.\u201c <a name=\"6\"><span class=\"versanumer_2007\">6<\/span><\/a> Og hann sag\u00f0i vi\u00f0 mig: \u201e\u00dea\u00f0 er fram komi\u00f0. \u00c9g er Alfa og \u00d3mega,<span class=\"nedan_mal\" title=\" Sj\u00e1 Opb 1.8.\">[<\/span> upphafi\u00f0 og endirinn. \u00c9g mun gefa \u00feeim \u00f3keypis, sem \u00feyrstur er, af lind l\u00edfsins vatns. <a name=\"7\"><span class=\"versanumer_2007\">7<\/span><\/a> S\u00e1 er sigrar mun erfa \u00feetta og \u00e9g mun vera hans Gu\u00f0 og hann mun vera mitt barn. <a name=\"8\"><span class=\"versanumer_2007\">8<\/span><\/a> En sta\u00f0ur er b\u00fainn \u00ed d\u00edkinu sem logar af eldi og brennisteini hugdeigum og vantr\u00fau\u00f0um, vi\u00f0urstyggilegum og manndr\u00e1purum, frillul\u00edfism\u00f6nnum og t\u00f6fram\u00f6nnum, skur\u00f0go\u00f0ad\u00fdrkendum og \u00f6llum lygurum. \u00dea\u00f0 er hinn annar dau\u00f0i.\u201c<\/p>\n<h3 class=\"millifyrirsogn_2007\">N\u00fd Jer\u00fasalem<\/h3>\n<p><a name=\"9\"><span class=\"versanumer_2007\">9<\/span><\/a> N\u00fa kom einn af englunum sj\u00f6, sem h\u00e9ldu \u00e1 sk\u00e1lunum sj\u00f6, sem fullar voru af s\u00ed\u00f0ustu pl\u00e1gunum sj\u00f6, og tala\u00f0i vi\u00f0 mig og sag\u00f0i: \u201eKom hinga\u00f0 og \u00e9g mun s\u00fdna \u00fe\u00e9r br\u00fa\u00f0ina, eiginkonu lambsins.\u201c <a name=\"10\"><span class=\"versanumer_2007\">10<\/span><\/a> Og hann flutti mig \u00ed anda upp \u00e1 miki\u00f0 og h\u00e1tt fjall og s\u00fdndi m\u00e9r borgina helgu, Jer\u00fasalem, sem steig ni\u00f0ur af himni fr\u00e1 Gu\u00f0i. <a name=\"11\"><span class=\"versanumer_2007\">11<\/span><\/a> H\u00fan haf\u00f0i d\u00fdr\u00f0 Gu\u00f0s. Lj\u00f3mi hennar var l\u00edkur d\u00fdrasta steini, sem jaspissteinn kristalsk\u00e6r. <a name=\"12\"><span class=\"versanumer_2007\">12<\/span><\/a> H\u00fan haf\u00f0i mikinn og h\u00e1an m\u00far og t\u00f3lf hli\u00f0 og vi\u00f0 hli\u00f0in st\u00f3\u00f0u t\u00f3lf englar og n\u00f6fn \u00feeirra t\u00f3lf kynkv\u00edsla \u00cdsraelsmanna voru ritu\u00f0 \u00e1 hli\u00f0in t\u00f3lf. <a name=\"13\"><span class=\"versanumer_2007\">13<\/span><\/a> M\u00f3ti austri voru \u00ferj\u00fa hli\u00f0, m\u00f3ti nor\u00f0ri \u00ferj\u00fa hli\u00f0, m\u00f3ti su\u00f0ri \u00ferj\u00fa hli\u00f0 og m\u00f3ti vestri \u00ferj\u00fa hli\u00f0. <a name=\"14\"><span class=\"versanumer_2007\">14<\/span><\/a> Og m\u00far borgarinnar haf\u00f0i t\u00f3lf undirst\u00f6\u00f0usteina og \u00e1 \u00feeim n\u00f6fn hinna t\u00f3lf postula lambsins. <br \/> <a name=\"15\"><span class=\"versanumer_2007\">15<\/span><\/a> Og s\u00e1 sem vi\u00f0 mig tala\u00f0i h\u00e9lt \u00e1 gullkvar\u00f0a til a\u00f0 m\u00e6la borgina, hli\u00f0 hennar og m\u00far. <a name=\"16\"><span class=\"versanumer_2007\">16<\/span><\/a> Borgin liggur \u00ed ferhyrning, j\u00f6fn \u00e1 lengd og breidd. Og hann m\u00e6ldi borgina me\u00f0 kvar\u00f0anum og var h\u00fan t\u00f3lf \u00fe\u00fasund skei\u00f0. Lengd hennar og breidd og h\u00e6\u00f0 voru jafnar. <a name=\"17\"><span class=\"versanumer_2007\">17<\/span><\/a> Og hann m\u00e6ldi m\u00far hennar. Eftir kvar\u00f0a manns, sem engillinn nota\u00f0i l\u00edka, var hann hundra\u00f0 fj\u00f6rut\u00edu og fj\u00f3rar \u00e1lnir. <a name=\"18\"><span class=\"versanumer_2007\">18<\/span><\/a> M\u00far hennar var bygg\u00f0ur af jaspis og borgin af sk\u00edra gulli, sem sk\u00e6rt gler v\u00e6ri. <a name=\"19\"><span class=\"versanumer_2007\">19<\/span><\/a> Undirst\u00f6\u00f0usteinar borgarm\u00farsins voru skreyttir alls konar gimsteinum. Fyrsti undirst\u00f6\u00f0usteinninn var jaspis, annar saf\u00edr, \u00feri\u00f0ji kalsed\u00f3n, fj\u00f3r\u00f0i smarag\u00f0ur, <a name=\"20\"><span class=\"versanumer_2007\">20<\/span><\/a> fimmti sard\u00f3nyx, sj\u00f6tti sardis, sj\u00f6undi kr\u00fds\u00f3l\u00edt, \u00e1ttundi beryll, n\u00edundi t\u00f3pas, t\u00edundi kr\u00fds\u00f3pras, ellefti h\u00fdasint, t\u00f3lfti amet\u00fdst. <a name=\"21\"><span class=\"versanumer_2007\">21<\/span><\/a> Og hli\u00f0in t\u00f3lf voru t\u00f3lf perlur og hvert hli\u00f0 \u00far einni perlu. Og str\u00e6ti borgarinnar var af sk\u00edru gulli, sem gagns\u00e6tt gler. <br \/> <a name=\"22\"><span class=\"versanumer_2007\">22<\/span><\/a> \u00c9g s\u00e1 ekki musteri \u00ed henni \u00fev\u00ed a\u00f0 Drottinn Gu\u00f0, hinn alvaldi, er musteri hennar og lambi\u00f0. <a name=\"23\"><span class=\"versanumer_2007\">23<\/span><\/a> Og borgin \u00fearf hvorki s\u00f3lar vi\u00f0 n\u00e9 tungls til a\u00f0 l\u00fdsa s\u00e9r \u00fev\u00ed a\u00f0 d\u00fdr\u00f0 Gu\u00f0s sk\u00edn \u00e1 hana og lambi\u00f0 er lampi hennar. <a name=\"24\"><span class=\"versanumer_2007\">24<\/span><\/a> Og \u00fej\u00f3\u00f0irnar munu ganga \u00ed lj\u00f3si hennar og konungar jar\u00f0arinnar f\u00e6ra henni au\u00f0\u00e6fi s\u00edn. <a name=\"25\"><span class=\"versanumer_2007\">25<\/span><\/a> Hli\u00f0um hennar ver\u00f0ur ekki loka\u00f0 um daga \u00fev\u00ed a\u00f0 \u00fear mun aldrei koma n\u00f3tt. <a name=\"26\"><span class=\"versanumer_2007\">26<\/span><\/a> D\u00fdr\u00f0 og vegsemd \u00fej\u00f3\u00f0anna mun flytjast \u00feanga\u00f0. <a name=\"27\"><span class=\"versanumer_2007\">27<\/span><\/a> Ekkert \u00f3hreint, enginn sem fremur vi\u00f0urstygg\u00f0 e\u00f0a fer me\u00f0 lygi mun koma \u00feanga\u00f0 inn heldur \u00feeir einir sem rita\u00f0ir eru \u00ed l\u00edfsins b\u00f3k, b\u00f3k lambsins. <\/p>\n","protected":false},"excerpt":{"rendered":"<p>N\u00fdr himinn, n\u00fd j\u00f6r\u00f0 1 Og \u00e9g s\u00e1 n\u00fdjan himin og n\u00fdja j\u00f6r\u00f0 \u00fev\u00ed a\u00f0 hinn fyrri himinn og hin fyrri j\u00f6r\u00f0 voru horfin og hafi\u00f0 var ekki framar til. 2 Og \u00e9g s\u00e1 borgina helgu, n\u00fdja Jer\u00fasalem, st\u00edga ni\u00f0ur af himni fr\u00e1 Gu\u00f0i, b\u00fana sem br\u00fa\u00f0i er skartar fyrir manni s\u00ednum. 3 Og \u00e9g heyr\u00f0i raust mikla fr\u00e1 h\u00e1s\u00e6tinu er sag\u00f0i: \u201eSj\u00e1, tjaldb\u00fa\u00f0 Gu\u00f0s er me\u00f0al mannanna og hann mun b\u00faa hj\u00e1 \u00feeim og \u00feeir munu vera f\u00f3lk hans og Gu\u00f0 sj\u00e1lfur mun vera hj\u00e1 \u00feeim, Gu\u00f0 \u00feeirra. 4 Og hann mun \u00feerra hvert t\u00e1r af augum \u00feeirra. Og <a href=\"https:\/\/biblian.is\/biblian\/opinberunarbok-johannesar-21-kafli\/\"> [&#8230;]<\/a><\/p>\n","protected":false},"author":1,"featured_media":0,"parent":0,"menu_order":0,"comment_status":"open","ping_status":"open","template":"bibliukaflar_NT.php","meta":{"footnotes":""},"class_list":["post-2805","page","type-page","status-publish","hentry"],"_links":{"self":[{"href":"https:\/\/biblian.is\/biblian\/wp-json\/wp\/v2\/pages\/2805","targetHints":{"allow":["GET"]}}],"collection":[{"href":"https:\/\/biblian.is\/biblian\/wp-json\/wp\/v2\/pages"}],"about":[{"href":"https:\/\/biblian.is\/biblian\/wp-json\/wp\/v2\/types\/page"}],"author":[{"embeddable":true,"href":"https:\/\/biblian.is\/biblian\/wp-json\/wp\/v2\/users\/1"}],"replies":[{"embeddable":true,"href":"https:\/\/biblian.is\/biblian\/wp-json\/wp\/v2\/comments?post=2805"}],"version-history":[{"count":0,"href":"https:\/\/biblian.is\/biblian\/wp-json\/wp\/v2\/pages\/2805\/revisions"}],"wp:attachment":[{"href":"https:\/\/biblian.is\/biblian\/wp-json\/wp\/v2\/media?parent=2805"}],"curies":[{"name":"wp","href":"https:\/\/api.w.org\/{rel}","templated":true}]}}