{"id":2792,"date":"2017-12-30T21:04:39","date_gmt":"2017-12-30T21:04:39","guid":{"rendered":"http:\/\/biblian.is\/biblian\/opinberunarb%c2%97kin-8-kafli\/"},"modified":"2019-08-26T23:31:20","modified_gmt":"2019-08-26T23:31:20","slug":"opinberunarbok-johannesar-8-kafli","status":"publish","type":"page","link":"https:\/\/biblian.is\/biblian\/opinberunarbok-johannesar-8-kafli\/","title":{"rendered":"Opinberunarb\u00f3k J\u00f3hannesar 8. kafli"},"content":{"rendered":"<h3 class=\"millifyrirsogn_2007\"> Sj\u00f6unda innsigli\u00f0<\/h3>\n<p><a name=\"1\"><span class=\"versanumer_2007\">1<\/span><\/a> \u00deegar lambi\u00f0 lauk upp sj\u00f6unda innsiglinu var\u00f0 \u00fe\u00f6gn \u00e1 himni h\u00e9r um bil h\u00e1lfa stund. <a name=\"2\"><span class=\"versanumer_2007\">2<\/span><\/a> Og \u00e9g s\u00e1 a\u00f0 englunum sj\u00f6, sem st\u00f3\u00f0u frammi fyrir Gu\u00f0i, voru fengnar sj\u00f6 b\u00e1s\u00fanur. <br \/> <a name=\"3\"><span class=\"versanumer_2007\">3<\/span><\/a> Og annar engill kom og nam sta\u00f0ar vi\u00f0 altari\u00f0. Hann h\u00e9lt \u00e1 reykelsiskeri \u00far gulli. Honum var fengi\u00f0 miki\u00f0 reykelsi til \u00feess a\u00f0 hann skyldi leggja \u00fea\u00f0 vi\u00f0 b\u00e6nir allra hinna heil\u00f6gu \u00e1 gullaltari\u00f0 frammi fyrir h\u00e1s\u00e6tinu. <a name=\"4\"><span class=\"versanumer_2007\">4<\/span><\/a> Og reykurinn af reykelsinu steig upp me\u00f0 b\u00e6num hinna heil\u00f6gu \u00far hendi engilsins frammi fyrir Gu\u00f0i. <a name=\"5\"><span class=\"versanumer_2007\">5<\/span><\/a> \u00de\u00e1 t\u00f3k engillinn reykelsiskeri\u00f0 og fyllti \u00fea\u00f0 me\u00f0 gl\u00f3\u00f0um af altarinu og varpa\u00f0i ofan \u00e1 j\u00f6r\u00f0ina. Ur\u00f0u \u00fe\u00e1 \u00ferumur, dunur og eldingar og jar\u00f0skj\u00e1lfti. <\/p>\n<h3 class=\"millifyrirsogn_2007\">B\u00e1s\u00fanur<\/h3>\n<p><a name=\"6\"><span class=\"versanumer_2007\">6<\/span><\/a> Og englarnir sj\u00f6, sem h\u00e9ldu \u00e1 b\u00e1s\u00fanunum sj\u00f6, bjuggu sig til a\u00f0 bl\u00e1sa. <br \/> <a name=\"7\"><span class=\"versanumer_2007\">7<\/span><\/a> Hinn fyrsti b\u00e1s\u00fana\u00f0i. \u00de\u00e1 var\u00f0 hagl og eldur, bl\u00f3\u00f0i blanda\u00f0, og \u00fev\u00ed var varpa\u00f0 ofan \u00e1 j\u00f6r\u00f0ina. \u00deri\u00f0jungur jar\u00f0arinnar eyddist \u00ed loga og \u00feri\u00f0jungur trj\u00e1nna og allt gr\u00e6ngresi. <br \/> <a name=\"8\"><span class=\"versanumer_2007\">8<\/span><\/a> Annar engillinn b\u00e1s\u00fana\u00f0i. \u00de\u00e1 var sem miklu fjalli, logandi af eldi, v\u00e6ri varpa\u00f0 \u00ed hafi\u00f0. \u00deri\u00f0jungur hafsins breyttist \u00ed bl\u00f3\u00f0. <a name=\"9\"><span class=\"versanumer_2007\">9<\/span><\/a> D\u00f3 \u00fe\u00e1 \u00feri\u00f0jungur l\u00edfvera \u00ed hafinu og \u00feri\u00f0jungur skipanna f\u00f3rst. <br \/> <a name=\"10\"><span class=\"versanumer_2007\">10<\/span><\/a> \u00deri\u00f0ji engillinn b\u00e1s\u00fana\u00f0i. \u00de\u00e1 f\u00e9ll st\u00f3r stjarna af himni, logandi sem blys. H\u00fan f\u00e9ll ofan \u00e1 \u00feri\u00f0jung flj\u00f3tanna og \u00e1 uppt\u00f6k vatnanna. <a name=\"11\"><span class=\"versanumer_2007\">11<\/span><\/a> Nafn stj\u00f6rnunnar er Remma. \u00deri\u00f0jungur vatnanna var\u00f0 rammur og margir menn bi\u00f0u bana af v\u00f6tnunum af \u00fev\u00ed a\u00f0 \u00feau voru or\u00f0in beisk. <br \/> <a name=\"12\"><span class=\"versanumer_2007\">12<\/span><\/a> Fj\u00f3r\u00f0i engillinn b\u00e1s\u00fana\u00f0i. \u00de\u00e1 var\u00f0 \u00feri\u00f0jungur s\u00f3larinnar, \u00feri\u00f0jungur tunglsins og \u00feri\u00f0jungur stjarnanna lostinn svo a\u00f0 \u00feau myrkvu\u00f0ust um \u00feri\u00f0jung, dagurinn missti \u00feri\u00f0jung birtu sinnar og n\u00f3ttin hi\u00f0 sama. <br \/> <a name=\"13\"><span class=\"versanumer_2007\">13<\/span><\/a> \u00de\u00e1 leit \u00e9g upp og heyr\u00f0i \u00f6rn einn flj\u00faga um h\u00e1hvolf himins. Hann kalla\u00f0i h\u00e1rri r\u00f6ddu: \u201eVei, vei, vei \u00feeim sem \u00e1 j\u00f6r\u00f0u b\u00faa vegna l\u00fa\u00f0ur\u00feyts englanna \u00feriggja sem eiga eftir a\u00f0 b\u00e1s\u00fana.\u201c<\/p>\n","protected":false},"excerpt":{"rendered":"<p>Sj\u00f6unda innsigli\u00f0 1 \u00deegar lambi\u00f0 lauk upp sj\u00f6unda innsiglinu var\u00f0 \u00fe\u00f6gn \u00e1 himni h\u00e9r um bil h\u00e1lfa stund. 2 Og \u00e9g s\u00e1 a\u00f0 englunum sj\u00f6, sem st\u00f3\u00f0u frammi fyrir Gu\u00f0i, voru fengnar sj\u00f6 b\u00e1s\u00fanur. 3 Og annar engill kom og nam sta\u00f0ar vi\u00f0 altari\u00f0. Hann h\u00e9lt \u00e1 reykelsiskeri \u00far gulli. Honum var fengi\u00f0 miki\u00f0 reykelsi til \u00feess a\u00f0 hann skyldi leggja \u00fea\u00f0 vi\u00f0 b\u00e6nir allra hinna heil\u00f6gu \u00e1 gullaltari\u00f0 frammi fyrir h\u00e1s\u00e6tinu. 4 Og reykurinn af reykelsinu steig upp me\u00f0 b\u00e6num hinna heil\u00f6gu \u00far hendi engilsins frammi fyrir Gu\u00f0i. 5 \u00de\u00e1 t\u00f3k engillinn reykelsiskeri\u00f0 og fyllti \u00fea\u00f0 me\u00f0 gl\u00f3\u00f0um af <a href=\"https:\/\/biblian.is\/biblian\/opinberunarbok-johannesar-8-kafli\/\"> [&#8230;]<\/a><\/p>\n","protected":false},"author":1,"featured_media":0,"parent":0,"menu_order":0,"comment_status":"open","ping_status":"open","template":"bibliukaflar_NT.php","meta":{"footnotes":""},"class_list":["post-2792","page","type-page","status-publish","hentry"],"_links":{"self":[{"href":"https:\/\/biblian.is\/biblian\/wp-json\/wp\/v2\/pages\/2792","targetHints":{"allow":["GET"]}}],"collection":[{"href":"https:\/\/biblian.is\/biblian\/wp-json\/wp\/v2\/pages"}],"about":[{"href":"https:\/\/biblian.is\/biblian\/wp-json\/wp\/v2\/types\/page"}],"author":[{"embeddable":true,"href":"https:\/\/biblian.is\/biblian\/wp-json\/wp\/v2\/users\/1"}],"replies":[{"embeddable":true,"href":"https:\/\/biblian.is\/biblian\/wp-json\/wp\/v2\/comments?post=2792"}],"version-history":[{"count":0,"href":"https:\/\/biblian.is\/biblian\/wp-json\/wp\/v2\/pages\/2792\/revisions"}],"wp:attachment":[{"href":"https:\/\/biblian.is\/biblian\/wp-json\/wp\/v2\/media?parent=2792"}],"curies":[{"name":"wp","href":"https:\/\/api.w.org\/{rel}","templated":true}]}}