{"id":2788,"date":"2017-12-30T21:04:39","date_gmt":"2017-12-30T21:04:39","guid":{"rendered":"http:\/\/biblian.is\/biblian\/opinberunarb%c2%97kin-4-kafli\/"},"modified":"2019-08-26T23:31:19","modified_gmt":"2019-08-26T23:31:19","slug":"opinberunarbok-johannesar-4-kafli","status":"publish","type":"page","link":"https:\/\/biblian.is\/biblian\/opinberunarbok-johannesar-4-kafli\/","title":{"rendered":"Opinberunarb\u00f3k J\u00f3hannesar 4. kafli"},"content":{"rendered":"<h3 class=\"millifyrirsogn_2007\"> Tilbei\u00f0sla \u00e1 himnum<\/h3>\n<p><a name=\"1\"><span class=\"versanumer_2007\">1<\/span><\/a> Eftir \u00feetta s\u00e1 \u00e9g, og sj\u00e1: Opnar dyr \u00e1 himninum og raustin, sem hlj\u00f3ma\u00f0i sem l\u00fa\u00f0ur gylli og \u00e9g haf\u00f0i heyrt \u00e1\u00f0ur, sag\u00f0i vi\u00f0 mig: \u201eSt\u00edg upp hinga\u00f0 og \u00e9g mun s\u00fdna \u00fe\u00e9r \u00fea\u00f0 sem ver\u00f0a \u00e1 eftir \u00feetta.\u201c <a name=\"2\"><span class=\"versanumer_2007\">2<\/span><\/a> Jafnskj\u00f3tt var \u00e9g hrifinn \u00ed anda. \u00dear st\u00f3\u00f0 h\u00e1s\u00e6ti \u00e1 himni og einhver sat \u00ed \u00fev\u00ed <a name=\"3\"><span class=\"versanumer_2007\">3<\/span><\/a> sem var \u00e1s\u00fdndum l\u00edkur jaspissteini og sardissteini og regnbogi var kringum h\u00e1s\u00e6ti\u00f0 sem smarag\u00f0ur \u00e1 a\u00f0 sj\u00e1. <a name=\"4\"><span class=\"versanumer_2007\">4<\/span><\/a> Umhverfis h\u00e1s\u00e6ti\u00f0 voru tuttugu og fj\u00f6gur h\u00e1s\u00e6ti. \u00cd \u00feeim s\u00e1tu tuttugu og fj\u00f3rir \u00f6ldungar skr\u00fdddir hv\u00edtum kl\u00e6\u00f0um og voru gullk\u00f3r\u00f3nur \u00e1 h\u00f6f\u00f0um \u00feeirra. <a name=\"5\"><span class=\"versanumer_2007\">5<\/span><\/a> \u00dat fr\u00e1 h\u00e1s\u00e6tinu gengu eldingar, dunur og \u00ferumur og sj\u00f6 eldblys brunnu frammi fyrir h\u00e1s\u00e6tinu. \u00dea\u00f0 eru \u00feeir sj\u00f6 andar Gu\u00f0s. <a name=\"6\"><span class=\"versanumer_2007\">6<\/span><\/a> Og frammi fyrir h\u00e1s\u00e6tinu var sem glerhaf, l\u00edkt kristalli. <br \/>Fyrir mi\u00f0ju h\u00e1s\u00e6tinu og umhverfis h\u00e1s\u00e6ti\u00f0 voru fj\u00f3rar verur alsettar augum \u00ed bak og fyrir. <a name=\"7\"><span class=\"versanumer_2007\">7<\/span><\/a> Fyrsta veran var l\u00edk lj\u00f3ni, \u00f6nnur veran l\u00edk uxa, \u00feri\u00f0ja veran haf\u00f0i \u00e1sj\u00f3nu sem ma\u00f0ur og fj\u00f3r\u00f0a veran var l\u00edk flj\u00fagandi erni. <a name=\"8\"><span class=\"versanumer_2007\">8<\/span><\/a> Verurnar fj\u00f3rar h\u00f6f\u00f0u hver um sig sex v\u00e6ngi og voru alsettar augum, allt um kring og a\u00f0 innanver\u00f0u. Dag og n\u00f3tt syngja \u00fe\u00e6r \u00e1n afl\u00e1ts: <br \/> <span class=\"ljodatexti\"> Heilagur, heilagur, heilagur, <br \/>Drottinn Gu\u00f0, hinn alvaldi, <br \/>hann sem var og er og kemur. <\/span> <br \/> <a name=\"9\"><span class=\"versanumer_2007\">9<\/span><\/a> \u00deegar verurnar vegsama, hei\u00f0ra og \u00feakka honum, sem \u00ed h\u00e1s\u00e6tinu situr og lifir um aldir alda, <a name=\"10\"><span class=\"versanumer_2007\">10<\/span><\/a> \u00fe\u00e1 falla \u00f6ldungarnir tuttugu og fj\u00f3rir ni\u00f0ur frammi fyrir honum, sem \u00ed h\u00e1s\u00e6tinu situr, og tilbi\u00f0ja hann, sem lifir um aldir alda, og varpa k\u00f3r\u00f3num s\u00ednum ni\u00f0ur fyrir h\u00e1s\u00e6tinu og segja: <br \/> <span class=\"ljodatexti\"> <a name=\"11\"><span class=\"versanumer_ljod\">11<\/span><\/a>Ver\u00f0ur ert \u00fe\u00fa, Drottinn vor og Gu\u00f0, <br \/>a\u00f0 f\u00e1 d\u00fdr\u00f0ina og hei\u00f0urinn og m\u00e1ttinn <br \/>\u00fev\u00ed a\u00f0 \u00fe\u00fa hefur skapa\u00f0 alla hluti <br \/>og a\u00f0 \u00fe\u00ednum vilja ur\u00f0u \u00feeir til og voru skapa\u00f0ir. <\/span> <\/p>\n","protected":false},"excerpt":{"rendered":"<p>Tilbei\u00f0sla \u00e1 himnum 1 Eftir \u00feetta s\u00e1 \u00e9g, og sj\u00e1: Opnar dyr \u00e1 himninum og raustin, sem hlj\u00f3ma\u00f0i sem l\u00fa\u00f0ur gylli og \u00e9g haf\u00f0i heyrt \u00e1\u00f0ur, sag\u00f0i vi\u00f0 mig: \u201eSt\u00edg upp hinga\u00f0 og \u00e9g mun s\u00fdna \u00fe\u00e9r \u00fea\u00f0 sem ver\u00f0a \u00e1 eftir \u00feetta.\u201c 2 Jafnskj\u00f3tt var \u00e9g hrifinn \u00ed anda. \u00dear st\u00f3\u00f0 h\u00e1s\u00e6ti \u00e1 himni og einhver sat \u00ed \u00fev\u00ed 3 sem var \u00e1s\u00fdndum l\u00edkur jaspissteini og sardissteini og regnbogi var kringum h\u00e1s\u00e6ti\u00f0 sem smarag\u00f0ur \u00e1 a\u00f0 sj\u00e1. 4 Umhverfis h\u00e1s\u00e6ti\u00f0 voru tuttugu og fj\u00f6gur h\u00e1s\u00e6ti. \u00cd \u00feeim s\u00e1tu tuttugu og fj\u00f3rir \u00f6ldungar skr\u00fdddir hv\u00edtum kl\u00e6\u00f0um og voru gullk\u00f3r\u00f3nur \u00e1 <a href=\"https:\/\/biblian.is\/biblian\/opinberunarbok-johannesar-4-kafli\/\"> [&#8230;]<\/a><\/p>\n","protected":false},"author":1,"featured_media":0,"parent":0,"menu_order":0,"comment_status":"open","ping_status":"open","template":"bibliukaflar_NT.php","meta":{"footnotes":""},"class_list":["post-2788","page","type-page","status-publish","hentry"],"_links":{"self":[{"href":"https:\/\/biblian.is\/biblian\/wp-json\/wp\/v2\/pages\/2788","targetHints":{"allow":["GET"]}}],"collection":[{"href":"https:\/\/biblian.is\/biblian\/wp-json\/wp\/v2\/pages"}],"about":[{"href":"https:\/\/biblian.is\/biblian\/wp-json\/wp\/v2\/types\/page"}],"author":[{"embeddable":true,"href":"https:\/\/biblian.is\/biblian\/wp-json\/wp\/v2\/users\/1"}],"replies":[{"embeddable":true,"href":"https:\/\/biblian.is\/biblian\/wp-json\/wp\/v2\/comments?post=2788"}],"version-history":[{"count":0,"href":"https:\/\/biblian.is\/biblian\/wp-json\/wp\/v2\/pages\/2788\/revisions"}],"wp:attachment":[{"href":"https:\/\/biblian.is\/biblian\/wp-json\/wp\/v2\/media?parent=2788"}],"curies":[{"name":"wp","href":"https:\/\/api.w.org\/{rel}","templated":true}]}}